deformed-offering

NOAA-style climate reports

2018: Jan | Feb | Mar | Apr | May | Jun | Jul | Aug | Sep | Oct | Nov | Dec 
2017: Jan | Feb | Mar | Apr | May | Jun | Jul | Aug | Sep | Oct | Nov | Dec 
2016: Jan | Feb | Mar | Apr | May | Jun | Jul | Aug | Sep | Oct | Nov | Dec 
2015: Jan | Feb | Mar | Apr | May | Jun | Jul | Aug | Sep | Oct | Nov | Dec 
2014: Jan | Feb | Mar | Apr | May | Jun | Jul | Aug | Sep | Oct | Nov | Dec 
2013: Jan | Feb | Mar | Apr | May | Jun | Jul | Aug | Sep | Oct | Nov | Dec 
2012: Jan | Feb | Mar | Apr | May | Jun | Jul | Aug | Sep | Oct | Nov | Dec 
2011: Jan | Feb | Mar | Apr | May | Jun | Jul | Aug | Sep | Oct | Nov | Dec 
2010: Jan | Feb | Mar | Apr | May | Jun | Jul | Aug | Sep | Oct | Nov | Dec 
2009: Jan | Feb | Mar | Apr | May | Jun | Jul | Aug | Sep | Oct | Nov | Dec 
2008: Jan | Feb | Mar | Apr | May | Jun | Jul | Aug | Sep | Oct | Nov | Dec 
2007: Jan | Feb | Mar | Apr | May | Jun | Jul | Aug | Sep | Oct | Nov | Dec 
2006: Jan | Feb | Mar | Apr | May | Jun | Jul | Aug | Sep | Oct | Nov | Dec 
2005: Jan | Feb | Mar | Apr | May | Jun | Jul | Aug | Sep | Oct | Nov | Dec 
2004: Jan | Feb | Mar | Apr | May | Jun | Jul | Aug | Sep | Oct | Nov | Dec 

Report for 2006 09
MONTHLY CLIMATOLOGICAL SUMMARY for SEP. 2006 NAME: KCASARAT1 CITY: Saratoga STATE: CA ELEV: 375 ft LAT: 37 16' 28" N LONG: 122 01' 23" W TEMPERATURE (F), RAIN (in), WIND SPEED (mph) HEAT COOL AVG MEAN DEG DEG WIND DOM DAY TEMP HIGH TIME LOW TIME DAYS DAYS RAIN SPEED HIGH TIME DIR ------------------------------------------------------------------------------------ 1 67.6 83.2 2:55p 56.3 4:10a 2.7 5.3 0.00 0.7 11.0 1:00p N 2 64.3 76.5 4:15p 57.0 12:35a 3.5 2.8 0.00 0.9 11.0 1:35p N 3 63.0 76.0 2:05p 57.5 6:20a 3.9 1.9 0.00 0.9 12.0 4:35p NNE 4 63.6 77.6 2:55p 56.5 6:25a 4.2 2.7 0.00 0.7 10.0 1:30p N 5 67.4 88.0 3:40p 52.2 4:05a 4.1 6.5 0.00 0.4 8.0 3:05p N 6 66.4 87.0 4:05p 54.4 7:15a 4.1 5.5 0.00 0.5 7.0 1:40p NW 7 65.2 83.8 2:05p 52.2 4:25a 4.6 4.8 0.00 0.7 10.0 3:30p N 8 61.5 73.2 3:45p 53.8 12:00m 4.9 1.4 0.00 1.5 20.0 12:00p ESE 9 60.7 77.2 1:25p 48.3 6:40a 6.3 2.1 0.00 1.1 12.0 2:15p N 10 65.7 80.7 3:10p 56.9 5:00a 3.3 4.0 0.00 0.6 12.0 4:00p N 11 69.8 91.4 4:05p 52.6 6:35a 3.4 8.2 0.00 0.6 8.0 12:45p NNW 12 75.1 99.0 3:45p 56.5 6:25a 1.6 11.7 0.00 0.8 14.0 4:25p NW 13 68.8 87.0 2:15p 55.3 7:05a 2.6 6.4 0.00 0.6 8.0 1:25p N 14 62.6 75.4 3:10p 52.2 6:55a 4.9 2.5 0.00 1.0 14.0 2:20p E 15 59.8 72.1 1:30p 51.1 2:15a 6.3 1.1 0.00 1.9 20.0 12:15p NW 16 60.9 78.3 3:30p 46.0 6:40a 7.3 3.2 0.00 1.0 12.0 1:05p NW 17 67.3 87.4 3:20p 49.4 6:55a 4.9 7.3 0.00 0.8 13.0 2:15p NW 18 67.8 87.2 2:40p 53.5 6:50a 3.4 6.1 0.00 0.6 11.0 3:05p N 19 63.2 81.1 1:40p 52.2 6:55a 5.0 3.2 0.00 0.8 14.0 2:10p ENE 20 65.6 84.1 3:15p 50.7 4:15a 4.9 5.5 0.00 1.0 14.0 2:50p NW 21 67.2 83.2 2:30p 53.1 6:15a 3.5 5.7 0.00 1.0 12.0 4:10p N 22 65.7 79.9 2:45p 51.3 7:05a 3.9 4.6 0.00 0.9 14.0 1:40p NW 23 64.6 84.7 3:35p 49.8 6:40a 5.5 5.1 0.00 0.7 12.0 2:10p NNW 24 64.8 84.1 3:50p 49.6 7:05a 5.2 5.0 0.00 0.6 11.0 5:10p N 25 68.5 90.7 4:00p 50.5 6:25a 4.4 7.9 0.00 0.6 10.0 2:25p NW 26 63.2 78.3 1:50p 51.7 6:10a 4.8 2.9 0.00 0.7 11.0 1:55p N 27 62.5 76.1 3:00p 56.6 10:35p 4.4 1.8 0.00 0.8 8.0 3:05p ESE 28 61.7 73.0 3:35p 55.9 9:40p 4.7 1.5 0.00 0.6 8.0 1:40p SW 29 59.8 70.4 3:25p 55.1 7:15a 5.7 0.5 0.00 0.8 10.0 1:25p WNW 30 59.5 66.3 1:35p 56.2 12:00m 5.5 0.0 0.00 0.6 10.0 3:00p NE ------------------------------------------------------------------------------------- 64.8 99.0 12 46.0 16 133.5 127.2 0.00 0.8 20.0 8 N Max >= 90.0: 3 Max <= 32.0: 0 Min <= 32.0: 0 Min <= 0.0: 0 Max Rain: 0.00 ON 09/01/06 Days of Rain: 0 (>.01 in) 0 (>.1 in) 0 (>1 in) Heat Base: 65.0 Cool Base: 65.0 Method: Integration

These reports are produced by WeatherLink V6.0.3.

deformed-offering