deformed-offering

NOAA-style climate reports

2018: Jan | Feb | Mar | Apr | May | Jun | Jul | Aug | Sep | Oct | Nov | Dec 
2017: Jan | Feb | Mar | Apr | May | Jun | Jul | Aug | Sep | Oct | Nov | Dec 
2016: Jan | Feb | Mar | Apr | May | Jun | Jul | Aug | Sep | Oct | Nov | Dec 
2015: Jan | Feb | Mar | Apr | May | Jun | Jul | Aug | Sep | Oct | Nov | Dec 
2014: Jan | Feb | Mar | Apr | May | Jun | Jul | Aug | Sep | Oct | Nov | Dec 
2013: Jan | Feb | Mar | Apr | May | Jun | Jul | Aug | Sep | Oct | Nov | Dec 
2012: Jan | Feb | Mar | Apr | May | Jun | Jul | Aug | Sep | Oct | Nov | Dec 
2011: Jan | Feb | Mar | Apr | May | Jun | Jul | Aug | Sep | Oct | Nov | Dec 
2010: Jan | Feb | Mar | Apr | May | Jun | Jul | Aug | Sep | Oct | Nov | Dec 
2009: Jan | Feb | Mar | Apr | May | Jun | Jul | Aug | Sep | Oct | Nov | Dec 
2008: Jan | Feb | Mar | Apr | May | Jun | Jul | Aug | Sep | Oct | Nov | Dec 
2007: Jan | Feb | Mar | Apr | May | Jun | Jul | Aug | Sep | Oct | Nov | Dec 
2006: Jan | Feb | Mar | Apr | May | Jun | Jul | Aug | Sep | Oct | Nov | Dec 
2005: Jan | Feb | Mar | Apr | May | Jun | Jul | Aug | Sep | Oct | Nov | Dec 
2004: Jan | Feb | Mar | Apr | May | Jun | Jul | Aug | Sep | Oct | Nov | Dec 

Report for 2006 08
MONTHLY CLIMATOLOGICAL SUMMARY for AUG. 2006 NAME: KCASARAT1 CITY: Saratoga STATE: CA ELEV: 375 ft LAT: 37 16' 28" N LONG: 122 01' 23" W TEMPERATURE (F), RAIN (in), WIND SPEED (mph) HEAT COOL AVG MEAN DEG DEG WIND DOM DAY TEMP HIGH TIME LOW TIME DAYS DAYS RAIN SPEED HIGH TIME DIR ------------------------------------------------------------------------------------ 1 65.7 84.5 2:45p 51.0 5:35a 4.2 4.9 0.00 0.9 13.0 4:05p N 2 67.1 86.1 1:40p 52.3 6:10a 3.6 5.7 0.00 0.9 12.0 2:55p N 3 67.2 87.4 2:35p 51.4 6:20a 3.9 6.1 0.00 0.7 11.0 4:30p N 4 67.4 83.2 3:10p 56.3 5:55a 2.5 4.9 0.00 1.0 16.0 11:50a ENE 5 68.0 81.8 1:40p 56.9 6:20a 2.1 5.1 0.00 1.2 13.0 3:40p NE 6 65.8 78.6 1:45p 55.0 6:15a 3.1 3.9 0.00 1.2 16.0 3:00p ENE 7 64.7 75.4 4:55p 57.6 11:45p 2.7 2.5 0.00 1.1 12.0 1:55p N 8 68.6 85.9 5:15p 58.3 6:30a 2.3 5.9 0.00 0.8 12.0 6:15p NW 9 77.5 98.7 2:55p 58.9 5:50a 1.3 13.8 0.00 1.0 14.0 4:05p NW 10 73.0 88.0 2:10p 59.9 6:40a 0.6 8.5 0.00 0.8 11.0 1:50p N 11 66.7 82.2 12:05p 54.7 6:40a 2.9 4.6 0.00 1.0 12.0 1:45p N 12 66.9 84.9 3:40p 55.0 3:20a 3.3 5.3 0.00 0.9 11.0 4:05p N 13 66.5 83.0 2:00p 56.3 5:25a 3.1 4.6 0.00 0.9 11.0 2:30p N 14 64.9 77.9 1:05p 54.7 3:35a 3.3 3.3 0.00 1.1 14.0 4:35p NNE 15 66.9 82.2 1:35p 59.9 4:45a 2.2 4.2 0.00 1.0 12.0 2:35p N 16 64.4 81.2 1:45p 53.9 4:30a 4.0 3.5 0.00 0.9 12.0 2:25p ESE 17 64.8 85.5 3:20p 46.5 6:10a 5.5 5.3 0.00 0.8 13.0 5:00p N 18 66.2 82.0 3:05p 52.9 4:45a 3.8 5.1 0.00 0.8 11.0 3:55p NW 19 65.2 80.9 1:15p 56.9 1:00a 3.7 3.9 0.00 0.8 13.0 4:05p NNW 20 63.8 76.5 2:15p 57.8 6:15a 3.6 2.3 0.00 0.9 12.0 3:25p NNW 21 64.0 76.8 4:30p 56.7 6:20a 3.8 2.8 0.00 0.8 12.0 1:05p NNW 22 66.7 87.6 3:20p 52.0 6:40a 4.2 5.9 0.00 0.7 12.0 3:55p NW 23 66.6 85.9 3:05p 55.1 2:20a 3.7 5.4 0.00 0.5 10.0 3:45p N 24 64.1 80.3 1:05p 51.1 4:15a 4.7 3.9 0.00 0.9 12.0 2:15p NNW 25 64.3 80.5 4:00p 54.7 3:10a 4.0 3.3 0.00 0.9 11.0 3:55p N 26 64.8 80.3 2:40p 53.5 4:15a 3.9 3.7 0.00 0.8 11.0 2:20p N 27 67.2 84.0 4:30p 57.8 12:00m 2.5 4.7 0.00 0.7 10.0 12:55p N 28 65.4 81.2 4:05p 56.2 1:50a 3.8 4.2 0.00 0.6 10.0 2:50p N 29 63.1 77.0 2:00p 56.0 11:50p 4.2 2.3 0.00 0.8 12.0 3:20p ENE 30 66.9 87.8 4:50p 49.8 6:10a 4.7 6.5 0.00 0.6 10.0 3:20p N 31 71.2 92.7 2:30p 53.3 6:35a 2.9 9.1 0.00 0.7 12.0 3:45p NNE ------------------------------------------------------------------------------------- 66.6 98.7 9 46.5 17 104.1 155.2 0.00 0.9 16.0 4 N Max >= 90.0: 2 Max <= 32.0: 0 Min <= 32.0: 0 Min <= 0.0: 0 Max Rain: 0.00 ON 08/01/06 Days of Rain: 0 (>.01 in) 0 (>.1 in) 0 (>1 in) Heat Base: 65.0 Cool Base: 65.0 Method: Integration

These reports are produced by WeatherLink V6.0.3.

deformed-offering