deformed-offering

NOAA-style climate reports

2018: Jan | Feb | Mar | Apr | May | Jun | Jul | Aug | Sep | Oct | Nov | Dec 
2017: Jan | Feb | Mar | Apr | May | Jun | Jul | Aug | Sep | Oct | Nov | Dec 
2016: Jan | Feb | Mar | Apr | May | Jun | Jul | Aug | Sep | Oct | Nov | Dec 
2015: Jan | Feb | Mar | Apr | May | Jun | Jul | Aug | Sep | Oct | Nov | Dec 
2014: Jan | Feb | Mar | Apr | May | Jun | Jul | Aug | Sep | Oct | Nov | Dec 
2013: Jan | Feb | Mar | Apr | May | Jun | Jul | Aug | Sep | Oct | Nov | Dec 
2012: Jan | Feb | Mar | Apr | May | Jun | Jul | Aug | Sep | Oct | Nov | Dec 
2011: Jan | Feb | Mar | Apr | May | Jun | Jul | Aug | Sep | Oct | Nov | Dec 
2010: Jan | Feb | Mar | Apr | May | Jun | Jul | Aug | Sep | Oct | Nov | Dec 
2009: Jan | Feb | Mar | Apr | May | Jun | Jul | Aug | Sep | Oct | Nov | Dec 
2008: Jan | Feb | Mar | Apr | May | Jun | Jul | Aug | Sep | Oct | Nov | Dec 
2007: Jan | Feb | Mar | Apr | May | Jun | Jul | Aug | Sep | Oct | Nov | Dec 
2006: Jan | Feb | Mar | Apr | May | Jun | Jul | Aug | Sep | Oct | Nov | Dec 
2005: Jan | Feb | Mar | Apr | May | Jun | Jul | Aug | Sep | Oct | Nov | Dec 
2004: Jan | Feb | Mar | Apr | May | Jun | Jul | Aug | Sep | Oct | Nov | Dec 

Report for 2006 06
MONTHLY CLIMATOLOGICAL SUMMARY for JUN. 2006 NAME: KCASARAT1 CITY: Saratoga STATE: CA ELEV: 375 ft LAT: 37 16' 28" N LONG: 122 01' 23" W TEMPERATURE (F), RAIN (in), WIND SPEED (mph) HEAT COOL AVG MEAN DEG DEG WIND DOM DAY TEMP HIGH TIME LOW TIME DAYS DAYS RAIN SPEED HIGH TIME DIR ------------------------------------------------------------------------------------ 1 67.7 83.0 4:50p 55.1 4:10a 2.8 5.5 0.00 1.2 14.0 4:55p NNW 2 68.5 83.0 2:05p 57.2 6:00a 1.9 5.4 0.00 1.4 17.0 2:45p N 3 71.5 88.4 4:45p 56.6 4:45a 1.6 8.1 0.00 1.7 16.0 3:05p NW 4 67.7 79.6 2:10p 56.3 12:00m 2.3 4.9 0.00 1.7 13.0 3:35p N 5 62.4 73.2 3:00p 52.8 3:20a 4.7 2.1 0.00 1.5 13.0 1:05p N 6 65.8 81.8 1:55p 54.7 6:45a 3.7 4.5 0.00 1.1 12.0 2:30p N 7 64.2 77.7 1:50p 50.5 6:15a 4.4 3.6 0.00 1.3 12.0 1:45p ESE 8 62.0 74.9 2:05p 49.5 6:05a 5.4 2.4 0.00 1.3 13.0 1:30p NE 9 62.3 80.9 2:15p 49.1 6:00a 6.0 3.3 0.00 1.4 12.0 3:30p NE 10 61.4 74.7 12:40p 50.8 6:15a 5.3 1.7 0.00 1.4 12.0 2:25p N 11 62.9 75.8 12:50p 55.9 4:30a 3.9 1.8 0.00 1.8 17.0 1:40p N 12 60.8 68.8 5:20p 55.3 12:00m 4.5 0.2 0.00 0.9 13.0 8:30a S 13 59.6 68.1 4:35p 51.4 3:25a 5.7 0.3 0.00 0.6 11.0 2:00p NW 14 62.0 74.2 2:05p 49.8 5:40a 4.9 1.9 0.00 1.6 13.0 2:20p N 15 66.3 83.2 3:35p 51.0 5:50a 3.8 5.1 0.00 1.3 14.0 3:15p NW 16 75.2 96.1 3:25p 55.6 5:50a 2.2 12.3 0.00 1.3 14.0 7:30p N 17 71.9 89.5 2:35p 56.5 5:30a 1.8 8.7 0.00 0.9 12.0 2:15p NNE 18 66.7 82.4 1:15p 51.7 6:00a 3.6 5.3 0.00 1.1 13.0 2:40p N 19 64.9 80.9 2:10p 49.1 5:50a 4.7 4.6 0.00 1.1 13.0 2:15p NNW 20 71.4 92.3 2:25p 53.3 5:55a 2.9 9.3 0.00 1.0 13.0 4:15p N 21 77.1 98.7 2:40p 55.6 5:30a 2.1 14.2 0.00 1.0 16.0 3:30p NW 22 81.6 103.3 3:20p 61.3 5:45a 0.3 16.9 0.00 1.0 13.0 4:35p NW 23 73.4 93.6 1:10p 57.2 6:05a 1.2 9.6 0.00 0.9 11.0 3:10p N 24 71.6 89.0 1:20p 58.6 4:35a 1.6 8.2 0.00 1.0 12.0 2:50p N 25 72.3 89.3 3:10p 60.4 1:55a 1.1 8.4 0.00 0.9 10.0 3:10p N 26 71.9 88.8 4:20p 59.5 6:00a 1.2 8.1 0.00 0.7 8.0 2:45p N 27 70.3 85.5 1:05p 59.8 6:00a 1.1 6.4 0.00 0.9 10.0 2:15p N 28 69.8 84.5 12:40p 61.8 3:05a 1.0 5.8 0.00 1.3 12.0 1:45p N 29 69.8 85.1 2:20p 59.6 1:45a 1.5 6.3 0.00 1.0 10.0 2:30p NNE 30 66.1 76.1 2:20p 57.8 11:50p 2.0 3.1 0.00 1.6 14.0 4:45p NNE ------------------------------------------------------------------------------------- 68.0 103.3 22 49.1 9 89.2 178.0 0.00 1.2 17.0 2 N Max >= 90.0: 5 Max <= 32.0: 0 Min <= 32.0: 0 Min <= 0.0: 0 Max Rain: 0.00 ON 06/01/06 Days of Rain: 0 (>.01 in) 0 (>.1 in) 0 (>1 in) Heat Base: 65.0 Cool Base: 65.0 Method: Integration

These reports are produced by WeatherLink V6.0.3.

deformed-offering