deformed-offering

NOAA-style climate reports

2018: Jan | Feb | Mar | Apr | May | Jun | Jul | Aug | Sep | Oct | Nov | Dec 
2017: Jan | Feb | Mar | Apr | May | Jun | Jul | Aug | Sep | Oct | Nov | Dec 
2016: Jan | Feb | Mar | Apr | May | Jun | Jul | Aug | Sep | Oct | Nov | Dec 
2015: Jan | Feb | Mar | Apr | May | Jun | Jul | Aug | Sep | Oct | Nov | Dec 
2014: Jan | Feb | Mar | Apr | May | Jun | Jul | Aug | Sep | Oct | Nov | Dec 
2013: Jan | Feb | Mar | Apr | May | Jun | Jul | Aug | Sep | Oct | Nov | Dec 
2012: Jan | Feb | Mar | Apr | May | Jun | Jul | Aug | Sep | Oct | Nov | Dec 
2011: Jan | Feb | Mar | Apr | May | Jun | Jul | Aug | Sep | Oct | Nov | Dec 
2010: Jan | Feb | Mar | Apr | May | Jun | Jul | Aug | Sep | Oct | Nov | Dec 
2009: Jan | Feb | Mar | Apr | May | Jun | Jul | Aug | Sep | Oct | Nov | Dec 
2008: Jan | Feb | Mar | Apr | May | Jun | Jul | Aug | Sep | Oct | Nov | Dec 
2007: Jan | Feb | Mar | Apr | May | Jun | Jul | Aug | Sep | Oct | Nov | Dec 
2006: Jan | Feb | Mar | Apr | May | Jun | Jul | Aug | Sep | Oct | Nov | Dec 
2005: Jan | Feb | Mar | Apr | May | Jun | Jul | Aug | Sep | Oct | Nov | Dec 
2004: Jan | Feb | Mar | Apr | May | Jun | Jul | Aug | Sep | Oct | Nov | Dec 

Report for 2006 05
MONTHLY CLIMATOLOGICAL SUMMARY for MAY. 2006 NAME: KCASARAT1 CITY: Saratoga STATE: CA ELEV: 375 ft LAT: 37 16' 28" N LONG: 122 01' 23" W TEMPERATURE (F), RAIN (in), WIND SPEED (mph) HEAT COOL AVG MEAN DEG DEG WIND DOM DAY TEMP HIGH TIME LOW TIME DAYS DAYS RAIN SPEED HIGH TIME DIR ------------------------------------------------------------------------------------ 1 64.9 84.7 2:25p 49.2 6:10a 5.2 5.2 0.00 1.0 12.0 2:50p N 2 64.5 85.4 2:50p 47.2 5:15a 5.9 5.4 0.00 1.2 12.0 3:35p N 3 59.6 71.1 4:25p 51.8 2:50a 6.3 0.9 0.00 2.4 16.0 10:55a ESE 4 59.7 74.9 3:35p 47.2 6:15a 6.8 1.5 0.00 1.5 14.0 11:05a ESE 5 58.0 71.1 1:35p 49.2 3:25a 7.6 0.6 0.00 1.4 16.0 4:40p N 6 57.1 69.5 1:40p 46.2 6:20a 8.2 0.3 0.00 1.5 13.0 2:25p W 7 61.4 80.5 2:20p 45.5 6:05a 7.0 3.4 0.00 1.1 12.0 3:10p N 8 62.0 76.7 2:45p 49.0 6:10a 6.0 3.0 0.00 1.2 11.0 12:40p NE 9 64.4 84.1 2:20p 48.1 5:20a 5.9 5.2 0.00 1.0 13.0 4:05p N 10 69.2 88.9 3:20p 49.9 6:05a 4.1 8.4 0.00 0.9 14.0 3:20p N 11 67.7 87.7 1:40p 52.9 5:25a 3.5 6.2 0.00 1.0 13.0 4:05p NNE 12 64.6 81.9 2:25p 50.2 5:50a 4.8 4.3 0.00 0.9 11.0 3:15p N 13 62.2 79.7 1:50p 47.7 6:20a 6.1 3.3 0.00 1.0 12.0 3:50p N 14 71.1 94.1 3:50p 49.0 5:40a 4.4 10.5 0.00 1.0 14.0 4:10p NNW 15 74.4 91.4 1:00p 60.9 11:55p 0.2 9.6 0.00 1.1 12.0 2:10p N 16 66.9 83.5 12:35p 54.6 5:00a 3.2 5.1 0.00 1.0 11.0 1:10p N 17 64.7 79.3 2:20p 52.9 5:20a 4.2 3.9 0.00 1.1 12.0 3:05p N 18 65.3 81.0 12:05p 55.5 6:15a 4.1 4.4 0.00 1.3 13.0 1:20p NNW 19 61.3 74.2 1:05p 55.0 11:55p 4.6 1.0 0.10 0.8 11.0 2:15p ENE 20 62.2 73.5 2:10p 54.8 12:25a 4.3 1.4 0.00 1.1 17.0 2:55p S 21 59.9 64.7 10:40a 54.1 11:10p 5.1 0.0 0.38 1.0 13.0 8:45a ESE 22 59.7 69.9 3:30p 49.5 6:10a 5.9 0.6 0.01 1.6 20.0 10:10p S 23 64.0 76.0 3:15p 55.9 11:50p 3.6 2.6 0.00 2.6 14.0 8:00a ESE 24 63.3 75.4 2:10p 52.6 2:25a 4.2 2.5 0.00 1.7 18.0 3:15p NW 25 58.7 72.0 2:05p 46.4 5:50a 7.4 1.1 0.00 1.8 17.0 12:25p NW 26 57.4 69.4 3:45p 47.9 6:00a 7.9 0.3 0.00 2.7 25.0 1:15p NW 27 56.9 67.4 1:30p 48.3 6:20a 8.3 0.1 0.00 2.0 18.0 8:50a NW 28 58.2 74.2 4:25p 44.5 5:40a 8.6 1.8 0.00 1.1 16.0 3:50p W 29 59.2 75.4 3:20p 43.1 5:40a 8.1 2.3 0.00 1.3 14.0 4:20p ENE 30 60.9 77.0 1:10p 45.1 5:40a 7.1 3.0 0.00 1.2 12.0 12:30p N 31 64.4 79.8 1:50p 51.0 3:00a 4.7 4.1 0.00 1.2 12.0 1:15p N ------------------------------------------------------------------------------------- 62.7 94.1 14 43.1 29 173.3 102.0 0.49 1.3 25.0 26 N Max >= 90.0: 2 Max <= 32.0: 0 Min <= 32.0: 0 Min <= 0.0: 0 Max Rain: 0.38 ON 05/21/06 Days of Rain: 2 (>.01 in) 1 (>.1 in) 0 (>1 in) Heat Base: 65.0 Cool Base: 65.0 Method: Integration

These reports are produced by WeatherLink V6.0.3.

deformed-offering