deformed-offering

NOAA-style climate reports

2018: Jan | Feb | Mar | Apr | May | Jun | Jul | Aug | Sep | Oct | Nov | Dec 
2017: Jan | Feb | Mar | Apr | May | Jun | Jul | Aug | Sep | Oct | Nov | Dec 
2016: Jan | Feb | Mar | Apr | May | Jun | Jul | Aug | Sep | Oct | Nov | Dec 
2015: Jan | Feb | Mar | Apr | May | Jun | Jul | Aug | Sep | Oct | Nov | Dec 
2014: Jan | Feb | Mar | Apr | May | Jun | Jul | Aug | Sep | Oct | Nov | Dec 
2013: Jan | Feb | Mar | Apr | May | Jun | Jul | Aug | Sep | Oct | Nov | Dec 
2012: Jan | Feb | Mar | Apr | May | Jun | Jul | Aug | Sep | Oct | Nov | Dec 
2011: Jan | Feb | Mar | Apr | May | Jun | Jul | Aug | Sep | Oct | Nov | Dec 
2010: Jan | Feb | Mar | Apr | May | Jun | Jul | Aug | Sep | Oct | Nov | Dec 
2009: Jan | Feb | Mar | Apr | May | Jun | Jul | Aug | Sep | Oct | Nov | Dec 
2008: Jan | Feb | Mar | Apr | May | Jun | Jul | Aug | Sep | Oct | Nov | Dec 
2007: Jan | Feb | Mar | Apr | May | Jun | Jul | Aug | Sep | Oct | Nov | Dec 
2006: Jan | Feb | Mar | Apr | May | Jun | Jul | Aug | Sep | Oct | Nov | Dec 
2005: Jan | Feb | Mar | Apr | May | Jun | Jul | Aug | Sep | Oct | Nov | Dec 
2004: Jan | Feb | Mar | Apr | May | Jun | Jul | Aug | Sep | Oct | Nov | Dec 

Report for 2006 04
MONTHLY CLIMATOLOGICAL SUMMARY for APR. 2006 NAME: KCASARAT1 CITY: Saratoga STATE: CA ELEV: 375 ft LAT: 37 16' 28" N LONG: 122 01' 23" W TEMPERATURE (F), RAIN (in), WIND SPEED (mph) HEAT COOL AVG MEAN DEG DEG WIND DOM DAY TEMP HIGH TIME LOW TIME DAYS DAYS RAIN SPEED HIGH TIME DIR ------------------------------------------------------------------------------------ 1 51.4 64.1 1:45p 40.0 5:25a 13.6 0.0 0.00 0.9 16.0 2:00p ESE 2 53.8 62.2 4:00p 46.4 12:05a 10.8 0.0 0.53 2.0 14.0 8:10a ESE 3 55.3 60.6 10:20a 52.1 11:35p 9.7 0.0 0.40 1.7 27.0 4:50a N 4 51.0 54.6 9:30a 46.7 11:20p 14.0 0.0 1.16 1.3 22.0 11:05a E 5 50.8 60.9 3:20p 44.0 11:45p 14.2 0.0 0.10 1.2 18.0 12:25p W 6 51.4 65.9 3:20p 39.3 6:10a 13.6 0.0 0.00 0.9 12.0 3:30p NW 7 51.1 63.4 2:15p 41.9 5:00a 13.9 0.0 0.62 2.0 31.0 4:50p S 8 54.1 68.6 2:50p 44.5 4:45a 11.0 0.1 0.01 0.8 13.0 3:55p SSW 9 53.1 62.2 12:00p 44.9 5:40a 11.9 0.0 0.01 0.5 13.0 4:50p S 10 55.1 66.0 4:10p 49.6 6:45a 9.9 0.0 0.04 1.3 14.0 12:45p ESE 11 53.5 59.6 12:35p 49.5 5:50a 11.5 0.0 0.74 4.1 24.0 11:40a ESE 12 55.5 63.6 12:45p 51.8 11:35p 9.5 0.0 0.29 1.6 17.0 6:05p ESE 13 60.9 73.0 3:10p 50.6 1:00a 5.9 1.8 0.01 1.1 13.0 5:15p NW 14 57.5 66.7 3:00p 51.7 5:50a 7.6 0.0 0.03 0.8 20.0 5:00p W 15 55.3 64.1 4:00p 49.6 4:25a 9.7 0.0 0.01 1.5 13.0 8:25a S 16 53.1 61.9 2:30p 44.3 11:35p 11.9 0.0 0.36 2.2 18.0 7:55a W 17 51.1 62.2 3:50p 40.6 6:45a 13.9 0.0 0.03 1.7 16.0 3:50p NW 18 54.6 69.1 4:30p 40.8 6:25a 10.8 0.4 0.00 1.3 18.0 12:35p NW 19 58.7 75.8 3:15p 42.2 6:20a 8.9 2.6 0.00 1.1 12.0 1:05p N 20 57.4 72.8 1:15p 45.9 4:50a 8.7 1.1 0.00 1.2 13.0 3:35p NNE 21 58.3 71.8 2:40p 50.6 6:40a 7.6 0.9 0.00 1.4 14.0 6:10p W 22 56.6 66.7 5:00p 46.9 4:55a 8.4 0.0 0.00 1.2 13.0 12:30p S 23 55.7 63.1 12:15p 46.9 6:40a 9.3 0.0 0.00 0.7 13.0 4:40p WSW 24 56.0 67.1 3:30p 49.3 4:45a 9.0 0.0 0.00 0.6 14.0 5:05p N 25 54.4 60.6 5:15p 49.6 12:00m 10.6 0.0 0.00 0.3 7.0 6:05p NW 26 58.3 74.6 2:40p 45.9 2:30a 8.3 1.6 0.00 0.9 13.0 3:35p N 27 66.1 84.5 3:50p 51.2 2:05a 4.8 5.9 0.00 1.0 13.0 12:35p N 28 63.8 78.8 3:55p 53.0 2:55a 4.7 3.4 0.00 1.1 11.0 4:10p NE 29 61.5 73.0 1:35p 54.2 12:00m 4.9 1.3 0.00 1.5 12.0 4:10p ESE 30 66.5 86.0 3:10p 50.3 5:50a 5.0 6.5 0.00 1.2 14.0 12:10p N ------------------------------------------------------------------------------------- 56.1 86.0 30 39.3 6 293.6 25.6 4.34 1.3 31.0 7 NW Max >= 90.0: 0 Max <= 32.0: 0 Min <= 32.0: 0 Min <= 0.0: 0 Max Rain: 1.16 ON 04/04/06 Days of Rain: 11 (>.01 in) 7 (>.1 in) 1 (>1 in) Heat Base: 65.0 Cool Base: 65.0 Method: Integration

These reports are produced by WeatherLink V6.0.3.

deformed-offering