deformed-offering

NOAA-style climate reports

2018: Jan | Feb | Mar | Apr | May | Jun | Jul | Aug | Sep | Oct | Nov | Dec 
2017: Jan | Feb | Mar | Apr | May | Jun | Jul | Aug | Sep | Oct | Nov | Dec 
2016: Jan | Feb | Mar | Apr | May | Jun | Jul | Aug | Sep | Oct | Nov | Dec 
2015: Jan | Feb | Mar | Apr | May | Jun | Jul | Aug | Sep | Oct | Nov | Dec 
2014: Jan | Feb | Mar | Apr | May | Jun | Jul | Aug | Sep | Oct | Nov | Dec 
2013: Jan | Feb | Mar | Apr | May | Jun | Jul | Aug | Sep | Oct | Nov | Dec 
2012: Jan | Feb | Mar | Apr | May | Jun | Jul | Aug | Sep | Oct | Nov | Dec 
2011: Jan | Feb | Mar | Apr | May | Jun | Jul | Aug | Sep | Oct | Nov | Dec 
2010: Jan | Feb | Mar | Apr | May | Jun | Jul | Aug | Sep | Oct | Nov | Dec 
2009: Jan | Feb | Mar | Apr | May | Jun | Jul | Aug | Sep | Oct | Nov | Dec 
2008: Jan | Feb | Mar | Apr | May | Jun | Jul | Aug | Sep | Oct | Nov | Dec 
2007: Jan | Feb | Mar | Apr | May | Jun | Jul | Aug | Sep | Oct | Nov | Dec 
2006: Jan | Feb | Mar | Apr | May | Jun | Jul | Aug | Sep | Oct | Nov | Dec 
2005: Jan | Feb | Mar | Apr | May | Jun | Jul | Aug | Sep | Oct | Nov | Dec 
2004: Jan | Feb | Mar | Apr | May | Jun | Jul | Aug | Sep | Oct | Nov | Dec 

Report for 2006
ANNUAL CLIMATOLOGICAL SUMMARY NAME: KCASARAT1 CITY: Saratoga STATE: CA ELEV: 375 ft LAT: 37 16' 28" N LONG: 122 01' 23" W TEMPERATURE (F), HEAT BASE 65.0, COOL BASE 65.0 DEP. HEAT COOL MEAN MEAN FROM DEG DEG MAX MAX MIN MIN YR MO MAX MIN MEAN NORM DAYS DAYS HI DATE LOW DATE >=90 <=32 <=32 <=0 ------------------------------------------------------------------------------------ 06 1 60.2 41.4 50.0 0.5 464 1 70.0 13 35.0 20 0 0 0 0 06 2 64.6 40.7 51.5 0.4 389 12 74.6 7 30.7 16 0 0 2 0 06 3 59.8 41.9 49.9 -5.5 471 2 72.7 24 35.0 4 0 0 0 0 06 4 67.5 47.1 56.1 0.1 294 26 86.0 30 39.3 6 0 0 0 0 06 5 77.9 50.2 62.7 2.6 173 102 94.1 14 43.1 29 2 0 0 0 06 6 83.4 55.1 68.0 3.0 89 178 103.3 22 49.1 9 5 0 0 0 06 7 89.7 58.7 72.5 5.2 62 293 108.8 22 48.2 7 14 0 0 0 06 8 83.2 54.9 66.6 -0.7 104 155 98.7 9 46.5 17 2 0 0 0 06 9 81.1 53.1 64.8 -1.7 134 127 99.0 12 46.0 16 3 0 0 0 06 10 73.7 47.7 59.0 -1.5 243 57 83.8 21 42.1 30 0 0 0 0 06 11 64.6 44.5 53.5 -0.5 354 10 77.2 6 32.7 30 0 0 0 0 06 12 59.8 39.4 48.3 -2.0 519 0 67.9 7 29.4 19 0 0 2 0 ------------------------------------------------------------------------------------ 72.2 47.9 58.6 -0.0 3295 963 108.8 JUL 29.4 DEC 26 0 4 0 PRECIPITATION (in) DEP. MAX DAYS OF RAIN FROM OBS. OVER YR MO TOTAL NORM DAY DATE .01 .1 1 --------------------------------------------- 06 1 3.78 2.18 2.00 2 12 6 1 06 2 2.92 -0.38 2.16 27 5 4 1 06 3 7.70 6.40 1.14 25 22 17 1 06 4 4.34 2.64 1.16 4 11 7 1 06 5 0.49 -0.01 0.38 21 2 1 0 06 6 0.00 0.00 0.00 1 0 0 0 06 7 0.00 0.00 0.00 1 0 0 0 06 8 0.00 0.00 0.00 1 0 0 0 06 9 0.00 0.00 0.00 1 0 0 0 06 10 0.48 0.48 0.21 4 3 2 0 06 11 0.69 -1.81 0.15 26 8 3 0 06 12 2.88 -6.52 0.95 9 8 7 0 --------------------------------------------- 23.28 2.98 2.16 FEB 71 47 4 WIND SPEED (mph) DOM YR MO AVG. HI DATE DIR --------------------------------- 06 1 0.8 41.0 1 NW 06 2 1.0 41.0 27 NW 06 3 1.6 25.0 5 ESE 06 4 1.3 31.0 7 NW 06 5 1.3 25.0 26 N 06 6 1.2 17.0 2 N 06 7 1.0 14.0 29 N 06 8 0.9 16.0 4 N 06 9 0.8 20.0 8 N 06 10 0.6 17.0 25 NW 06 11 0.6 19.0 8 NW 06 12 0.9 33.0 27 NW --------------------------------- 1.0 41.0 JAN NW

These reports are produced by WeatherLink V6.0.3.

deformed-offering