deformed-offering

NOAA-style climate reports

2018: Jan | Feb | Mar | Apr | May | Jun | Jul | Aug | Sep | Oct | Nov | Dec 
2017: Jan | Feb | Mar | Apr | May | Jun | Jul | Aug | Sep | Oct | Nov | Dec 
2016: Jan | Feb | Mar | Apr | May | Jun | Jul | Aug | Sep | Oct | Nov | Dec 
2015: Jan | Feb | Mar | Apr | May | Jun | Jul | Aug | Sep | Oct | Nov | Dec 
2014: Jan | Feb | Mar | Apr | May | Jun | Jul | Aug | Sep | Oct | Nov | Dec 
2013: Jan | Feb | Mar | Apr | May | Jun | Jul | Aug | Sep | Oct | Nov | Dec 
2012: Jan | Feb | Mar | Apr | May | Jun | Jul | Aug | Sep | Oct | Nov | Dec 
2011: Jan | Feb | Mar | Apr | May | Jun | Jul | Aug | Sep | Oct | Nov | Dec 
2010: Jan | Feb | Mar | Apr | May | Jun | Jul | Aug | Sep | Oct | Nov | Dec 
2009: Jan | Feb | Mar | Apr | May | Jun | Jul | Aug | Sep | Oct | Nov | Dec 
2008: Jan | Feb | Mar | Apr | May | Jun | Jul | Aug | Sep | Oct | Nov | Dec 
2007: Jan | Feb | Mar | Apr | May | Jun | Jul | Aug | Sep | Oct | Nov | Dec 
2006: Jan | Feb | Mar | Apr | May | Jun | Jul | Aug | Sep | Oct | Nov | Dec 
2005: Jan | Feb | Mar | Apr | May | Jun | Jul | Aug | Sep | Oct | Nov | Dec 
2004: Jan | Feb | Mar | Apr | May | Jun | Jul | Aug | Sep | Oct | Nov | Dec 

Report for 2005 09
MONTHLY CLIMATOLOGICAL SUMMARY for SEP. 2005 NAME: KCASARAT1 CITY: Saratoga STATE: CA ELEV: 375 ft LAT: 37 16' 28" N LONG: 22 01' 23" W TEMPERATURE (F), RAIN (in), WIND SPEED (mph) HEAT COOL AVG MEAN DEG DEG WIND DOM DAY TEMP HIGH TIME LOW TIME DAYS DAYS RAIN SPEED HIGH TIME DIR ------------------------------------------------------------------------------------ 1 67.4 83.9 3:45p 54.8 6:40a 2.9 5.2 0.00 1.0 11.0 2:20p NNE 2 66.8 82.9 2:25p 57.7 11:55p 2.3 4.1 0.00 1.0 11.0 3:05p N 3 63.2 78.8 2:50p 52.3 4:35a 4.8 3.0 0.00 1.0 11.0 1:45p N 4 64.0 79.0 1:00p 51.5 6:45a 4.2 3.2 0.00 1.1 12.0 2:45p ESE 5 65.7 83.3 3:15p 50.2 6:50a 4.6 5.3 0.00 0.9 11.0 4:20p N 6 63.4 79.2 1:15p 50.5 6:45a 5.0 3.3 0.00 1.1 12.0 2:50p N 7 62.2 75.4 2:40p 53.6 3:25a 4.7 2.0 0.00 1.1 11.0 1:50p N 8 61.8 72.7 2:05p 51.7 7:10a 4.5 1.3 0.00 1.7 18.0 3:15p S 9 63.1 76.0 4:15p 55.2 11:50p 3.7 1.8 0.00 0.6 12.0 1:55p W 10 61.4 75.3 2:15p 49.6 6:50a 5.8 2.2 0.00 0.9 14.0 4:20p NW 11 60.4 75.1 3:40p 47.7 6:50a 6.7 2.0 0.00 1.0 14.0 12:40p W 12 58.6 70.8 1:10p 46.7 6:25a 7.4 1.0 0.00 1.0 14.0 1:35p N 13 60.0 71.0 2:30p 54.5 7:00a 5.8 0.8 0.00 1.1 12.0 2:00p N 14 60.6 71.5 1:00p 54.8 6:10a 5.3 0.9 0.00 1.1 13.0 1:55p N 15 61.8 73.5 2:05p 54.9 6:50a 4.8 1.6 0.00 0.9 12.0 1:35p N 16 62.2 77.0 1:55p 50.3 6:50a 5.2 2.3 0.00 1.3 13.0 2:40p ESE 17 61.1 72.8 2:40p 51.5 7:00a 5.4 1.5 0.00 1.3 16.0 3:40p N 18 62.7 81.4 3:30p 48.9 4:25a 6.2 3.9 0.00 1.0 13.0 2:55p NNW 19 68.1 88.9 3:35p 50.9 4:15a 4.1 7.2 0.00 0.7 10.0 1:05p N 20 63.2 75.8 12:25p 53.6 7:15a 3.4 1.6 0.01 0.7 8.0 2:00p N 21 66.5 79.9 3:25p 57.4 7:45a 2.7 4.2 0.00 0.7 12.0 3:45p NNW 22 63.5 79.9 3:50p 52.0 4:25a 5.3 3.8 0.00 0.7 10.0 1:55p NE 23 61.1 76.0 2:00p 50.3 6:20a 6.2 2.3 0.00 0.9 13.0 2:05p NW 24 62.3 79.9 3:45p 47.5 7:15a 6.3 3.5 0.00 0.8 12.0 4:15p ESE 25 63.9 81.6 1:30p 47.2 6:30a 5.8 4.8 0.00 0.6 12.0 12:20p NW 26 65.0 80.8 1:20p 54.2 7:35a 3.5 3.5 0.00 1.0 13.0 1:55p N 27 65.5 81.4 2:35p 56.9 4:25a 3.3 3.8 0.00 1.2 14.0 3:25p NW 28 69.5 91.7 3:30p 52.0 6:45a 4.1 8.6 0.00 0.9 13.0 12:10p NW 29 70.1 92.1 3:20p 53.0 7:10a 3.3 8.4 0.00 0.5 10.0 4:25p NNE 30 69.8 89.1 3:00p 54.2 7:10a 3.0 7.7 0.00 0.6 11.0 1:25p NNW ------------------------------------------------------------------------------------- 63.8 92.1 29 46.7 12 140.3 104.8 0.01 0.9 18.0 8 N Max >= 90.0: 2 Max <= 32.0: 0 Min <= 32.0: 0 Min <= 0.0: 0 Max Rain: 0.01 ON 09/20/05 Days of Rain: 0 (>.01 in) 0 (>.1 in) 0 (>1 in) Heat Base: 65.0 Cool Base: 65.0 Method: Integration

These reports are produced by WeatherLink V6.0.3.

deformed-offering