deformed-offering

NOAA-style climate reports

2018: Jan | Feb | Mar | Apr | May | Jun | Jul | Aug | Sep | Oct | Nov | Dec 
2017: Jan | Feb | Mar | Apr | May | Jun | Jul | Aug | Sep | Oct | Nov | Dec 
2016: Jan | Feb | Mar | Apr | May | Jun | Jul | Aug | Sep | Oct | Nov | Dec 
2015: Jan | Feb | Mar | Apr | May | Jun | Jul | Aug | Sep | Oct | Nov | Dec 
2014: Jan | Feb | Mar | Apr | May | Jun | Jul | Aug | Sep | Oct | Nov | Dec 
2013: Jan | Feb | Mar | Apr | May | Jun | Jul | Aug | Sep | Oct | Nov | Dec 
2012: Jan | Feb | Mar | Apr | May | Jun | Jul | Aug | Sep | Oct | Nov | Dec 
2011: Jan | Feb | Mar | Apr | May | Jun | Jul | Aug | Sep | Oct | Nov | Dec 
2010: Jan | Feb | Mar | Apr | May | Jun | Jul | Aug | Sep | Oct | Nov | Dec 
2009: Jan | Feb | Mar | Apr | May | Jun | Jul | Aug | Sep | Oct | Nov | Dec 
2008: Jan | Feb | Mar | Apr | May | Jun | Jul | Aug | Sep | Oct | Nov | Dec 
2007: Jan | Feb | Mar | Apr | May | Jun | Jul | Aug | Sep | Oct | Nov | Dec 
2006: Jan | Feb | Mar | Apr | May | Jun | Jul | Aug | Sep | Oct | Nov | Dec 
2005: Jan | Feb | Mar | Apr | May | Jun | Jul | Aug | Sep | Oct | Nov | Dec 
2004: Jan | Feb | Mar | Apr | May | Jun | Jul | Aug | Sep | Oct | Nov | Dec 

Report for 2005 08
MONTHLY CLIMATOLOGICAL SUMMARY for AUG. 2005 NAME: KCASARAT1 CITY: Saratoga STATE: CA ELEV: 375 ft LAT: 37 16' 28" N LONG: 22 01' 23" W TEMPERATURE (F), RAIN (in), WIND SPEED (mph) HEAT COOL AVG MEAN DEG DEG WIND DOM DAY TEMP HIGH TIME LOW TIME DAYS DAYS RAIN SPEED HIGH TIME DIR ------------------------------------------------------------------------------------ 1 71.7 92.5 4:15p 58.0 4:30a 1.8 8.5 0.00 0.9 11.0 3:25p N 2 69.7 86.4 3:55p 54.8 6:05a 2.1 6.8 0.00 0.8 11.0 3:00p N 3 70.4 88.3 2:40p 59.0 4:45a 1.7 7.1 0.00 1.2 12.0 3:35p N 4 72.4 88.5 3:45p 60.6 6:45a 1.1 8.6 0.00 1.0 12.0 2:45p N 5 73.4 92.5 3:55p 57.2 6:30a 1.6 9.9 0.00 0.8 10.0 2:55p NNE 6 73.8 92.1 2:55p 58.3 5:50a 1.1 10.0 0.00 0.9 10.0 1:45p N 7 72.5 87.2 1:10p 59.7 6:00a 0.7 8.3 0.00 1.1 10.0 1:20p N 8 68.4 82.1 2:25p 59.3 4:00a 1.8 5.3 0.00 1.2 11.0 12:30p N 9 69.9 86.0 3:45p 59.1 3:30a 1.7 6.6 0.00 1.0 11.0 3:50p NE 10 69.8 86.6 4:15p 55.5 6:20a 2.3 7.1 0.00 1.0 12.0 4:30p N 11 71.2 91.7 3:30p 53.6 6:30a 2.6 8.8 0.00 0.8 11.0 1:05p N 12 70.1 90.4 1:55p 56.0 6:20a 2.3 7.4 0.00 1.1 12.0 3:25p N 13 65.1 77.2 3:25p 58.5 7:05a 2.6 2.7 0.00 1.9 14.0 5:00p ESE 14 65.6 81.6 2:15p 57.0 2:10a 2.9 3.6 0.00 1.5 12.0 3:20p ESE 15 66.3 81.9 2:50p 58.8 4:30a 2.1 3.4 0.00 1.1 11.0 3:00p N 16 69.6 83.7 2:45p 60.8 11:55p 1.3 5.8 0.00 1.1 11.0 1:45p N 17 67.0 83.1 2:05p 58.8 2:10a 2.5 4.5 0.00 0.9 13.0 3:30p N 18 64.3 78.6 1:05p 55.1 6:05a 3.7 3.1 0.00 1.1 13.0 5:00p NNE 19 65.6 75.6 12:35p 59.6 6:50a 2.3 2.9 0.00 1.3 13.0 2:15p N 20 64.8 76.1 3:35p 58.7 4:25a 2.9 2.7 0.00 0.9 11.0 12:50p N 21 64.3 75.1 2:50p 57.4 12:00m 3.1 2.4 0.00 1.0 13.0 3:00p N 22 67.2 83.5 3:45p 54.9 6:45a 3.5 5.7 0.00 0.7 10.0 1:10p N 23 67.6 88.5 2:45p 52.9 6:35a 3.7 6.3 0.00 0.8 11.0 3:20p N 24 66.3 86.6 1:25p 52.7 6:25a 3.8 5.1 0.00 1.0 12.0 1:40p NNE 25 66.5 81.4 1:40p 56.7 7:10a 3.0 4.5 0.00 0.9 12.0 1:55p E 26 67.1 85.6 4:40p 51.1 6:40a 4.0 6.1 0.00 0.8 10.0 11:30a NNW 27 70.4 89.5 4:50p 55.8 6:25a 2.4 7.7 0.00 0.8 8.0 12:30p NNE 28 71.3 90.2 3:55p 56.9 6:00a 1.9 8.1 0.00 0.8 10.0 1:35p N 29 67.4 82.9 1:00p 53.8 6:50a 3.1 5.6 0.00 0.9 12.0 2:30p NE 30 72.2 92.3 4:05p 54.8 4:55a 2.7 10.0 0.00 1.1 13.0 10:25a NW 31 74.9 96.8 3:35p 57.2 6:50a 1.5 11.4 0.00 1.1 14.0 1:10p NNE ------------------------------------------------------------------------------------- 68.9 96.8 31 51.1 26 73.8 196.0 0.00 1.0 14.0 13 N Max >= 90.0: 8 Max <= 32.0: 0 Min <= 32.0: 0 Min <= 0.0: 0 Max Rain: 0.00 ON 08/01/05 Days of Rain: 0 (>.01 in) 0 (>.1 in) 0 (>1 in) Heat Base: 65.0 Cool Base: 65.0 Method: Integration

These reports are produced by WeatherLink V6.0.3.

deformed-offering