deformed-offering

NOAA-style climate reports

2018: Jan | Feb | Mar | Apr | May | Jun | Jul | Aug | Sep | Oct | Nov | Dec 
2017: Jan | Feb | Mar | Apr | May | Jun | Jul | Aug | Sep | Oct | Nov | Dec 
2016: Jan | Feb | Mar | Apr | May | Jun | Jul | Aug | Sep | Oct | Nov | Dec 
2015: Jan | Feb | Mar | Apr | May | Jun | Jul | Aug | Sep | Oct | Nov | Dec 
2014: Jan | Feb | Mar | Apr | May | Jun | Jul | Aug | Sep | Oct | Nov | Dec 
2013: Jan | Feb | Mar | Apr | May | Jun | Jul | Aug | Sep | Oct | Nov | Dec 
2012: Jan | Feb | Mar | Apr | May | Jun | Jul | Aug | Sep | Oct | Nov | Dec 
2011: Jan | Feb | Mar | Apr | May | Jun | Jul | Aug | Sep | Oct | Nov | Dec 
2010: Jan | Feb | Mar | Apr | May | Jun | Jul | Aug | Sep | Oct | Nov | Dec 
2009: Jan | Feb | Mar | Apr | May | Jun | Jul | Aug | Sep | Oct | Nov | Dec 
2008: Jan | Feb | Mar | Apr | May | Jun | Jul | Aug | Sep | Oct | Nov | Dec 
2007: Jan | Feb | Mar | Apr | May | Jun | Jul | Aug | Sep | Oct | Nov | Dec 
2006: Jan | Feb | Mar | Apr | May | Jun | Jul | Aug | Sep | Oct | Nov | Dec 
2005: Jan | Feb | Mar | Apr | May | Jun | Jul | Aug | Sep | Oct | Nov | Dec 
2004: Jan | Feb | Mar | Apr | May | Jun | Jul | Aug | Sep | Oct | Nov | Dec 

Report for 2005 07
MONTHLY CLIMATOLOGICAL SUMMARY for JUL. 2005 NAME: KCASARAT1 CITY: Saratoga STATE: CA ELEV: 375 ft LAT: 37 16' 28" N LONG: 22 01' 23" W TEMPERATURE (F), RAIN (in), WIND SPEED (mph) HEAT COOL AVG MEAN DEG DEG WIND DOM DAY TEMP HIGH TIME LOW TIME DAYS DAYS RAIN SPEED HIGH TIME DIR ------------------------------------------------------------------------------------ 1 71.2 87.4 16:00 58.3 5:30 1.5 7.7 0.00 1.0 12.0 13:35 NNE 2 68.4 85.2 14:35 55.2 5:50 2.8 6.1 0.00 1.2 12.0 16:20 N 3 67.3 85.4 13:45 52.3 6:05 3.4 5.7 0.00 1.2 12.0 16:05 N 4 67.2 85.4 14:25 53.0 5:50 3.6 5.8 0.00 1.2 12.0 17:20 N 5 64.7 77.0 13:20 57.7 5:55 3.2 2.9 0.00 1.5 12.0 15:00 N 6 67.7 83.7 12:40 54.3 5:10 3.1 5.9 0.00 1.3 12.0 13:00 N 7 67.2 82.5 12:45 55.4 6:10 2.7 5.0 0.00 1.3 13.0 13:10 NNE 8 66.2 79.7 16:30 53.0 5:50 3.1 4.3 0.00 1.6 17.0 17:25 NW 9 66.1 77.0 15:00 56.7 6:10 2.2 3.2 0.00 1.7 13.0 13:55 N 10 68.2 81.8 15:20 55.4 5:15 2.5 5.7 0.00 1.7 17.0 18:35 N 11 72.5 86.6 15:00 59.6 6:10 0.9 8.3 0.00 1.2 13.0 12:20 NNE 12 74.6 93.0 14:05 58.7 5:40 1.2 10.7 0.00 1.0 11.0 15:30 N 13 75.5 92.5 13:25 60.5 5:35 0.6 11.0 0.00 1.0 12.0 15:35 NNE 14 75.6 92.8 15:05 60.6 5:45 0.6 11.2 0.00 1.0 11.0 15:10 N 15 75.3 95.0 15:05 58.7 6:10 0.9 11.2 0.00 1.0 11.0 14:15 N 16 76.8 96.3 14:10 60.6 6:10 0.6 12.3 0.00 0.9 12.0 15:15 N 17 76.1 93.4 15:10 62.0 5:50 0.3 11.3 0.00 1.0 10.0 15:30 N 18 71.4 85.4 14:55 61.6 4:40 0.6 7.0 0.00 1.3 12.0 12:50 N 19 72.0 86.0 15:25 63.3 00:00 0.3 7.2 0.00 1.3 11.0 14:45 N 20 72.0 87.2 15:25 60.0 2:30 1.3 8.3 0.00 1.1 10.0 14:30 N 21 67.6 79.2 12:55 61.9 23:55 1.0 3.5 0.00 1.1 10.0 13:50 N 22 68.4 80.3 12:30 59.1 1:25 1.6 5.0 0.00 1.4 12.0 12:45 NW 23 77.0 101.4 14:30 54.3 5:50 2.6 14.5 0.00 0.9 10.0 15:20 NE 24 76.6 94.3 12:50 60.8 5:50 0.4 12.0 0.00 1.1 11.0 15:30 N 25 71.2 87.0 15:10 56.1 5:40 1.7 7.8 0.00 1.1 12.0 13:05 N 26 71.1 90.2 14:45 55.2 5:55 2.3 8.4 0.00 1.1 11.0 15:10 N 27 69.1 85.0 16:50 56.7 2:35 2.2 6.3 0.00 1.1 11.0 14:45 N 28 69.3 83.1 14:10 59.1 3:10 1.5 5.8 0.00 1.2 12.0 14:40 N 29 69.1 84.1 14:05 60.8 5:00 1.4 5.5 0.00 1.3 12.0 16:10 N 30 71.1 88.7 14:30 58.7 6:20 1.5 7.6 0.00 1.2 13.0 15:50 N 31 71.2 89.1 14:55 58.0 5:50 1.7 8.0 0.00 1.0 11.0 15:25 N ------------------------------------------------------------------------------------- 70.9 101.4 23 52.3 3 53.3 235.2 0.00 1.2 17.0 8 N Max >= 90.0: 9 Max <= 32.0: 0 Min <= 32.0: 0 Min <= 0.0: 0 Max Rain: 0.00 ON 07/01/05 Days of Rain: 0 (>.01 in) 0 (>.1 in) 0 (>1 in) Heat Base: 65.0 Cool Base: 65.0 Method: Integration

These reports are produced by WeatherLink V6.0.3.

deformed-offering