deformed-offering

NOAA-style climate reports

2018: Jan | Feb | Mar | Apr | May | Jun | Jul | Aug | Sep | Oct | Nov | Dec 
2017: Jan | Feb | Mar | Apr | May | Jun | Jul | Aug | Sep | Oct | Nov | Dec 
2016: Jan | Feb | Mar | Apr | May | Jun | Jul | Aug | Sep | Oct | Nov | Dec 
2015: Jan | Feb | Mar | Apr | May | Jun | Jul | Aug | Sep | Oct | Nov | Dec 
2014: Jan | Feb | Mar | Apr | May | Jun | Jul | Aug | Sep | Oct | Nov | Dec 
2013: Jan | Feb | Mar | Apr | May | Jun | Jul | Aug | Sep | Oct | Nov | Dec 
2012: Jan | Feb | Mar | Apr | May | Jun | Jul | Aug | Sep | Oct | Nov | Dec 
2011: Jan | Feb | Mar | Apr | May | Jun | Jul | Aug | Sep | Oct | Nov | Dec 
2010: Jan | Feb | Mar | Apr | May | Jun | Jul | Aug | Sep | Oct | Nov | Dec 
2009: Jan | Feb | Mar | Apr | May | Jun | Jul | Aug | Sep | Oct | Nov | Dec 
2008: Jan | Feb | Mar | Apr | May | Jun | Jul | Aug | Sep | Oct | Nov | Dec 
2007: Jan | Feb | Mar | Apr | May | Jun | Jul | Aug | Sep | Oct | Nov | Dec 
2006: Jan | Feb | Mar | Apr | May | Jun | Jul | Aug | Sep | Oct | Nov | Dec 
2005: Jan | Feb | Mar | Apr | May | Jun | Jul | Aug | Sep | Oct | Nov | Dec 
2004: Jan | Feb | Mar | Apr | May | Jun | Jul | Aug | Sep | Oct | Nov | Dec 

Report for 2005 06
MONTHLY CLIMATOLOGICAL SUMMARY for JUN. 2005 NAME: KCASARAT1 CITY: Saratoga STATE: CA ELEV: 375 ft LAT: 37 16' 28" N LONG: 22 01' 23" W TEMPERATURE (F), RAIN (in), WIND SPEED (mph) HEAT COOL AVG MEAN DEG DEG WIND DOM DAY TEMP HIGH TIME LOW TIME DAYS DAYS RAIN SPEED HIGH TIME DIR ------------------------------------------------------------------------------------ 1 68.9 85.6 15:10 54.3 5:50 2.9 6.9 0.00 1.7 14.0 14:30 NW 2 65.9 79.5 13:00 52.3 5:50 3.9 4.7 0.00 1.5 13.0 13:30 NNE 3 64.5 81.0 12:25 52.0 5:45 4.5 3.9 0.00 1.3 13.0 13:05 NNE 4 62.6 80.3 16:20 49.8 6:05 5.8 3.3 0.00 1.3 13.0 15:25 W 5 60.1 72.5 14:15 49.3 5:50 6.1 1.2 0.00 1.4 16.0 17:20 W 6 58.5 70.0 13:15 47.2 6:05 7.2 0.7 0.00 2.5 22.0 11:20 NW 7 59.1 74.0 14:50 46.4 4:45 7.1 1.2 0.00 1.6 17.0 13:25 NW 8 63.5 74.6 12:30 56.3 0:25 3.0 1.5 0.00 0.9 10.0 13:00 NW 9 64.0 72.8 18:05 55.2 00:00 2.7 1.7 0.15 1.4 13.0 14:35 NW 10 64.4 77.9 16:30 53.2 3:05 4.2 3.6 0.00 1.3 16.0 16:15 WNW 11 64.9 80.8 13:25 51.8 5:30 4.2 4.1 0.00 1.2 16.0 13:35 E 12 68.1 86.8 15:25 50.2 4:40 4.2 7.4 0.00 1.2 14.0 15:45 NW 13 72.4 93.6 14:25 54.8 5:45 2.3 9.6 0.00 1.2 16.0 14:45 NNW 14 67.2 81.2 12:55 53.9 6:25 2.9 5.1 0.00 1.1 13.0 15:00 E 15 63.8 82.3 13:50 48.3 5:55 5.2 4.0 0.00 1.2 12.0 14:40 NE 16 58.6 67.0 12:15 52.3 5:55 6.4 0.0 0.00 2.3 18.0 11:25 ESE 17 61.2 73.5 13:10 53.6 3:50 5.1 1.2 0.08 1.1 17.0 13:30 SSE 18 62.3 74.2 13:35 53.6 23:55 4.2 1.5 0.00 0.8 16.0 16:55 SE 19 61.8 75.8 15:40 50.6 4:40 5.4 2.2 0.00 1.4 14.0 14:40 NW 20 63.1 75.3 14:20 50.2 5:35 4.9 3.0 0.00 1.7 14.0 13:05 N 21 62.9 76.5 16:25 50.3 5:15 5.0 2.9 0.00 1.9 18.0 17:35 NW 22 64.3 79.9 14:05 49.9 5:20 4.7 4.1 0.00 1.4 12.0 14:40 NW 23 64.1 80.1 12:55 49.9 6:00 4.6 3.7 0.00 1.3 12.0 14:25 NE 24 64.9 79.5 14:30 51.7 5:50 3.7 3.6 0.00 1.8 14.0 15:10 NE 25 64.2 76.1 15:10 56.1 2:35 3.4 2.5 0.00 1.6 13.0 15:45 E 26 65.1 78.4 14:10 56.1 5:20 3.4 3.5 0.00 1.9 16.0 15:25 ESE 27 63.7 74.2 12:55 56.0 4:55 3.5 2.2 0.00 1.6 13.0 15:30 NW 28 66.9 79.0 14:35 58.3 6:35 2.1 4.0 0.00 1.4 11.0 13:30 NNW 29 71.8 90.0 16:45 55.5 5:55 2.2 9.0 0.00 1.0 9.0 14:55 N 30 73.9 90.2 15:25 59.0 6:00 0.9 9.8 0.00 0.9 10.0 15:05 N ------------------------------------------------------------------------------------- 64.6 93.6 13 46.4 7 125.7 112.1 0.23 1.4 22.0 6 NW Max >= 90.0: 3 Max <= 32.0: 0 Min <= 32.0: 0 Min <= 0.0: 0 Max Rain: 0.15 ON 06/09/05 Days of Rain: 2 (>.01 in) 1 (>.1 in) 0 (>1 in) Heat Base: 65.0 Cool Base: 65.0 Method: Integration

These reports are produced by WeatherLink V6.0.3.

deformed-offering