deformed-offering

NOAA-style climate reports

2018: Jan | Feb | Mar | Apr | May | Jun | Jul | Aug | Sep | Oct | Nov | Dec 
2017: Jan | Feb | Mar | Apr | May | Jun | Jul | Aug | Sep | Oct | Nov | Dec 
2016: Jan | Feb | Mar | Apr | May | Jun | Jul | Aug | Sep | Oct | Nov | Dec 
2015: Jan | Feb | Mar | Apr | May | Jun | Jul | Aug | Sep | Oct | Nov | Dec 
2014: Jan | Feb | Mar | Apr | May | Jun | Jul | Aug | Sep | Oct | Nov | Dec 
2013: Jan | Feb | Mar | Apr | May | Jun | Jul | Aug | Sep | Oct | Nov | Dec 
2012: Jan | Feb | Mar | Apr | May | Jun | Jul | Aug | Sep | Oct | Nov | Dec 
2011: Jan | Feb | Mar | Apr | May | Jun | Jul | Aug | Sep | Oct | Nov | Dec 
2010: Jan | Feb | Mar | Apr | May | Jun | Jul | Aug | Sep | Oct | Nov | Dec 
2009: Jan | Feb | Mar | Apr | May | Jun | Jul | Aug | Sep | Oct | Nov | Dec 
2008: Jan | Feb | Mar | Apr | May | Jun | Jul | Aug | Sep | Oct | Nov | Dec 
2007: Jan | Feb | Mar | Apr | May | Jun | Jul | Aug | Sep | Oct | Nov | Dec 
2006: Jan | Feb | Mar | Apr | May | Jun | Jul | Aug | Sep | Oct | Nov | Dec 
2005: Jan | Feb | Mar | Apr | May | Jun | Jul | Aug | Sep | Oct | Nov | Dec 
2004: Jan | Feb | Mar | Apr | May | Jun | Jul | Aug | Sep | Oct | Nov | Dec 

Report for 2005 05
MONTHLY CLIMATOLOGICAL SUMMARY for MAY. 2005 NAME: KCASARAT1 CITY: Saratoga STATE: CA ELEV: 375 ft LAT: 37 16' 28" N LONG: 22 01' 23" W TEMPERATURE (F), RAIN (in), WIND SPEED (mph) HEAT COOL AVG MEAN DEG DEG WIND DOM DAY TEMP HIGH TIME LOW TIME DAYS DAYS RAIN SPEED HIGH TIME DIR ------------------------------------------------------------------------------------ 1 60.8 71.6 15:25 49.8 6:35 5.6 1.4 0.00 1.2 13.0 17:00 NW 2 60.3 73.5 15:45 47.2 6:05 6.6 1.9 0.00 1.5 13.0 14:40 NNE 3 60.1 71.6 13:05 47.7 6:30 6.0 1.2 0.00 1.1 12.0 14:00 N 4 61.1 71.0 14:30 53.8 4:35 4.6 0.7 0.39 26.8 113.0 17:05 NE 5 60.1 69.5 14:40 53.6 7:20 5.5 0.6 0.11 37.4 113.0 0:10 ESE 6 59.9 69.6 13:45 52.0 23:55 5.7 0.6 0.01 1.0 18.0 16:25 W 7 59.4 72.5 13:35 49.2 3:00 6.4 0.8 0.00 1.0 13.0 15:05 NW 8 58.4 63.9 14:50 55.4 6:45 6.6 0.0 0.13 4.4 113.0 23:45 ESE 9 55.9 64.9 15:50 48.0 23:35 9.1 0.0 0.10 27.6 113.0 0:05 W 10 56.0 69.1 15:30 44.2 4:30 9.3 0.3 0.00 1.8 17.0 13:55 NW 11 59.5 75.6 14:40 45.0 6:10 7.6 2.1 0.00 1.3 17.0 16:35 NW 12 61.6 78.1 14:45 46.4 5:20 6.7 3.2 0.00 1.2 16.0 16:40 NW 13 63.8 77.2 15:40 53.9 6:45 4.2 3.0 0.00 1.1 13.0 14:55 N 14 64.8 77.4 14:25 52.3 5:50 3.7 3.6 0.00 1.3 14.0 14:10 NNE 15 67.9 79.7 14:15 61.2 4:05 1.0 3.9 0.00 1.4 13.0 15:10 NE 16 62.2 70.8 12:35 51.5 00:00 3.6 0.8 0.00 1.7 19.0 17:40 NW 17 58.0 67.6 15:10 48.3 5:40 7.1 0.1 0.00 1.0 13.0 15:30 ESE 18 62.4 71.5 17:20 58.2 1:50 3.4 0.8 0.00 4.3 21.0 9:50 ESE 19 63.0 72.7 13:20 55.1 23:45 2.6 0.6 0.13 1.3 14.0 0:50 NW 20 61.2 74.0 14:35 47.7 5:50 5.7 2.0 0.00 2.0 18.0 13:20 NW 21 64.6 81.0 15:25 49.0 5:40 5.2 4.8 0.00 1.8 19.0 15:45 NW 22 66.2 81.8 15:05 51.7 6:00 4.1 5.3 0.00 1.5 13.0 15:05 NW 23 64.4 83.7 15:30 46.5 5:55 5.7 5.1 0.00 1.3 14.0 15:05 NW 24 68.1 86.4 16:25 49.9 5:55 4.2 7.3 0.00 0.9 12.0 15:55 N 25 70.1 87.2 13:45 55.7 6:00 2.1 7.2 0.00 1.2 12.0 14:20 N 26 65.7 79.5 14:00 58.3 1:20 2.8 3.6 0.00 1.2 12.0 15:45 N 27 64.0 76.7 13:40 56.0 23:55 3.4 2.4 0.00 1.4 14.0 15:50 N 28 60.7 70.3 14:50 53.6 23:55 5.1 0.8 0.00 1.3 18.0 17:40 NW 29 61.8 74.0 15:15 53.9 0:10 4.5 1.2 0.00 1.4 17.0 16:40 NW 30 64.6 82.7 15:00 50.1 4:30 4.8 4.4 0.00 1.3 13.0 16:15 N 31 68.0 81.8 14:50 57.3 6:25 2.4 5.3 0.00 1.3 14.0 15:00 N ------------------------------------------------------------------------------------- 62.4 87.2 25 44.2 10 155.3 75.0 0.87 4.4 113.0 4 NW Max >= 90.0: 0 Max <= 32.0: 0 Min <= 32.0: 0 Min <= 0.0: 0 Max Rain: 0.39 ON 05/04/05 Days of Rain: 5 (>.01 in) 4 (>.1 in) 0 (>1 in) Heat Base: 65.0 Cool Base: 65.0 Method: Integration

These reports are produced by WeatherLink V6.0.3.

deformed-offering