deformed-offering

NOAA-style climate reports

2018: Jan | Feb | Mar | Apr | May | Jun | Jul | Aug | Sep | Oct | Nov | Dec 
2017: Jan | Feb | Mar | Apr | May | Jun | Jul | Aug | Sep | Oct | Nov | Dec 
2016: Jan | Feb | Mar | Apr | May | Jun | Jul | Aug | Sep | Oct | Nov | Dec 
2015: Jan | Feb | Mar | Apr | May | Jun | Jul | Aug | Sep | Oct | Nov | Dec 
2014: Jan | Feb | Mar | Apr | May | Jun | Jul | Aug | Sep | Oct | Nov | Dec 
2013: Jan | Feb | Mar | Apr | May | Jun | Jul | Aug | Sep | Oct | Nov | Dec 
2012: Jan | Feb | Mar | Apr | May | Jun | Jul | Aug | Sep | Oct | Nov | Dec 
2011: Jan | Feb | Mar | Apr | May | Jun | Jul | Aug | Sep | Oct | Nov | Dec 
2010: Jan | Feb | Mar | Apr | May | Jun | Jul | Aug | Sep | Oct | Nov | Dec 
2009: Jan | Feb | Mar | Apr | May | Jun | Jul | Aug | Sep | Oct | Nov | Dec 
2008: Jan | Feb | Mar | Apr | May | Jun | Jul | Aug | Sep | Oct | Nov | Dec 
2007: Jan | Feb | Mar | Apr | May | Jun | Jul | Aug | Sep | Oct | Nov | Dec 
2006: Jan | Feb | Mar | Apr | May | Jun | Jul | Aug | Sep | Oct | Nov | Dec 
2005: Jan | Feb | Mar | Apr | May | Jun | Jul | Aug | Sep | Oct | Nov | Dec 
2004: Jan | Feb | Mar | Apr | May | Jun | Jul | Aug | Sep | Oct | Nov | Dec 

Report for 2005 04
MONTHLY CLIMATOLOGICAL SUMMARY for APR. 2005 NAME: KCASARAT1 CITY: Saratoga STATE: CA ELEV: 375 ft LAT: 37 16' 28" N LONG: 22 01' 23" W TEMPERATURE (F), RAIN (in), WIND SPEED (mph) HEAT COOL AVG MEAN DEG DEG WIND DOM DAY TEMP HIGH TIME LOW TIME DAYS DAYS RAIN SPEED HIGH TIME DIR ------------------------------------------------------------------------------------ 1 58.9 75.4 14:15 44.5 5:25 8.3 2.1 0.00 1.2 14.0 14:40 WNW 2 53.6 65.9 12:25 44.8 3:10 11.2 0.0 0.00 1.4 13.0 15:05 ENE 3 53.5 64.9 15:45 46.7 22:35 11.0 0.0 0.41 18.9 113.0 19:40 W 4 52.3 63.3 16:25 43.5 4:30 12.7 0.0 0.05 32.1 113.0 0:20 W 5 56.8 73.5 16:40 42.0 6:05 9.8 1.6 0.00 0.8 10.0 15:00 NW 6 59.5 80.5 14:20 45.5 7:00 8.1 2.6 0.00 1.4 17.0 16:00 WNW 7 53.6 62.5 15:25 44.0 00:00 11.4 0.0 0.17 1.9 17.0 17:20 W 8 50.2 60.5 15:05 42.2 3:45 14.8 0.0 0.28 3.7 113.0 12:50 W 9 55.6 66.0 16:15 47.8 23:40 9.4 0.0 0.01 3.0 18.0 8:45 NW 10 56.5 72.7 15:15 43.5 6:40 9.6 1.1 0.00 1.3 14.0 14:40 N 11 54.5 68.3 16:00 43.9 7:05 10.7 0.2 0.00 1.3 14.0 14:20 W 12 51.7 63.6 15:05 40.0 5:55 13.3 0.0 0.00 2.0 17.0 10:05 NW 13 51.0 62.2 14:30 42.2 2:10 14.0 0.0 0.00 2.8 19.0 9:45 NW 14 52.9 67.1 16:15 40.8 3:30 12.1 0.1 0.00 2.1 16.0 12:05 NW 15 56.9 74.0 15:45 40.9 6:00 9.9 1.8 0.00 1.3 13.0 14:50 NW 16 58.9 73.7 16:25 46.4 4:20 7.8 1.7 0.00 1.2 13.0 16:30 N 17 58.2 70.5 14:45 46.1 00:00 7.2 0.4 0.00 1.6 16.0 15:40 W 18 53.7 70.1 16:05 40.9 5:55 11.9 0.5 0.00 1.9 18.0 16:40 W 19 57.0 71.3 15:50 42.3 6:30 9.0 1.0 0.00 2.0 19.0 16:00 NW 20 54.5 68.8 14:20 40.8 6:20 10.8 0.2 0.00 1.5 13.0 15:55 NNE 21 58.5 75.4 16:35 44.8 4:05 8.6 2.1 0.00 1.0 12.0 14:45 NNE 22 59.4 79.0 12:45 47.8 6:40 7.7 2.0 0.00 2.0 25.0 21:35 S 23 54.9 62.5 14:35 49.0 00:00 10.1 0.0 0.36 17.5 113.0 5:20 ESE 24 54.8 65.2 17:30 46.2 3:10 10.2 0.0 0.01 0.6 13.0 17:25 W 25 56.3 71.1 15:35 43.8 4:45 9.4 0.7 0.00 1.2 13.0 16:40 NW 26 59.3 74.6 14:55 46.4 4:45 7.5 1.9 0.00 1.0 13.0 17:25 NW 27 57.1 66.5 16:15 47.7 6:30 7.9 0.0 0.01 1.3 18.0 16:30 S 28 56.5 66.2 13:20 49.2 23:45 8.5 0.0 0.32 13.5 113.0 4:50 N 29 57.5 71.5 13:40 45.5 4:20 8.5 0.9 0.01 1.3 13.0 14:20 NW 30 57.4 69.3 12:30 48.3 5:05 7.8 0.2 0.00 0.9 13.0 14:15 NW ------------------------------------------------------------------------------------- 55.7 80.5 6 40.0 12 299.2 21.1 1.63 4.1 113.0 3 NW Max >= 90.0: 0 Max <= 32.0: 0 Min <= 32.0: 0 Min <= 0.0: 0 Max Rain: 0.41 ON 04/03/05 Days of Rain: 6 (>.01 in) 5 (>.1 in) 0 (>1 in) Heat Base: 65.0 Cool Base: 65.0 Method: Integration

These reports are produced by WeatherLink V6.0.3.

deformed-offering