deformed-offering

NOAA-style climate reports

2018: Jan | Feb | Mar | Apr | May | Jun | Jul | Aug | Sep | Oct | Nov | Dec 
2017: Jan | Feb | Mar | Apr | May | Jun | Jul | Aug | Sep | Oct | Nov | Dec 
2016: Jan | Feb | Mar | Apr | May | Jun | Jul | Aug | Sep | Oct | Nov | Dec 
2015: Jan | Feb | Mar | Apr | May | Jun | Jul | Aug | Sep | Oct | Nov | Dec 
2014: Jan | Feb | Mar | Apr | May | Jun | Jul | Aug | Sep | Oct | Nov | Dec 
2013: Jan | Feb | Mar | Apr | May | Jun | Jul | Aug | Sep | Oct | Nov | Dec 
2012: Jan | Feb | Mar | Apr | May | Jun | Jul | Aug | Sep | Oct | Nov | Dec 
2011: Jan | Feb | Mar | Apr | May | Jun | Jul | Aug | Sep | Oct | Nov | Dec 
2010: Jan | Feb | Mar | Apr | May | Jun | Jul | Aug | Sep | Oct | Nov | Dec 
2009: Jan | Feb | Mar | Apr | May | Jun | Jul | Aug | Sep | Oct | Nov | Dec 
2008: Jan | Feb | Mar | Apr | May | Jun | Jul | Aug | Sep | Oct | Nov | Dec 
2007: Jan | Feb | Mar | Apr | May | Jun | Jul | Aug | Sep | Oct | Nov | Dec 
2006: Jan | Feb | Mar | Apr | May | Jun | Jul | Aug | Sep | Oct | Nov | Dec 
2005: Jan | Feb | Mar | Apr | May | Jun | Jul | Aug | Sep | Oct | Nov | Dec 
2004: Jan | Feb | Mar | Apr | May | Jun | Jul | Aug | Sep | Oct | Nov | Dec 

Report for 2005 03
MONTHLY CLIMATOLOGICAL SUMMARY for MAR. 2005 NAME: KCASARAT1 CITY: Saratoga STATE: CA ELEV: 375 ft LAT: 37 16' 28" N LONG: 22 01' 23" W TEMPERATURE (F), RAIN (in), WIND SPEED (mph) HEAT COOL AVG MEAN DEG DEG WIND DOM DAY TEMP HIGH TIME LOW TIME DAYS DAYS RAIN SPEED HIGH TIME DIR ------------------------------------------------------------------------------------ 1 53.2 64.6 13:20 44.0 2:00 11.8 0.0 0.21 1.6 16.0 12:25 S 2 54.3 64.4 13:45 45.5 6:55 10.7 0.0 0.05 1.0 12.0 14:50 NW 3 53.8 66.5 13:30 42.9 6:05 11.3 0.1 0.19 1.0 14.0 13:10 S 4 52.9 56.1 14:55 47.5 23:55 12.1 0.0 0.39 0.5 11.0 10:10 NW 5 55.0 71.5 14:55 43.0 6:45 11.0 1.0 0.00 0.6 12.0 13:50 NW 6 57.6 74.0 14:40 44.9 5:30 9.2 1.9 0.00 1.0 13.0 12:45 NW 7 58.4 74.2 16:05 49.6 0:05 8.1 1.5 0.00 0.6 8.0 14:10 NNE 8 59.4 74.2 14:20 48.7 1:50 7.5 1.9 0.00 0.6 12.0 14:40 WNW 9 61.1 77.4 14:35 49.0 3:55 6.7 2.8 0.01 0.8 12.0 13:00 NW 10 65.3 79.5 14:40 51.1 6:25 4.2 4.5 0.00 1.2 16.0 10:30 WNW 11 67.8 86.6 15:50 52.1 6:35 3.8 6.6 0.00 0.7 9.0 13:30 W 12 58.7 67.8 15:25 52.4 3:20 6.4 0.1 0.00 0.6 10.0 16:25 E 13 59.3 69.1 13:10 52.3 21:35 6.1 0.4 0.00 1.2 13.0 14:40 NE 14 58.6 72.3 14:50 46.1 6:25 7.7 1.3 0.00 2.2 22.0 10:30 NW 15 58.5 75.4 13:15 43.6 5:05 9.0 2.5 0.00 1.1 13.0 15:00 W 16 56.4 74.7 14:05 39.6 6:35 10.1 1.5 0.00 0.9 14.0 15:35 W 17 57.6 70.1 12:50 48.1 3:10 7.9 0.5 0.00 0.6 8.0 11:00 S 18 55.6 57.6 16:45 53.0 3:50 9.4 0.0 0.11 1.8 16.0 17:15 SSE 19 56.6 65.2 14:25 52.3 23:10 8.4 0.0 0.40 1.7 14.0 5:05 ESE 20 55.0 63.0 14:45 49.8 6:35 10.0 0.0 0.26 4.7 113.0 10:15 S 21 53.8 62.3 12:20 46.1 6:20 11.2 0.0 0.35 2.9 108.0 21:30 S 22 53.5 60.2 10:45 49.5 19:35 11.5 0.0 0.55 27.3 113.0 1:45 W 23 51.5 57.6 14:05 48.7 4:55 13.5 0.0 0.03 3.0 113.0 0:20 W 24 51.6 61.9 13:55 42.8 23:55 13.4 0.0 0.00 1.0 14.0 15:35 W 25 50.9 62.5 13:50 40.0 6:00 14.1 0.0 0.00 1.5 13.0 10:00 WSW 26 54.8 69.5 14:20 41.2 5:45 10.8 0.5 0.00 0.6 10.0 15:30 NNW 27 56.2 66.3 12:25 44.3 4:30 8.8 0.0 0.63 31.3 113.0 16:55 S 28 52.0 60.3 14:40 45.0 22:45 13.0 0.0 0.18 32.8 113.0 0:55 W 29 52.0 61.7 15:05 45.0 21:50 13.0 0.0 0.11 1.6 18.0 12:20 NW 30 53.7 67.5 15:05 40.6 6:05 11.5 0.2 0.00 1.4 12.0 9:35 W 31 57.7 75.8 14:40 40.8 6:00 9.4 2.1 0.00 1.1 12.0 10:00 WNW ------------------------------------------------------------------------------------- 56.2 86.6 11 39.6 16 301.6 29.4 3.47 4.2 113.0 20 W Max >= 90.0: 0 Max <= 32.0: 0 Min <= 32.0: 0 Min <= 0.0: 0 Max Rain: 0.63 ON 03/27/05 Days of Rain: 13 (>.01 in) 11 (>.1 in) 0 (>1 in) Heat Base: 65.0 Cool Base: 65.0 Method: Integration

These reports are produced by WeatherLink V6.0.3.

deformed-offering