deformed-offering

NOAA-style climate reports

2018: Jan | Feb | Mar | Apr | May | Jun | Jul | Aug | Sep | Oct | Nov | Dec 
2017: Jan | Feb | Mar | Apr | May | Jun | Jul | Aug | Sep | Oct | Nov | Dec 
2016: Jan | Feb | Mar | Apr | May | Jun | Jul | Aug | Sep | Oct | Nov | Dec 
2015: Jan | Feb | Mar | Apr | May | Jun | Jul | Aug | Sep | Oct | Nov | Dec 
2014: Jan | Feb | Mar | Apr | May | Jun | Jul | Aug | Sep | Oct | Nov | Dec 
2013: Jan | Feb | Mar | Apr | May | Jun | Jul | Aug | Sep | Oct | Nov | Dec 
2012: Jan | Feb | Mar | Apr | May | Jun | Jul | Aug | Sep | Oct | Nov | Dec 
2011: Jan | Feb | Mar | Apr | May | Jun | Jul | Aug | Sep | Oct | Nov | Dec 
2010: Jan | Feb | Mar | Apr | May | Jun | Jul | Aug | Sep | Oct | Nov | Dec 
2009: Jan | Feb | Mar | Apr | May | Jun | Jul | Aug | Sep | Oct | Nov | Dec 
2008: Jan | Feb | Mar | Apr | May | Jun | Jul | Aug | Sep | Oct | Nov | Dec 
2007: Jan | Feb | Mar | Apr | May | Jun | Jul | Aug | Sep | Oct | Nov | Dec 
2006: Jan | Feb | Mar | Apr | May | Jun | Jul | Aug | Sep | Oct | Nov | Dec 
2005: Jan | Feb | Mar | Apr | May | Jun | Jul | Aug | Sep | Oct | Nov | Dec 
2004: Jan | Feb | Mar | Apr | May | Jun | Jul | Aug | Sep | Oct | Nov | Dec 

Report for 2005 02
MONTHLY CLIMATOLOGICAL SUMMARY for FEB. 2005 NAME: KCASARAT1 CITY: Saratoga STATE: CA ELEV: 375 ft LAT: 37 16' 28" N LONG: 22 01' 23" W TEMPERATURE (F), RAIN (in), WIND SPEED (mph) HEAT COOL AVG MEAN DEG DEG WIND DOM DAY TEMP HIGH TIME LOW TIME DAYS DAYS RAIN SPEED HIGH TIME DIR ------------------------------------------------------------------------------------ 1 54.7 69.1 15:15 41.6 5:30 10.8 0.5 0.00 1.3 13.0 9:40 W 2 54.2 67.8 13:45 42.9 7:30 11.1 0.3 0.00 0.9 11.0 12:15 WSW 3 51.9 67.0 15:15 40.3 6:00 13.3 0.2 0.00 0.5 8.0 13:15 SSW 4 51.9 66.3 14:50 38.7 6:50 13.1 0.0 0.00 0.5 7.0 12:35 WNW 5 51.8 60.8 13:45 42.9 4:55 13.2 0.0 0.00 0.6 10.0 12:35 WNW 6 50.6 61.7 14:15 40.6 7:00 14.4 0.0 0.00 0.9 14.0 16:45 W 7 50.1 57.3 13:20 43.8 23:20 14.9 0.0 0.07 0.6 11.0 15:00 W 8 49.0 57.2 14:25 43.3 0:25 16.0 0.0 0.00 0.3 7.0 12:20 W 9 50.7 63.6 14:00 40.6 7:00 14.3 0.0 0.00 0.6 11.0 15:20 WSW 10 52.5 67.6 14:45 40.2 7:10 12.7 0.2 0.00 0.8 11.0 12:45 WSW 11 52.6 60.6 13:20 45.2 3:10 12.4 0.0 0.13 0.1 7.0 9:45 W 12 54.3 67.8 15:05 45.2 7:05 10.9 0.1 0.00 0.6 11.0 15:20 N 13 52.8 58.3 14:00 45.6 2:20 12.2 0.0 0.00 1.0 16.0 15:15 SSE 14 54.5 62.2 11:30 52.0 21:25 10.5 0.0 0.21 0.4 11.0 22:40 E 15 54.2 57.3 13:00 51.2 5:10 10.8 0.0 1.28 0.6 7.0 14:50 E 16 57.6 65.9 14:15 50.9 7:20 7.4 0.0 0.01 0.8 11.0 12:50 SSE 17 54.4 58.5 12:10 50.9 3:45 10.6 0.0 0.20 0.3 8.0 12:25 WNW 18 56.1 67.1 13:45 50.1 00:00 9.0 0.1 0.33 1.1 13.0 12:15 E 19 53.0 59.7 10:35 46.4 3:50 12.0 0.0 0.28 0.6 12.0 12:15 ESE 20 54.3 59.9 11:45 49.0 4:20 10.7 0.0 0.17 1.7 18.0 13:15 ESE 21 54.7 65.7 13:35 46.1 23:10 10.3 0.0 0.24 1.6 21.0 14:25 SSE 22 52.9 66.2 15:45 41.9 5:55 12.2 0.0 0.00 0.7 11.0 13:35 NW 23 52.0 61.9 11:20 43.3 6:40 13.0 0.0 0.00 0.7 10.0 12:20 NNE 24 52.9 55.7 14:15 50.9 3:15 12.1 0.0 0.00 0.2 5.0 3:15 W 25 53.5 61.2 14:30 47.2 22:45 11.5 0.0 0.00 0.6 11.0 13:55 W 26 55.5 65.2 14:35 49.8 0:05 9.5 0.0 0.00 0.5 8.0 12:40 S 27 54.2 65.0 13:30 47.1 00:00 10.8 0.0 0.63 2.0 19.0 12:45 ESE 28 52.5 65.2 13:40 43.9 6:35 12.5 0.0 0.00 0.7 11.0 15:05 NE ------------------------------------------------------------------------------------- 53.2 69.1 1 38.7 4 332.2 1.4 3.55 0.8 21.0 21 W Max >= 90.0: 0 Max <= 32.0: 0 Min <= 32.0: 0 Min <= 0.0: 0 Max Rain: 1.28 ON 02/15/05 Days of Rain: 10 (>.01 in) 9 (>.1 in) 1 (>1 in) Heat Base: 65.0 Cool Base: 65.0 Method: Integration

These reports are produced by WeatherLink V6.0.3.

deformed-offering