deformed-offering

NOAA-style climate reports

2018: Jan | Feb | Mar | Apr | May | Jun | Jul | Aug | Sep | Oct | Nov | Dec 
2017: Jan | Feb | Mar | Apr | May | Jun | Jul | Aug | Sep | Oct | Nov | Dec 
2016: Jan | Feb | Mar | Apr | May | Jun | Jul | Aug | Sep | Oct | Nov | Dec 
2015: Jan | Feb | Mar | Apr | May | Jun | Jul | Aug | Sep | Oct | Nov | Dec 
2014: Jan | Feb | Mar | Apr | May | Jun | Jul | Aug | Sep | Oct | Nov | Dec 
2013: Jan | Feb | Mar | Apr | May | Jun | Jul | Aug | Sep | Oct | Nov | Dec 
2012: Jan | Feb | Mar | Apr | May | Jun | Jul | Aug | Sep | Oct | Nov | Dec 
2011: Jan | Feb | Mar | Apr | May | Jun | Jul | Aug | Sep | Oct | Nov | Dec 
2010: Jan | Feb | Mar | Apr | May | Jun | Jul | Aug | Sep | Oct | Nov | Dec 
2009: Jan | Feb | Mar | Apr | May | Jun | Jul | Aug | Sep | Oct | Nov | Dec 
2008: Jan | Feb | Mar | Apr | May | Jun | Jul | Aug | Sep | Oct | Nov | Dec 
2007: Jan | Feb | Mar | Apr | May | Jun | Jul | Aug | Sep | Oct | Nov | Dec 
2006: Jan | Feb | Mar | Apr | May | Jun | Jul | Aug | Sep | Oct | Nov | Dec 
2005: Jan | Feb | Mar | Apr | May | Jun | Jul | Aug | Sep | Oct | Nov | Dec 
2004: Jan | Feb | Mar | Apr | May | Jun | Jul | Aug | Sep | Oct | Nov | Dec 

Report for 2005 01
MONTHLY CLIMATOLOGICAL SUMMARY for JAN. 2005 NAME: KCASARAT1 CITY: Saratoga STATE: CA ELEV: 375 ft LAT: 37 16' 28" N LONG: 22 01' 23" W TEMPERATURE (F), RAIN (in), WIND SPEED (mph) HEAT COOL AVG MEAN DEG DEG WIND DOM DAY TEMP HIGH TIME LOW TIME DAYS DAYS RAIN SPEED HIGH TIME DIR ------------------------------------------------------------------------------------ 1 46.7 54.2 13:15 40.6 5:50 18.3 0.0 0.02 0.5 12.0 12:10 S 2 46.4 49.0 12:55 42.9 0:05 18.6 0.0 0.58 1.3 13.0 2:20 ESE 3 44.9 52.0 13:10 39.9 7:00 20.1 0.0 0.00 0.3 10.0 15:00 WNW 4 44.4 51.2 13:55 38.5 23:05 20.6 0.0 0.01 0.2 6.0 14:05 E 5 47.4 54.2 12:25 40.2 0:05 17.6 0.0 0.00 0.4 10.0 10:15 E 6 46.8 54.6 15:00 41.0 5:50 18.2 0.0 0.00 0.2 7.0 23:30 SSE 7 50.9 59.0 13:00 46.9 1:25 14.1 0.0 0.94 3.5 27.0 13:30 SSE 8 49.6 53.5 16:05 45.8 7:50 15.4 0.0 0.40 1.5 26.0 16:05 SSE 9 48.5 54.5 15:25 42.5 4:00 16.5 0.0 0.04 0.1 5.0 14:15 SSE 10 50.3 58.7 14:40 44.8 0:10 14.7 0.0 0.72 1.9 22.0 18:15 S 11 47.4 54.2 13:25 39.0 00:00 17.6 0.0 0.36 1.9 22.0 7:20 NW 12 44.1 57.2 13:05 35.4 6:10 20.9 0.0 0.01 0.4 10.0 13:10 WNW 13 40.9 46.9 15:45 35.7 00:00 24.1 0.0 0.00 0.3 7.0 11:55 WNW 14 40.3 52.4 15:15 31.9 7:05 24.7 0.0 0.01 0.5 8.0 13:50 NW 15 42.5 54.3 14:20 32.8 6:30 22.5 0.0 0.01 0.3 7.0 14:35 NW 16 47.0 61.7 14:55 37.9 2:00 18.0 0.0 0.00 0.8 12.0 11:40 NNE 17 48.8 63.1 13:45 40.3 7:00 16.2 0.0 0.00 0.5 11.0 11:35 NW 18 47.4 58.7 14:30 40.6 23:50 17.6 0.0 0.00 0.5 12.0 7:05 NW 19 46.4 60.5 15:05 38.7 3:10 18.6 0.0 0.01 0.4 8.0 3:25 NNW 20 46.9 63.3 14:35 36.9 6:00 18.1 0.0 0.01 0.4 8.0 15:20 NNW 21 48.1 63.0 15:35 38.2 7:05 16.9 0.0 0.00 0.4 7.0 12:00 NW 22 45.4 57.6 15:30 39.6 2:10 19.6 0.0 0.01 0.1 5.0 9:15 N 23 46.7 58.8 15:25 39.5 1:05 18.3 0.0 0.01 0.3 7.0 13:40 WNW 24 49.4 62.7 14:35 39.9 6:50 15.6 0.0 0.00 0.2 6.0 14:40 N 25 54.1 65.0 12:00 44.5 4:30 10.9 0.0 0.03 1.0 13.0 14:50 S 26 55.1 62.8 13:25 45.0 23:50 9.9 0.0 0.31 1.3 14.0 6:50 ESE 27 50.9 58.5 14:45 41.3 6:50 14.1 0.0 0.66 2.2 20.0 14:55 SSE 28 50.2 57.3 15:10 42.8 00:00 14.8 0.0 0.23 1.1 24.0 0:20 W 29 47.6 57.9 14:00 39.6 7:15 17.4 0.0 0.00 1.4 13.0 10:25 WNW 30 47.5 62.2 15:05 36.2 6:20 17.5 0.0 0.01 0.9 13.0 14:15 WNW 31 49.4 64.2 15:45 38.0 5:50 15.6 0.0 0.00 0.8 14.0 13:05 NW ------------------------------------------------------------------------------------- 47.5 65.0 25 31.9 14 543.0 0.0 4.38 0.8 27.0 7 NW Max >= 90.0: 0 Max <= 32.0: 0 Min <= 32.0: 1 Min <= 0.0: 0 Max Rain: 0.94 ON 01/07/05 Days of Rain: 11 (>.01 in) 8 (>.1 in) 0 (>1 in) Heat Base: 65.0 Cool Base: 65.0 Method: Integration

These reports are produced by WeatherLink V6.0.3.

deformed-offering