deformed-offering

NOAA-style climate reports

2018: Jan | Feb | Mar | Apr | May | Jun | Jul | Aug | Sep | Oct | Nov | Dec 
2017: Jan | Feb | Mar | Apr | May | Jun | Jul | Aug | Sep | Oct | Nov | Dec 
2016: Jan | Feb | Mar | Apr | May | Jun | Jul | Aug | Sep | Oct | Nov | Dec 
2015: Jan | Feb | Mar | Apr | May | Jun | Jul | Aug | Sep | Oct | Nov | Dec 
2014: Jan | Feb | Mar | Apr | May | Jun | Jul | Aug | Sep | Oct | Nov | Dec 
2013: Jan | Feb | Mar | Apr | May | Jun | Jul | Aug | Sep | Oct | Nov | Dec 
2012: Jan | Feb | Mar | Apr | May | Jun | Jul | Aug | Sep | Oct | Nov | Dec 
2011: Jan | Feb | Mar | Apr | May | Jun | Jul | Aug | Sep | Oct | Nov | Dec 
2010: Jan | Feb | Mar | Apr | May | Jun | Jul | Aug | Sep | Oct | Nov | Dec 
2009: Jan | Feb | Mar | Apr | May | Jun | Jul | Aug | Sep | Oct | Nov | Dec 
2008: Jan | Feb | Mar | Apr | May | Jun | Jul | Aug | Sep | Oct | Nov | Dec 
2007: Jan | Feb | Mar | Apr | May | Jun | Jul | Aug | Sep | Oct | Nov | Dec 
2006: Jan | Feb | Mar | Apr | May | Jun | Jul | Aug | Sep | Oct | Nov | Dec 
2005: Jan | Feb | Mar | Apr | May | Jun | Jul | Aug | Sep | Oct | Nov | Dec 
2004: Jan | Feb | Mar | Apr | May | Jun | Jul | Aug | Sep | Oct | Nov | Dec 

Report for 2005
ANNUAL CLIMATOLOGICAL SUMMARY NAME: KCASARAT1 CITY: Saratoga STATE: CA ELEV: 375 ft LAT: 37 16' 28" N LONG: 22 01' 23" W TEMPERATURE (F), HEAT BASE 65.0, COOL BASE 65.0 DEP. HEAT COOL MEAN MEAN FROM DEG DEG MAX MAX MIN MIN YR MO MAX MIN MEAN NORM DAYS DAYS HI DATE LOW DATE >=90 <=32 <=32 <=0 ------------------------------------------------------------------------------------ 05 1 57.5 39.9 47.5 -2.0 543 0 65.0 25 31.9 14 0 0 1 0 05 2 62.9 45.4 53.2 2.1 332 1 69.1 1 38.7 4 0 0 0 0 05 3 68.1 46.4 56.2 0.8 302 29 86.6 11 39.6 16 0 0 0 0 05 4 69.2 44.6 55.7 -0.3 299 21 80.5 6 40.0 12 0 0 0 0 05 5 75.1 51.7 62.4 2.3 155 75 87.2 25 44.2 10 0 0 0 0 05 6 78.8 52.6 64.6 -0.4 126 112 93.6 13 46.4 7 3 0 0 0 05 7 87.0 58.0 70.9 3.6 53 235 101.4 23 52.3 3 9 0 0 0 05 8 85.6 56.9 68.9 1.6 74 196 96.8 31 51.1 26 8 0 0 0 05 9 79.2 52.2 63.8 -2.7 140 105 92.1 29 46.7 12 2 0 0 0 05 10 75.3 49.6 60.5 -0.0 206 66 86.8 13 43.5 30 0 0 0 0 05 11 68.7 45.1 55.6 1.6 302 20 77.5 18 34.4 27 0 0 0 0 05 12 61.0 44.7 52.5 2.2 390 1 73.4 20 33.4 6 0 0 0 0 ------------------------------------------------------------------------------------ 72.4 49.0 59.4 0.7 2922 862 101.4 JUL 31.9 JAN 22 0 1 0 PRECIPITATION (in) DEP. MAX DAYS OF RAIN FROM OBS. OVER YR MO TOTAL NORM DAY DATE .01 .1 1 --------------------------------------------- 05 1 4.38 2.78 0.94 7 11 8 0 05 2 3.55 0.25 1.28 15 10 9 1 05 3 3.47 2.17 0.63 27 13 11 0 05 4 1.63 -0.07 0.41 3 6 5 0 05 5 0.87 0.37 0.39 4 5 4 0 05 6 0.23 0.23 0.15 9 2 1 0 05 7 0.00 0.00 0.00 1 0 0 0 05 8 0.00 0.00 0.00 1 0 0 0 05 9 0.01 0.01 0.01 20 0 0 0 05 10 0.08 0.08 0.06 15 1 0 0 05 11 0.59 -1.91 0.28 8 6 2 0 05 12 10.27 0.87 3.47 18 15 10 3 --------------------------------------------- 25.08 4.78 3.47 DEC 69 50 4 WIND SPEED (mph) DOM YR MO AVG. HI DATE DIR --------------------------------- 05 1 0.8 27.0 7 NW 05 2 0.8 21.0 21 W 05 3 4.2 113.0 20 W 05 4 4.1 113.0 3 NW 05 5 4.4 113.0 4 NW 05 6 1.4 22.0 6 NW 05 7 1.2 17.0 8 N 05 8 1.0 14.0 13 N 05 9 0.9 18.0 8 N 05 10 0.9 19.0 3 NW 05 11 0.5 24.0 28 NW 05 12 1.3 31.0 31 ESE --------------------------------- 1.8 113.0 MAR NW

These reports are produced by WeatherLink V6.0.3.

deformed-offering