deformed-offering

NOAA-style climate reports

2018: Jan | Feb | Mar | Apr | May | Jun | Jul | Aug | Sep | Oct | Nov | Dec 
2017: Jan | Feb | Mar | Apr | May | Jun | Jul | Aug | Sep | Oct | Nov | Dec 
2016: Jan | Feb | Mar | Apr | May | Jun | Jul | Aug | Sep | Oct | Nov | Dec 
2015: Jan | Feb | Mar | Apr | May | Jun | Jul | Aug | Sep | Oct | Nov | Dec 
2014: Jan | Feb | Mar | Apr | May | Jun | Jul | Aug | Sep | Oct | Nov | Dec 
2013: Jan | Feb | Mar | Apr | May | Jun | Jul | Aug | Sep | Oct | Nov | Dec 
2012: Jan | Feb | Mar | Apr | May | Jun | Jul | Aug | Sep | Oct | Nov | Dec 
2011: Jan | Feb | Mar | Apr | May | Jun | Jul | Aug | Sep | Oct | Nov | Dec 
2010: Jan | Feb | Mar | Apr | May | Jun | Jul | Aug | Sep | Oct | Nov | Dec 
2009: Jan | Feb | Mar | Apr | May | Jun | Jul | Aug | Sep | Oct | Nov | Dec 
2008: Jan | Feb | Mar | Apr | May | Jun | Jul | Aug | Sep | Oct | Nov | Dec 
2007: Jan | Feb | Mar | Apr | May | Jun | Jul | Aug | Sep | Oct | Nov | Dec 
2006: Jan | Feb | Mar | Apr | May | Jun | Jul | Aug | Sep | Oct | Nov | Dec 
2005: Jan | Feb | Mar | Apr | May | Jun | Jul | Aug | Sep | Oct | Nov | Dec 
2004: Jan | Feb | Mar | Apr | May | Jun | Jul | Aug | Sep | Oct | Nov | Dec 

Report for 2004 12
MONTHLY CLIMATOLOGICAL SUMMARY for DEC. 2004 NAME: KCASARAT1 CITY: Saratoga STATE: CA ELEV: 375 ft LAT: 37 16' 28" N LONG: 22 01' 23" W TEMPERATURE (F), RAIN (in), WIND SPEED (mph) HEAT COOL AVG MEAN DEG DEG WIND DOM DAY TEMP HIGH TIME LOW TIME DAYS DAYS RAIN SPEED HIGH TIME DIR ------------------------------------------------------------------------------------ 1 43.0 56.2 13:55 32.7 6:40 22.0 0.0 0.00 0.5 10.0 13:05 NW 2 43.3 55.9 14:35 33.2 7:00 21.7 0.0 0.00 1.3 20.0 15:15 NW 3 44.0 58.7 14:35 33.4 7:15 21.0 0.0 0.00 0.6 11.0 13:20 WNW 4 43.4 56.5 12:35 30.7 6:05 21.6 0.0 0.00 0.5 10.0 20:15 WNW 5 45.1 56.0 14:30 36.2 7:10 19.9 0.0 0.00 0.8 16.0 11:45 NW 6 48.4 57.3 12:00 37.6 6:55 16.6 0.0 0.29 2.1 30.0 22:20 SSE 7 53.1 57.8 14:25 49.5 5:25 11.9 0.0 0.57 2.3 33.0 1:00 S 8 55.5 59.6 12:45 51.0 3:45 9.5 0.0 0.51 2.1 19.0 0:55 E 9 55.5 65.8 13:30 46.8 23:35 9.5 0.0 0.01 0.3 7.0 14:05 SSW 10 53.4 63.9 14:30 46.2 0:40 11.6 0.0 0.00 0.3 7.0 11:30 NW 11 51.4 63.1 14:50 45.5 23:50 13.6 0.0 0.01 0.3 8.0 12:45 NW 12 51.4 57.3 15:15 43.6 4:50 13.6 0.0 0.01 1.0 19.0 11:30 SSE 13 55.6 64.2 12:50 46.7 4:20 9.4 0.0 0.00 0.4 8.0 0:55 S 14 52.6 57.2 14:05 45.3 00:00 12.4 0.0 0.00 0.7 11.0 8:40 NW 15 55.5 65.9 14:45 44.5 0:40 9.5 0.0 0.00 1.5 13.0 10:45 W 16 50.8 62.8 14:25 42.3 23:40 14.2 0.0 0.00 0.9 16.0 11:20 NW 17 48.1 63.8 14:40 38.0 6:55 16.9 0.0 0.00 0.4 10.0 13:05 WNW 18 48.5 64.2 13:20 38.0 6:35 16.5 0.0 0.00 0.4 10.0 13:10 WNW 19 47.6 62.0 14:45 38.3 5:50 17.4 0.0 0.00 0.5 10.0 12:50 NW 20 43.5 51.8 14:00 36.2 6:00 21.5 0.0 0.00 0.3 10.0 10:55 W 21 49.2 64.6 13:20 38.7 7:20 15.8 0.0 0.00 0.8 13.0 14:10 WSW 22 50.3 60.8 13:40 41.6 23:50 14.7 0.0 0.00 1.7 21.0 14:40 W 23 49.7 60.8 14:15 40.5 3:05 15.3 0.0 0.00 1.5 19.0 10:55 W 24 47.9 62.5 14:25 37.7 7:25 17.1 0.0 0.00 0.3 8.0 15:45 W 25 46.6 63.0 14:10 34.4 7:15 18.4 0.0 0.00 0.5 10.0 19:50 WNW 26 51.0 52.7 23:05 49.5 14:00 14.0 0.0 0.35 3.6 20.0 22:55 ESE 27 50.2 55.4 5:25 45.8 19:35 14.8 0.0 1.19 2.0 27.0 5:35 S 28 47.5 50.5 16:25 45.5 20:05 17.5 0.0 0.12 0.4 10.0 16:45 N 29 50.0 57.3 13:20 45.0 8:20 15.0 0.0 0.93 2.3 24.0 22:55 S 30 52.2 54.8 17:20 48.7 23:45 12.8 0.0 1.54 2.4 25.0 3:10 S 31 48.7 56.1 13:30 43.9 23:00 16.3 0.0 0.39 0.6 14.0 17:30 SSE ------------------------------------------------------------------------------------- 49.5 65.9 15 30.7 4 482.0 0.0 5.92 1.1 33.0 7 NW Max >= 90.0: 0 Max <= 32.0: 0 Min <= 32.0: 1 Min <= 0.0: 0 Max Rain: 1.54 ON 12/30/04 Days of Rain: 9 (>.01 in) 9 (>.1 in) 2 (>1 in) Heat Base: 65.0 Cool Base: 65.0 Method: Integration

These reports are produced by WeatherLink V6.0.3.

deformed-offering