deformed-offering

NOAA-style climate reports

2018: Jan | Feb | Mar | Apr | May | Jun | Jul | Aug | Sep | Oct | Nov | Dec 
2017: Jan | Feb | Mar | Apr | May | Jun | Jul | Aug | Sep | Oct | Nov | Dec 
2016: Jan | Feb | Mar | Apr | May | Jun | Jul | Aug | Sep | Oct | Nov | Dec 
2015: Jan | Feb | Mar | Apr | May | Jun | Jul | Aug | Sep | Oct | Nov | Dec 
2014: Jan | Feb | Mar | Apr | May | Jun | Jul | Aug | Sep | Oct | Nov | Dec 
2013: Jan | Feb | Mar | Apr | May | Jun | Jul | Aug | Sep | Oct | Nov | Dec 
2012: Jan | Feb | Mar | Apr | May | Jun | Jul | Aug | Sep | Oct | Nov | Dec 
2011: Jan | Feb | Mar | Apr | May | Jun | Jul | Aug | Sep | Oct | Nov | Dec 
2010: Jan | Feb | Mar | Apr | May | Jun | Jul | Aug | Sep | Oct | Nov | Dec 
2009: Jan | Feb | Mar | Apr | May | Jun | Jul | Aug | Sep | Oct | Nov | Dec 
2008: Jan | Feb | Mar | Apr | May | Jun | Jul | Aug | Sep | Oct | Nov | Dec 
2007: Jan | Feb | Mar | Apr | May | Jun | Jul | Aug | Sep | Oct | Nov | Dec 
2006: Jan | Feb | Mar | Apr | May | Jun | Jul | Aug | Sep | Oct | Nov | Dec 
2005: Jan | Feb | Mar | Apr | May | Jun | Jul | Aug | Sep | Oct | Nov | Dec 
2004: Jan | Feb | Mar | Apr | May | Jun | Jul | Aug | Sep | Oct | Nov | Dec 

Report for 2004 11
MONTHLY CLIMATOLOGICAL SUMMARY for NOV. 2004 NAME: KCASARAT1 CITY: Saratoga STATE: CA ELEV: 375 ft LAT: 37 16' 28" N LONG: 22 01' 23" W TEMPERATURE (F), RAIN (in), WIND SPEED (mph) HEAT COOL AVG MEAN DEG DEG WIND DOM DAY TEMP HIGH TIME LOW TIME DAYS DAYS RAIN SPEED HIGH TIME DIR ------------------------------------------------------------------------------------ 1 55.3 69.4 14:20 43.1 1:20 10.2 0.5 0.00 0.9 13.0 14:05 NW 2 54.5 70.4 13:15 42.5 6:20 11.3 0.7 0.00 0.3 7.0 14:10 NW 3 51.3 59.3 10:10 44.2 19:00 13.7 0.0 0.06 0.8 17.0 11:50 W 4 46.3 52.0 15:10 40.1 5:45 18.7 0.0 0.10 0.2 7.0 9:35 NW 5 52.0 66.1 14:00 43.8 6:20 13.0 0.0 0.03 0.3 11.0 14:25 NNW 6 52.8 70.3 14:20 40.3 6:30 12.8 0.6 0.01 0.4 8.0 14:10 ENE 7 54.1 65.5 14:00 48.0 6:55 10.9 0.0 0.09 0.5 10.0 14:30 NW 8 54.1 59.0 13:05 48.9 3:30 10.9 0.0 0.00 0.2 6.0 11:45 S 9 55.4 61.2 14:45 51.6 18:10 9.6 0.0 0.00 0.5 11.0 14:50 ESE 10 56.3 63.7 12:30 51.4 2:15 8.7 0.0 0.06 1.6 14.0 7:20 SE 11 54.7 63.7 12:15 47.1 23:05 10.3 0.0 0.16 0.7 12.0 9:55 E 12 55.2 63.4 13:20 49.1 0:05 9.8 0.0 0.00 0.8 11.0 9:50 N 13 55.1 65.6 14:35 48.5 23:20 10.0 0.0 0.01 0.8 14.0 11:50 NW 14 54.1 66.6 14:25 43.9 6:45 11.0 0.1 0.00 0.3 8.0 13:00 NW 15 53.9 64.0 13:25 46.5 6:35 11.1 0.0 0.01 0.1 6.0 11:40 NW 16 50.8 62.3 14:05 43.5 6:55 14.2 0.0 0.01 0.3 8.0 11:30 NW 17 53.1 67.6 14:35 42.9 6:40 12.1 0.2 0.00 0.4 8.0 11:55 NNW 18 51.0 63.9 12:55 42.6 6:15 14.0 0.0 0.01 0.6 8.0 12:55 NW 19 51.2 61.8 13:45 43.2 1:35 13.8 0.0 0.00 1.1 12.0 11:05 NW 20 53.1 64.2 14:45 38.6 4:20 11.9 0.0 0.00 2.8 21.0 20:40 NW 21 49.6 59.3 14:00 40.9 22:55 15.4 0.0 0.00 2.6 19.0 9:30 NW 22 48.6 64.5 13:30 36.6 6:05 16.4 0.0 0.00 0.7 12.0 12:30 W 23 46.8 61.2 14:20 36.5 5:55 18.2 0.0 0.00 0.6 11.0 14:10 NW 24 49.2 64.2 14:15 38.8 5:30 15.8 0.0 0.00 0.3 8.0 10:55 NW 25 52.2 59.5 13:10 43.1 2:15 12.8 0.0 0.00 0.3 7.0 13:50 NE 26 54.7 62.1 13:05 50.2 23:45 10.3 0.0 0.00 0.7 8.0 4:40 NW 27 52.9 57.8 14:05 47.9 23:50 12.1 0.0 0.15 3.2 18.0 10:10 NW 28 48.2 56.2 14:40 37.9 23:55 16.8 0.0 0.00 3.3 22.0 11:15 NW 29 42.2 54.2 14:30 33.2 3:00 22.8 0.0 0.00 0.6 10.0 9:45 NW 30 41.7 54.4 14:35 30.7 5:45 23.3 0.0 0.00 0.4 8.0 11:45 NW ------------------------------------------------------------------------------------- 51.7 70.4 2 30.7 30 401.9 2.1 0.70 0.9 22.0 28 NW Max >= 90.0: 0 Max <= 32.0: 0 Min <= 32.0: 1 Min <= 0.0: 0 Max Rain: 0.16 ON 11/11/04 Days of Rain: 7 (>.01 in) 2 (>.1 in) 0 (>1 in) Heat Base: 65.0 Cool Base: 65.0 Method: Integration

These reports are produced by WeatherLink V6.0.3.

deformed-offering