deformed-offering

NOAA-style climate reports

2018: Jan | Feb | Mar | Apr | May | Jun | Jul | Aug | Sep | Oct | Nov | Dec 
2017: Jan | Feb | Mar | Apr | May | Jun | Jul | Aug | Sep | Oct | Nov | Dec 
2016: Jan | Feb | Mar | Apr | May | Jun | Jul | Aug | Sep | Oct | Nov | Dec 
2015: Jan | Feb | Mar | Apr | May | Jun | Jul | Aug | Sep | Oct | Nov | Dec 
2014: Jan | Feb | Mar | Apr | May | Jun | Jul | Aug | Sep | Oct | Nov | Dec 
2013: Jan | Feb | Mar | Apr | May | Jun | Jul | Aug | Sep | Oct | Nov | Dec 
2012: Jan | Feb | Mar | Apr | May | Jun | Jul | Aug | Sep | Oct | Nov | Dec 
2011: Jan | Feb | Mar | Apr | May | Jun | Jul | Aug | Sep | Oct | Nov | Dec 
2010: Jan | Feb | Mar | Apr | May | Jun | Jul | Aug | Sep | Oct | Nov | Dec 
2009: Jan | Feb | Mar | Apr | May | Jun | Jul | Aug | Sep | Oct | Nov | Dec 
2008: Jan | Feb | Mar | Apr | May | Jun | Jul | Aug | Sep | Oct | Nov | Dec 
2007: Jan | Feb | Mar | Apr | May | Jun | Jul | Aug | Sep | Oct | Nov | Dec 
2006: Jan | Feb | Mar | Apr | May | Jun | Jul | Aug | Sep | Oct | Nov | Dec 
2005: Jan | Feb | Mar | Apr | May | Jun | Jul | Aug | Sep | Oct | Nov | Dec 
2004: Jan | Feb | Mar | Apr | May | Jun | Jul | Aug | Sep | Oct | Nov | Dec 

Report for 2004 10
MONTHLY CLIMATOLOGICAL SUMMARY for OCT. 2004 NAME: KCASARAT1 CITY: Saratoga STATE: CA ELEV: 375 ft LAT: 37 16' 28" N LONG: 22 01' 23" W TEMPERATURE (F), RAIN (in), WIND SPEED (mph) HEAT COOL AVG MEAN DEG DEG WIND DOM DAY TEMP HIGH TIME LOW TIME DAYS DAYS RAIN SPEED HIGH TIME DIR ------------------------------------------------------------------------------------ 1 56.4 69.9 14:35 46.7 4:20 8.9 0.4 0.00 1.0 12.0 15:25 NW 2 59.9 75.1 15:20 49.4 5:00 7.0 1.9 0.00 0.7 10.0 16:20 NW 3 58.2 70.6 15:05 50.5 5:00 7.3 0.5 0.00 0.7 10.0 16:05 N 4 60.4 69.8 13:25 56.3 5:15 5.1 0.4 0.00 1.0 11.0 13:05 NW 5 62.1 75.4 15:20 52.5 23:55 4.9 2.1 0.00 0.5 8.0 15:50 NW 6 63.3 82.6 15:25 48.3 7:00 6.1 4.4 0.00 0.7 10.0 15:05 NW 7 63.1 79.4 15:00 52.6 6:55 5.0 3.1 0.00 0.9 12.0 15:35 N 8 63.5 77.4 12:40 51.6 1:05 4.5 3.1 0.00 1.0 11.0 16:25 NNE 9 61.5 72.5 15:20 50.5 23:35 4.8 1.3 0.00 1.6 16.0 14:15 NW 10 61.0 78.5 15:40 46.0 7:00 7.5 3.5 0.00 1.1 16.0 14:30 NW 11 66.7 82.4 16:20 52.8 4:05 3.4 5.0 0.00 1.2 13.0 13:00 NW 12 68.7 88.6 16:00 52.6 7:05 3.8 7.4 0.00 1.0 12.0 11:25 NW 13 70.4 90.7 15:00 54.1 7:10 2.8 8.3 0.00 0.6 11.0 12:15 NW 14 69.5 89.0 15:40 54.2 7:15 2.8 7.3 0.00 0.5 10.0 13:40 WNW 15 63.1 79.9 14:45 51.7 7:25 4.9 3.1 0.00 0.6 10.0 17:00 NNE 16 59.0 67.3 16:05 49.9 7:35 6.2 0.1 0.02 1.0 13.0 12:20 S 17 59.7 67.9 14:55 51.9 23:30 5.4 0.1 0.17 0.6 19.0 15:00 S 18 56.4 67.9 14:45 46.5 7:15 8.7 0.1 0.01 0.7 12.0 22:45 E 19 56.4 65.3 13:50 53.1 5:40 8.6 0.0 1.37 2.7 22.0 9:45 S 20 55.7 65.5 14:00 48.5 8:15 9.3 0.0 0.23 0.8 14.0 3:05 NW 21 54.4 66.4 14:30 44.2 7:30 10.6 0.0 0.00 0.9 11.0 14:10 NNE 22 54.7 68.4 15:10 44.8 7:15 10.6 0.3 0.00 0.6 10.0 14:50 NW 23 55.8 62.1 15:35 48.8 1:10 9.2 0.0 0.03 0.5 10.0 17:30 ESE 24 56.2 64.8 14:40 47.6 00:00 8.8 0.0 0.03 0.8 13.0 16:05 NW 25 54.2 65.3 13:30 44.6 4:05 10.8 0.0 0.00 0.8 14.0 16:00 SW 26 52.8 59.5 13:15 45.5 23:55 12.2 0.0 0.92 1.0 24.0 2:15 S 27 49.2 58.4 13:15 41.9 6:45 15.8 0.0 0.00 0.7 10.0 9:00 NW 28 49.6 62.3 13:40 40.3 6:55 15.4 0.0 0.01 0.3 8.0 9:25 WNW 29 53.3 65.6 14:40 45.1 0:55 11.7 0.0 0.00 0.5 8.0 15:55 NW 30 52.7 64.8 14:10 43.6 7:20 12.3 0.0 0.00 0.7 11.0 14:45 NW 31 56.4 67.4 14:50 44.2 00:00 8.8 0.2 0.00 1.2 13.0 12:40 NW ------------------------------------------------------------------------------------- 58.8 90.7 13 40.3 28 243.2 52.6 2.79 0.9 24.0 26 NW Max >= 90.0: 1 Max <= 32.0: 0 Min <= 32.0: 0 Min <= 0.0: 0 Max Rain: 1.37 ON 10/19/04 Days of Rain: 7 (>.01 in) 4 (>.1 in) 1 (>1 in) Heat Base: 65.0 Cool Base: 65.0 Method: Integration

These reports are produced by WeatherLink V6.0.3.

deformed-offering