deformed-offering

NOAA-style climate reports

2018: Jan | Feb | Mar | Apr | May | Jun | Jul | Aug | Sep | Oct | Nov | Dec 
2017: Jan | Feb | Mar | Apr | May | Jun | Jul | Aug | Sep | Oct | Nov | Dec 
2016: Jan | Feb | Mar | Apr | May | Jun | Jul | Aug | Sep | Oct | Nov | Dec 
2015: Jan | Feb | Mar | Apr | May | Jun | Jul | Aug | Sep | Oct | Nov | Dec 
2014: Jan | Feb | Mar | Apr | May | Jun | Jul | Aug | Sep | Oct | Nov | Dec 
2013: Jan | Feb | Mar | Apr | May | Jun | Jul | Aug | Sep | Oct | Nov | Dec 
2012: Jan | Feb | Mar | Apr | May | Jun | Jul | Aug | Sep | Oct | Nov | Dec 
2011: Jan | Feb | Mar | Apr | May | Jun | Jul | Aug | Sep | Oct | Nov | Dec 
2010: Jan | Feb | Mar | Apr | May | Jun | Jul | Aug | Sep | Oct | Nov | Dec 
2009: Jan | Feb | Mar | Apr | May | Jun | Jul | Aug | Sep | Oct | Nov | Dec 
2008: Jan | Feb | Mar | Apr | May | Jun | Jul | Aug | Sep | Oct | Nov | Dec 
2007: Jan | Feb | Mar | Apr | May | Jun | Jul | Aug | Sep | Oct | Nov | Dec 
2006: Jan | Feb | Mar | Apr | May | Jun | Jul | Aug | Sep | Oct | Nov | Dec 
2005: Jan | Feb | Mar | Apr | May | Jun | Jul | Aug | Sep | Oct | Nov | Dec 
2004: Jan | Feb | Mar | Apr | May | Jun | Jul | Aug | Sep | Oct | Nov | Dec 

Report for 2004 09
MONTHLY CLIMATOLOGICAL SUMMARY for SEP. 2004 NAME: KCASARAT1 CITY: Saratoga STATE: CA ELEV: 375 ft LAT: 37 16' 28" N LONG: 22 01' 23" W TEMPERATURE (F), RAIN (in), WIND SPEED (mph) HEAT COOL AVG MEAN DEG DEG WIND DOM DAY TEMP HIGH TIME LOW TIME DAYS DAYS RAIN SPEED HIGH TIME DIR ------------------------------------------------------------------------------------ 1 67.9 77.0 13:40 59.6 23:55 1.0 3.9 0.00 1.4 12.0 13:40 N 2 66.2 81.2 13:40 52.5 6:40 3.8 5.0 0.00 1.1 11.0 14:10 N 3 69.2 85.7 15:25 52.3 6:30 3.4 7.7 0.00 1.5 17.0 13:55 NW 4 75.6 92.3 15:35 60.2 4:30 0.9 11.5 0.00 1.3 14.0 11:45 NW 5 78.3 98.0 15:00 60.4 7:00 0.5 13.8 0.00 0.9 11.0 16:20 N 6 78.0 97.8 14:45 60.4 6:25 0.7 13.7 0.00 1.2 14.0 14:15 N 7 76.7 98.5 15:20 58.6 7:00 1.0 12.7 0.00 0.8 11.0 14:40 NE 8 75.7 98.7 15:20 58.0 6:55 1.0 11.6 0.00 0.9 13.0 16:15 N 9 70.0 89.0 13:35 55.3 6:40 2.5 7.5 0.00 0.9 13.0 15:20 NNE 10 66.5 84.1 12:55 51.0 6:35 4.1 5.6 0.00 0.9 11.0 13:15 N 11 68.2 87.4 15:45 53.2 5:55 3.3 6.5 0.00 1.0 11.0 16:20 NE 12 67.0 79.6 13:25 58.7 6:50 2.0 3.9 0.00 1.3 16.0 13:50 NW 13 64.7 79.4 15:55 52.5 6:45 4.1 3.9 0.00 1.3 16.0 15:05 NW 14 69.1 88.0 15:15 53.6 6:35 3.5 7.6 0.00 1.0 13.0 11:30 NW 15 72.9 93.4 15:15 54.8 6:25 2.4 10.3 0.00 1.1 12.0 15:40 NW 16 69.4 85.1 14:25 58.0 7:05 1.9 6.3 0.00 0.9 11.0 14:55 N 17 65.8 81.8 12:40 53.3 7:00 3.8 4.6 0.00 1.1 18.0 15:50 NW 18 59.6 66.6 12:00 52.2 23:25 5.5 0.1 0.00 1.0 12.0 10:15 NW 19 57.2 70.4 13:55 48.6 2:10 8.2 0.5 0.00 0.9 17.0 16:00 WNW 20 58.0 71.3 16:00 44.9 7:10 8.1 1.1 0.00 1.6 16.0 13:40 NW 21 63.6 81.2 14:50 47.6 7:10 6.2 4.8 0.00 1.0 14.0 17:05 NW 22 67.4 85.3 15:30 51.0 7:00 4.6 7.0 0.00 0.9 13.0 16:05 NW 23 69.8 89.5 15:35 53.8 6:45 3.0 7.8 0.00 0.7 10.0 14:55 NNE 24 70.3 89.9 16:15 55.3 6:45 2.8 8.0 0.00 0.8 10.0 13:35 NNW 25 64.7 81.6 15:25 53.3 4:35 4.3 4.0 0.00 0.7 10.0 16:25 NNE 26 65.1 85.9 15:15 48.0 7:05 5.7 5.8 0.00 0.7 10.0 16:05 N 27 59.2 71.3 13:25 47.6 7:05 6.9 1.1 0.00 1.1 13.0 15:40 NW 28 63.4 73.7 13:20 54.2 23:50 3.5 1.9 0.00 1.0 14.0 13:55 NW 29 61.4 74.2 14:35 53.8 0:50 5.0 1.4 0.00 1.0 8.0 11:25 ESE 30 58.2 67.8 14:30 49.8 00:00 7.0 0.2 0.00 1.7 16.0 10:05 S ------------------------------------------------------------------------------------- 67.3 98.7 8 44.9 20 110.7 179.8 0.00 1.1 18.0 17 NW Max >= 90.0: 6 Max <= 32.0: 0 Min <= 32.0: 0 Min <= 0.0: 0 Max Rain: 0.00 ON 09/01/04 Days of Rain: 0 (>.01 in) 0 (>.1 in) 0 (>1 in) Heat Base: 65.0 Cool Base: 65.0 Method: Integration

These reports are produced by WeatherLink V6.0.3.

deformed-offering