deformed-offering

NOAA-style climate reports

2018: Jan | Feb | Mar | Apr | May | Jun | Jul | Aug | Sep | Oct | Nov | Dec 
2017: Jan | Feb | Mar | Apr | May | Jun | Jul | Aug | Sep | Oct | Nov | Dec 
2016: Jan | Feb | Mar | Apr | May | Jun | Jul | Aug | Sep | Oct | Nov | Dec 
2015: Jan | Feb | Mar | Apr | May | Jun | Jul | Aug | Sep | Oct | Nov | Dec 
2014: Jan | Feb | Mar | Apr | May | Jun | Jul | Aug | Sep | Oct | Nov | Dec 
2013: Jan | Feb | Mar | Apr | May | Jun | Jul | Aug | Sep | Oct | Nov | Dec 
2012: Jan | Feb | Mar | Apr | May | Jun | Jul | Aug | Sep | Oct | Nov | Dec 
2011: Jan | Feb | Mar | Apr | May | Jun | Jul | Aug | Sep | Oct | Nov | Dec 
2010: Jan | Feb | Mar | Apr | May | Jun | Jul | Aug | Sep | Oct | Nov | Dec 
2009: Jan | Feb | Mar | Apr | May | Jun | Jul | Aug | Sep | Oct | Nov | Dec 
2008: Jan | Feb | Mar | Apr | May | Jun | Jul | Aug | Sep | Oct | Nov | Dec 
2007: Jan | Feb | Mar | Apr | May | Jun | Jul | Aug | Sep | Oct | Nov | Dec 
2006: Jan | Feb | Mar | Apr | May | Jun | Jul | Aug | Sep | Oct | Nov | Dec 
2005: Jan | Feb | Mar | Apr | May | Jun | Jul | Aug | Sep | Oct | Nov | Dec 
2004: Jan | Feb | Mar | Apr | May | Jun | Jul | Aug | Sep | Oct | Nov | Dec 

Report for 2004 08
MONTHLY CLIMATOLOGICAL SUMMARY for AUG. 2004 NAME: KCASARAT1 CITY: Saratoga STATE: CA ELEV: 375 ft LAT: 37 16' 28" N LONG: 22 01' 23" W TEMPERATURE (F), RAIN (in), WIND SPEED (mph) HEAT COOL AVG MEAN DEG DEG WIND DOM DAY TEMP HIGH TIME LOW TIME DAYS DAYS RAIN SPEED HIGH TIME DIR ------------------------------------------------------------------------------------ 1 65.0 76.7 16:20 55.9 1:45 3.0 3.0 0.00 1.3 12.0 13:50 SSW 2 63.0 73.0 15:50 56.9 23:55 3.2 1.2 0.00 1.8 14.0 17:05 NW 3 65.2 80.7 14:15 52.5 6:20 4.1 4.3 0.00 1.4 12.0 15:25 N 4 67.8 80.1 12:35 59.6 6:40 1.8 4.7 0.00 1.4 13.0 15:30 N 5 65.6 77.4 16:50 53.6 6:10 3.3 3.8 0.00 1.6 16.0 13:40 N 6 66.0 80.5 15:15 51.4 6:00 3.7 4.7 0.00 1.6 14.0 18:40 NE 7 71.7 90.5 16:00 56.6 6:30 1.9 8.6 0.00 1.1 12.0 13:55 N 8 71.3 89.0 14:55 58.1 6:10 1.5 7.8 0.00 1.3 11.0 13:20 N 9 66.8 77.6 15:50 60.4 0:20 1.8 3.5 0.00 1.5 13.0 14:55 N 10 69.7 87.4 15:30 59.8 4:45 1.7 6.4 0.00 1.1 10.0 16:40 N 11 70.9 91.6 15:35 56.6 3:05 2.6 8.5 0.00 0.9 8.0 15:35 NNE 12 68.8 85.1 13:50 58.6 6:25 1.7 5.5 0.00 1.2 12.0 15:30 N 13 68.0 81.2 14:30 58.0 5:15 2.0 5.0 0.00 1.3 12.0 15:10 N 14 63.9 74.9 12:30 56.0 4:20 3.5 2.4 0.00 1.6 13.0 12:50 N 15 66.0 80.7 16:15 53.3 6:35 3.6 4.7 0.00 1.6 17.0 16:25 N 16 67.7 81.6 12:40 54.5 6:25 2.9 5.6 0.00 1.3 13.0 13:55 NE 17 70.3 86.7 13:35 55.4 6:25 2.3 7.6 0.00 1.1 11.0 14:35 N 18 69.4 91.6 15:50 55.9 5:15 2.6 7.0 0.00 1.1 11.0 17:25 N 19 68.1 84.9 13:55 58.9 6:35 2.0 5.1 0.00 1.4 13.0 15:25 N 20 68.3 84.0 13:00 56.5 6:35 2.2 5.5 0.00 1.2 13.0 15:10 N 21 67.7 78.6 13:00 60.5 00:00 1.0 3.7 0.00 1.7 14.0 14:05 N 22 66.2 77.2 15:25 56.7 5:00 2.4 3.6 0.00 1.3 13.0 16:20 N 23 69.0 80.5 14:15 61.3 0:20 0.6 4.6 0.00 1.6 17.0 17:10 N 24 68.6 78.8 13:40 60.4 23:55 1.0 4.6 0.00 1.7 14.0 13:45 N 25 67.9 80.3 16:00 55.7 6:15 2.4 5.3 0.00 1.5 12.0 14:25 N 26 70.3 84.9 16:00 56.5 6:50 1.4 6.6 0.00 1.6 16.0 16:30 NW 27 75.3 95.1 15:35 57.8 6:20 1.6 11.9 0.00 1.3 12.0 11:30 NW 28 77.2 98.0 15:15 60.7 6:00 0.6 12.7 0.00 1.1 12.0 15:25 NW 29 70.3 85.1 15:35 57.3 6:40 1.5 6.8 0.00 1.1 10.0 12:50 N 30 69.7 83.2 13:30 61.6 6:50 1.1 5.8 0.00 1.1 11.0 14:05 N 31 68.1 80.5 14:15 59.5 2:00 1.4 4.4 0.00 1.1 12.0 15:45 N ------------------------------------------------------------------------------------- 68.5 98.0 28 51.4 6 66.4 174.9 0.00 1.4 17.0 15 N Max >= 90.0: 5 Max <= 32.0: 0 Min <= 32.0: 0 Min <= 0.0: 0 Max Rain: 0.00 ON 08/01/04 Days of Rain: 0 (>.01 in) 0 (>.1 in) 0 (>1 in) Heat Base: 65.0 Cool Base: 65.0 Method: Integration

These reports are produced by WeatherLink V6.0.3.

deformed-offering