deformed-offering

NOAA-style climate reports

2018: Jan | Feb | Mar | Apr | May | Jun | Jul | Aug | Sep | Oct | Nov | Dec 
2017: Jan | Feb | Mar | Apr | May | Jun | Jul | Aug | Sep | Oct | Nov | Dec 
2016: Jan | Feb | Mar | Apr | May | Jun | Jul | Aug | Sep | Oct | Nov | Dec 
2015: Jan | Feb | Mar | Apr | May | Jun | Jul | Aug | Sep | Oct | Nov | Dec 
2014: Jan | Feb | Mar | Apr | May | Jun | Jul | Aug | Sep | Oct | Nov | Dec 
2013: Jan | Feb | Mar | Apr | May | Jun | Jul | Aug | Sep | Oct | Nov | Dec 
2012: Jan | Feb | Mar | Apr | May | Jun | Jul | Aug | Sep | Oct | Nov | Dec 
2011: Jan | Feb | Mar | Apr | May | Jun | Jul | Aug | Sep | Oct | Nov | Dec 
2010: Jan | Feb | Mar | Apr | May | Jun | Jul | Aug | Sep | Oct | Nov | Dec 
2009: Jan | Feb | Mar | Apr | May | Jun | Jul | Aug | Sep | Oct | Nov | Dec 
2008: Jan | Feb | Mar | Apr | May | Jun | Jul | Aug | Sep | Oct | Nov | Dec 
2007: Jan | Feb | Mar | Apr | May | Jun | Jul | Aug | Sep | Oct | Nov | Dec 
2006: Jan | Feb | Mar | Apr | May | Jun | Jul | Aug | Sep | Oct | Nov | Dec 
2005: Jan | Feb | Mar | Apr | May | Jun | Jul | Aug | Sep | Oct | Nov | Dec 
2004: Jan | Feb | Mar | Apr | May | Jun | Jul | Aug | Sep | Oct | Nov | Dec 

Report for 2004 07
MONTHLY CLIMATOLOGICAL SUMMARY for JUL. 2004 NAME: KCASARAT1 CITY: Saratoga STATE: CA ELEV: 375 ft LAT: 37 16' 28" N LONG: 22 01' 23" W TEMPERATURE (F), RAIN (in), WIND SPEED (mph) HEAT COOL AVG MEAN DEG DEG WIND DOM DAY TEMP HIGH TIME LOW TIME DAYS DAYS RAIN SPEED HIGH TIME DIR ------------------------------------------------------------------------------------ 1 64.3 77.2 2:10p 57.5 6:05a 3.4 2.7 0.00 1.7 13.0 3:30p NW 2 66.8 84.3 2:05p 54.7 3:55a 3.1 4.9 0.00 1.3 13.0 2:50p N 3 67.5 85.5 2:00p 57.0 5:30a 2.6 5.1 0.00 1.4 12.0 2:35p N 4 68.8 86.7 3:10p 56.3 4:35a 2.5 6.2 0.00 1.5 13.0 3:15p N 5 69.0 85.3 4:05p 55.6 5:55a 2.4 6.5 0.00 1.3 12.0 2:15p N 6 69.1 85.7 1:35p 60.4 5:55a 1.5 5.6 0.00 1.6 13.0 2:45p N 7 66.6 81.1 3:35p 56.3 4:50a 3.0 4.6 0.00 1.8 16.0 1:05p ESE 8 62.2 73.9 3:30p 52.8 6:10a 4.4 1.6 0.00 2.3 21.0 12:10p S 9 63.8 78.6 2:25p 51.0 5:55a 4.3 3.1 0.00 2.1 14.0 10:00a NE 10 66.6 77.9 3:30p 57.6 12:00m 2.3 3.9 0.00 1.6 13.0 1:45p NE 11 67.8 87.0 2:10p 50.8 5:45a 3.9 6.6 0.00 1.2 11.0 2:50p N 12 64.5 77.9 3:15p 52.6 5:55a 3.9 3.4 0.00 1.4 12.0 4:20p N 13 64.6 75.8 3:35p 56.7 12:30a 3.1 2.6 0.00 1.6 12.0 12:45p N 14 64.3 78.1 3:15p 52.2 3:25a 4.1 3.3 0.00 1.4 13.0 4:45p N 15 67.6 83.4 3:00p 50.4 5:25a 3.8 6.4 0.00 1.4 12.0 1:30p NE 16 68.6 83.2 3:35p 56.0 6:30a 2.2 5.7 0.00 1.3 11.0 1:30p NE 17 70.5 84.1 3:35p 56.9 6:00a 1.6 7.2 0.00 1.4 11.0 1:40p NE 18 71.6 86.3 1:15p 58.9 6:00a 0.9 7.5 0.00 1.5 12.0 1:25p N 19 70.8 83.4 3:50p 59.6 6:05a 0.9 6.7 0.00 1.7 13.0 1:15p N 20 68.6 79.0 3:20p 58.0 6:00a 1.4 4.9 0.00 1.5 13.0 12:35p N 21 70.4 91.4 2:55p 55.0 5:45a 2.6 8.0 0.00 1.2 11.0 3:55p N 22 69.0 85.1 1:30p 58.6 3:05a 1.9 5.9 0.00 1.4 13.0 3:30p N 23 67.6 79.6 2:10p 60.9 12:05a 1.3 3.9 0.00 1.8 13.0 4:35p NW 24 68.8 80.3 2:00p 63.1 8:45a 0.4 4.2 0.00 1.7 13.0 3:35p N 25 73.2 88.6 2:20p 63.2 6:30a 0.3 8.5 0.00 1.2 11.0 3:55p NW 26 70.2 86.7 1:55p 58.4 3:40a 1.8 7.0 0.00 1.2 12.0 3:45p N 27 67.9 83.0 2:05p 57.8 4:50a 2.2 5.1 0.00 1.5 11.0 2:15p N 28 66.9 84.5 1:50p 54.2 5:30a 3.3 5.2 0.00 1.4 14.0 2:05p N 29 66.1 80.3 1:55p 54.8 3:55a 3.0 4.1 0.00 1.5 14.0 2:20p N 30 67.3 83.2 3:25p 57.8 6:20a 2.5 4.8 0.00 1.8 12.0 2:45p N 31 65.5 77.7 12:55p 56.5 6:35a 2.7 3.2 0.00 2.1 14.0 3:25p NE ------------------------------------------------------------------------------------- 67.6 91.4 21 50.4 15 77.3 158.4 0.00 1.5 21.0 8 N Max >= 90.0: 1 Max <= 32.0: 0 Min <= 32.0: 0 Min <= 0.0: 0 Max Rain: 0.00 ON 07/01/04 Days of Rain: 0 (>.01 in) 0 (>.1 in) 0 (>1 in) Heat Base: 65.0 Cool Base: 65.0 Method: Integration

These reports are produced by WeatherLink V6.0.3.

deformed-offering