deformed-offering

NOAA-style climate reports

2018: Jan | Feb | Mar | Apr | May | Jun | Jul | Aug | Sep | Oct | Nov | Dec 
2017: Jan | Feb | Mar | Apr | May | Jun | Jul | Aug | Sep | Oct | Nov | Dec 
2016: Jan | Feb | Mar | Apr | May | Jun | Jul | Aug | Sep | Oct | Nov | Dec 
2015: Jan | Feb | Mar | Apr | May | Jun | Jul | Aug | Sep | Oct | Nov | Dec 
2014: Jan | Feb | Mar | Apr | May | Jun | Jul | Aug | Sep | Oct | Nov | Dec 
2013: Jan | Feb | Mar | Apr | May | Jun | Jul | Aug | Sep | Oct | Nov | Dec 
2012: Jan | Feb | Mar | Apr | May | Jun | Jul | Aug | Sep | Oct | Nov | Dec 
2011: Jan | Feb | Mar | Apr | May | Jun | Jul | Aug | Sep | Oct | Nov | Dec 
2010: Jan | Feb | Mar | Apr | May | Jun | Jul | Aug | Sep | Oct | Nov | Dec 
2009: Jan | Feb | Mar | Apr | May | Jun | Jul | Aug | Sep | Oct | Nov | Dec 
2008: Jan | Feb | Mar | Apr | May | Jun | Jul | Aug | Sep | Oct | Nov | Dec 
2007: Jan | Feb | Mar | Apr | May | Jun | Jul | Aug | Sep | Oct | Nov | Dec 
2006: Jan | Feb | Mar | Apr | May | Jun | Jul | Aug | Sep | Oct | Nov | Dec 
2005: Jan | Feb | Mar | Apr | May | Jun | Jul | Aug | Sep | Oct | Nov | Dec 
2004: Jan | Feb | Mar | Apr | May | Jun | Jul | Aug | Sep | Oct | Nov | Dec 

Report for 2004 06
MONTHLY CLIMATOLOGICAL SUMMARY for JUN. 2004 NAME: KCASARAT1 CITY: Saratoga STATE: CA ELEV: 375 ft LAT: 37 16' 28" N LONG: 22 01' 23" W TEMPERATURE (F), RAIN (in), WIND SPEED (mph) HEAT COOL AVG MEAN DEG DEG WIND DOM DAY TEMP HIGH TIME LOW TIME DAYS DAYS RAIN SPEED HIGH TIME DIR ------------------------------------------------------------------------------------ 1 67.7 86.5 1:15p 49.8 5:40a 4.3 7.0 0.00 1.3 11.0 1:55p NE 2 64.9 81.2 2:15p 51.1 5:55a 4.4 4.2 0.00 1.4 13.0 2:35p N 3 62.1 75.3 12:45p 53.2 1:45a 4.9 2.1 0.00 1.5 13.0 1:40p N 4 62.7 74.7 12:30p 50.7 3:00a 4.7 2.4 0.00 1.5 13.0 1:20p N 5 65.1 80.5 4:55p 49.4 5:40a 4.4 4.6 0.00 1.6 14.0 5:10p N 6 65.7 82.6 3:50p 51.6 5:45a 4.1 4.8 0.00 1.6 18.0 3:35p NE 7 61.5 73.0 12:15p 53.1 5:55a 5.1 1.7 0.00 1.3 16.0 12:50p W 8 58.1 69.8 11:45a 46.2 5:50a 7.4 0.5 0.00 1.6 20.0 3:00p W 9 61.6 77.7 3:10p 50.4 5:55a 5.7 2.3 0.00 1.6 16.0 4:50p NW 10 62.1 72.1 1:15p 54.2 11:55p 4.4 1.5 0.00 1.7 13.0 2:10p NW 11 61.8 77.4 1:05p 46.8 5:55a 6.2 3.0 0.00 1.4 13.0 2:05p NW 12 63.1 78.3 3:30p 48.3 6:05a 5.5 3.7 0.00 1.5 13.0 4:10p NE 13 65.3 81.6 5:15p 50.4 5:50a 4.4 4.7 0.00 1.4 13.0 4:35p NE 14 69.1 86.5 2:05p 53.9 5:50a 2.9 7.0 0.00 1.0 11.0 3:40p N 15 75.3 98.5 2:45p 56.9 6:00a 1.7 12.0 0.00 1.3 16.0 3:55p NE 16 69.9 89.9 2:10p 56.9 6:00a 1.9 6.9 0.00 1.6 14.0 2:25p N 17 65.9 80.7 2:50p 55.1 5:10a 2.9 3.8 0.00 1.5 13.0 9:25a ESE 18 64.9 80.1 1:40p 54.1 3:25a 3.5 3.4 0.00 1.9 14.0 3:35p ESE 19 63.9 73.2 12:40p 59.2 6:20a 2.9 1.8 0.00 1.7 13.0 2:05p N 20 62.7 73.0 12:25p 55.7 5:35a 3.9 1.7 0.00 1.8 14.0 12:25p N 21 63.0 75.3 2:35p 52.9 6:20a 4.4 2.4 0.00 1.5 13.0 1:15p NE 22 62.4 74.0 1:50p 51.9 5:05a 4.9 2.3 0.00 1.6 14.0 1:30p NE 23 62.2 74.6 2:50p 50.4 5:25a 5.1 2.4 0.00 1.7 13.0 1:20p N 24 63.2 76.1 4:10p 50.4 5:40a 4.8 3.1 0.00 1.5 12.0 12:45p N 25 68.2 84.3 4:25p 50.4 6:00a 3.7 6.9 0.00 2.0 18.0 4:05p N 26 67.2 84.0 3:20p 54.2 6:05a 2.8 5.0 0.00 1.3 13.0 4:25p SSE 27 67.6 85.1 2:05p 52.2 5:00a 3.6 6.2 0.00 1.3 11.0 1:40p NNE 28 66.5 84.5 2:05p 52.2 6:00a 3.6 5.1 0.00 1.6 16.0 2:40p ESE 29 66.6 80.1 2:00p 55.4 5:45a 2.6 4.3 0.00 1.3 19.0 4:45p S 30 65.8 78.8 2:20p 54.7 5:50a 3.2 4.0 0.00 1.5 16.0 12:45p S ------------------------------------------------------------------------------------- 64.9 98.5 15 46.2 8 123.9 120.8 0.00 1.5 20.0 8 N Max >= 90.0: 1 Max <= 32.0: 0 Min <= 32.0: 0 Min <= 0.0: 0 Max Rain: 0.00 ON 06/01/04 Days of Rain: 0 (>.01 in) 0 (>.1 in) 0 (>1 in) Heat Base: 65.0 Cool Base: 65.0 Method: Integration

These reports are produced by WeatherLink V6.0.3.

deformed-offering