deformed-offering

NOAA-style climate reports

2018: Jan | Feb | Mar | Apr | May | Jun | Jul | Aug | Sep | Oct | Nov | Dec 
2017: Jan | Feb | Mar | Apr | May | Jun | Jul | Aug | Sep | Oct | Nov | Dec 
2016: Jan | Feb | Mar | Apr | May | Jun | Jul | Aug | Sep | Oct | Nov | Dec 
2015: Jan | Feb | Mar | Apr | May | Jun | Jul | Aug | Sep | Oct | Nov | Dec 
2014: Jan | Feb | Mar | Apr | May | Jun | Jul | Aug | Sep | Oct | Nov | Dec 
2013: Jan | Feb | Mar | Apr | May | Jun | Jul | Aug | Sep | Oct | Nov | Dec 
2012: Jan | Feb | Mar | Apr | May | Jun | Jul | Aug | Sep | Oct | Nov | Dec 
2011: Jan | Feb | Mar | Apr | May | Jun | Jul | Aug | Sep | Oct | Nov | Dec 
2010: Jan | Feb | Mar | Apr | May | Jun | Jul | Aug | Sep | Oct | Nov | Dec 
2009: Jan | Feb | Mar | Apr | May | Jun | Jul | Aug | Sep | Oct | Nov | Dec 
2008: Jan | Feb | Mar | Apr | May | Jun | Jul | Aug | Sep | Oct | Nov | Dec 
2007: Jan | Feb | Mar | Apr | May | Jun | Jul | Aug | Sep | Oct | Nov | Dec 
2006: Jan | Feb | Mar | Apr | May | Jun | Jul | Aug | Sep | Oct | Nov | Dec 
2005: Jan | Feb | Mar | Apr | May | Jun | Jul | Aug | Sep | Oct | Nov | Dec 
2004: Jan | Feb | Mar | Apr | May | Jun | Jul | Aug | Sep | Oct | Nov | Dec 

Report for 2004 04
MONTHLY CLIMATOLOGICAL SUMMARY for APR. 2004 NAME: KCASARAT1 CITY: Saratoga STATE: CA ELEV: 375 ft LAT: 37 16' 28" N LONG: 22 01' 23" W TEMPERATURE (F), RAIN (in), WIND SPEED (mph) HEAT COOL AVG MEAN DEG DEG WIND DOM DAY TEMP HIGH TIME LOW TIME DAYS DAYS RAIN SPEED HIGH TIME DIR ------------------------------------------------------------------------------------ 1 56.6 69.4 1:30p 40.8 5:05a 9.0 0.6 0.00 4.4 27.0 1:45p NW 2 60.9 72.1 2:30p 49.2 11:50p 5.5 1.4 0.00 3.0 21.0 1:15a NW 3 59.6 78.1 12:10p 45.4 5:40a 8.4 3.0 0.00 1.4 16.0 1:00p WNW 4 54.8 65.3 1:30p 46.1 12:45a 9.8 0.0 0.00 1.8 13.0 2:10p N 5 53.2 64.7 3:05p 46.0 11:20p 11.8 0.0 0.00 1.9 16.0 4:50p NW 6 53.0 64.7 2:05p 42.9 6:55a 12.0 0.0 0.00 1.9 17.0 3:55p W 7 56.8 75.1 2:45p 42.5 6:30a 10.0 1.8 0.00 1.3 13.0 2:05p NE 8 57.3 76.3 2:35p 46.8 4:10a 9.1 1.4 0.00 1.2 14.0 3:55p N 9 62.5 81.1 4:45p 50.1 6:50a 6.4 3.9 0.00 1.2 13.0 2:50p N 10 63.0 86.3 3:55p 47.7 5:35a 7.0 5.1 0.00 1.3 12.0 2:45p NW 11 56.8 74.0 3:05p 47.0 4:10a 9.0 0.9 0.00 1.3 13.0 3:40p N 12 57.3 68.3 3:25p 49.9 12:00m 7.9 0.2 0.00 1.7 13.0 4:30p W 13 53.9 65.8 3:40p 43.6 6:55a 11.1 0.0 0.00 1.6 20.0 3:30p W 14 56.2 68.9 3:15p 46.4 3:15a 9.0 0.2 0.00 1.1 14.0 4:10p W 15 53.4 64.3 12:55p 44.2 11:55p 11.6 0.0 0.00 1.7 17.0 2:00p NW 16 50.5 62.7 1:50p 40.8 5:40a 14.5 0.0 0.03 1.0 11.0 11:10a W 17 50.1 62.6 3:25p 41.5 3:45a 14.9 0.0 0.03 1.2 17.0 3:35p NW 18 50.0 61.2 1:50p 39.8 6:20a 15.0 0.0 0.02 0.7 10.0 8:30a W 19 55.5 66.1 12:35p 46.7 12:05a 9.5 0.0 0.00 2.2 18.0 4:30p S 20 59.1 71.1 3:25p 53.8 12:45a 6.2 0.3 0.00 1.8 17.0 2:20a S 21 56.5 70.4 1:55p 47.4 12:00m 8.8 0.3 0.00 1.8 19.0 3:20p W 22 58.4 74.9 4:15p 42.2 6:25a 8.7 2.2 0.00 2.4 20.0 12:30p NW 23 64.0 82.2 3:55p 46.5 6:25a 6.0 5.0 0.00 1.7 16.0 3:10p NW 24 66.9 85.5 4:10p 48.3 6:00a 5.0 6.9 0.00 1.3 13.0 4:20p NW 25 71.2 91.0 3:10p 52.2 6:20a 3.2 9.5 0.00 1.1 14.0 5:15p NW 26 74.7 94.5 3:05p 55.7 6:00a 2.1 11.8 0.00 1.2 14.0 3:30p NW 27 74.9 93.2 1:50p 58.3 6:10a 1.4 11.3 0.00 1.8 17.0 4:15p WNW 28 64.6 81.4 2:40p 51.7 4:20a 4.6 4.2 0.00 1.7 16.0 2:05p NW 29 66.3 81.4 3:10p 52.9 1:05a 3.5 4.7 0.00 1.7 16.0 5:25p NW 30 61.9 77.2 3:50p 46.8 6:20a 6.3 3.2 0.00 1.3 11.0 1:40p NW ------------------------------------------------------------------------------------- 59.3 94.5 26 39.8 18 247.3 77.9 0.08 1.7 27.0 1 NW Max >= 90.0: 3 Max <= 32.0: 0 Min <= 32.0: 0 Min <= 0.0: 0 Max Rain: 0.03 ON 04/16/04 Days of Rain: 3 (>.01 in) 0 (>.1 in) 0 (>1 in) Heat Base: 65.0 Cool Base: 65.0 Method: Integration

These reports are produced by WeatherLink V6.0.3.

deformed-offering