deformed-offering

NOAA-style climate reports

2018: Jan | Feb | Mar | Apr | May | Jun | Jul | Aug | Sep | Oct | Nov | Dec 
2017: Jan | Feb | Mar | Apr | May | Jun | Jul | Aug | Sep | Oct | Nov | Dec 
2016: Jan | Feb | Mar | Apr | May | Jun | Jul | Aug | Sep | Oct | Nov | Dec 
2015: Jan | Feb | Mar | Apr | May | Jun | Jul | Aug | Sep | Oct | Nov | Dec 
2014: Jan | Feb | Mar | Apr | May | Jun | Jul | Aug | Sep | Oct | Nov | Dec 
2013: Jan | Feb | Mar | Apr | May | Jun | Jul | Aug | Sep | Oct | Nov | Dec 
2012: Jan | Feb | Mar | Apr | May | Jun | Jul | Aug | Sep | Oct | Nov | Dec 
2011: Jan | Feb | Mar | Apr | May | Jun | Jul | Aug | Sep | Oct | Nov | Dec 
2010: Jan | Feb | Mar | Apr | May | Jun | Jul | Aug | Sep | Oct | Nov | Dec 
2009: Jan | Feb | Mar | Apr | May | Jun | Jul | Aug | Sep | Oct | Nov | Dec 
2008: Jan | Feb | Mar | Apr | May | Jun | Jul | Aug | Sep | Oct | Nov | Dec 
2007: Jan | Feb | Mar | Apr | May | Jun | Jul | Aug | Sep | Oct | Nov | Dec 
2006: Jan | Feb | Mar | Apr | May | Jun | Jul | Aug | Sep | Oct | Nov | Dec 
2005: Jan | Feb | Mar | Apr | May | Jun | Jul | Aug | Sep | Oct | Nov | Dec 
2004: Jan | Feb | Mar | Apr | May | Jun | Jul | Aug | Sep | Oct | Nov | Dec 

Report for 2004 03
MONTHLY CLIMATOLOGICAL SUMMARY for MAR. 2004 NAME: KCASARAT1 CITY: Saratoga STATE: CA ELEV: 375 ft LAT: 37 16' 28" N LONG: 22 01' 23" W TEMPERATURE (F), RAIN (in), WIND SPEED (mph) HEAT COOL AVG MEAN DEG DEG WIND DOM DAY TEMP HIGH TIME LOW TIME DAYS DAYS RAIN SPEED HIGH TIME DIR ------------------------------------------------------------------------------------ 1 49.9 56.3 12:25p 45.4 11:05p 15.1 0.0 0.08 2.4 17.0 12:40p W 2 54.0 65.2 2:20p 42.6 6:50a 11.0 0.0 0.01 3.3 20.0 1:40p NW 3 51.9 62.3 11:50a 41.1 6:05a 13.1 0.0 0.00 1.2 11.0 1:30a NW 4 51.3 66.0 1:45p 39.1 6:35a 13.7 0.0 0.00 1.3 13.0 2:00p W 5 52.3 67.3 1:45p 40.6 6:25a 12.8 0.1 0.00 0.9 13.0 3:35p SSE 6 55.0 68.8 2:25p 42.2 6:25a 10.4 0.4 0.00 1.1 11.0 1:35p SSE 7 58.7 76.1 3:10p 44.1 5:50a 8.8 2.5 0.00 1.1 12.0 11:00a W 8 62.8 81.2 3:40p 46.1 6:25a 6.2 4.0 0.00 0.9 8.0 1:55p W 9 65.4 82.6 1:30p 50.4 6:40a 4.7 5.1 0.00 1.2 14.0 3:30p WNW 10 67.0 81.1 3:30p 53.3 3:15a 3.0 5.0 0.00 1.9 14.0 1:00p NW 11 64.7 81.1 2:35p 51.1 11:40p 5.0 4.7 0.00 1.3 11.0 9:30a SW 12 61.2 79.2 3:20p 45.8 6:25a 7.4 3.5 0.00 1.2 12.0 1:35p W 13 63.3 83.2 2:30p 48.0 5:50a 6.4 4.8 0.00 1.0 12.0 3:35p W 14 63.0 83.6 3:10p 46.8 5:55a 6.7 4.7 0.00 1.0 12.0 12:55p NNW 15 66.2 83.2 3:40p 50.7 5:35a 4.6 5.8 0.00 1.6 16.0 12:20p W 16 67.9 84.7 2:00p 53.5 4:40a 3.3 6.2 0.00 2.0 17.0 8:40a S 17 68.1 84.9 2:55p 52.6 4:40a 3.7 6.8 0.00 1.5 12.0 12:35p NW 18 65.3 84.7 2:30p 49.6 6:15a 4.9 5.2 0.00 1.0 12.0 4:25p NW 19 59.9 76.3 12:45p 45.4 6:20a 7.6 2.5 0.00 0.9 10.0 1:05p NNE 20 63.8 84.0 3:40p 46.1 6:00a 6.4 5.2 0.00 1.0 11.0 3:15p WNW 21 59.3 72.5 3:10p 52.2 12:00m 6.6 1.0 0.00 1.0 10.0 2:15p NW 22 57.3 71.5 12:45p 47.6 5:40a 8.2 0.5 0.00 1.3 12.0 1:35p NE 23 56.6 68.6 1:05p 47.6 6:30a 8.5 0.1 0.00 1.5 12.0 1:10p NNW 24 56.9 68.9 1:55p 46.0 6:25a 8.5 0.4 0.00 1.5 12.0 1:55p NW 25 52.4 61.8 1:00p 44.6 11:50p 12.6 0.0 0.37 1.3 19.0 2:10p W 26 51.3 61.5 2:00p 41.2 5:25a 13.7 0.0 0.01 1.1 14.0 5:05p SW 27 54.4 65.5 2:30p 44.9 2:05a 10.6 0.0 0.00 1.3 13.0 12:45p SW 28 61.9 77.9 2:30p 48.5 6:05a 6.2 3.0 0.00 1.1 10.0 9:25a WNW 29 61.9 84.5 2:25p 49.4 5:50a 6.7 3.6 0.00 1.5 16.0 1:30p WNW 30 54.3 61.3 2:20p 45.8 11:55p 10.7 0.0 0.00 1.9 16.0 2:25p W 31 52.3 66.1 2:05p 42.1 5:30a 12.7 0.0 0.00 1.6 16.0 5:00p WSW ------------------------------------------------------------------------------------- 59.0 84.9 17 39.1 4 259.8 75.1 0.47 1.4 20.0 2 NW Max >= 90.0: 0 Max <= 32.0: 0 Min <= 32.0: 0 Min <= 0.0: 0 Max Rain: 0.37 ON 03/25/04 Days of Rain: 2 (>.01 in) 1 (>.1 in) 0 (>1 in) Heat Base: 65.0 Cool Base: 65.0 Method: Integration

These reports are produced by WeatherLink V6.0.3.

deformed-offering