deformed-offering

NOAA-style climate reports

2018: Jan | Feb | Mar | Apr | May | Jun | Jul | Aug | Sep | Oct | Nov | Dec 
2017: Jan | Feb | Mar | Apr | May | Jun | Jul | Aug | Sep | Oct | Nov | Dec 
2016: Jan | Feb | Mar | Apr | May | Jun | Jul | Aug | Sep | Oct | Nov | Dec 
2015: Jan | Feb | Mar | Apr | May | Jun | Jul | Aug | Sep | Oct | Nov | Dec 
2014: Jan | Feb | Mar | Apr | May | Jun | Jul | Aug | Sep | Oct | Nov | Dec 
2013: Jan | Feb | Mar | Apr | May | Jun | Jul | Aug | Sep | Oct | Nov | Dec 
2012: Jan | Feb | Mar | Apr | May | Jun | Jul | Aug | Sep | Oct | Nov | Dec 
2011: Jan | Feb | Mar | Apr | May | Jun | Jul | Aug | Sep | Oct | Nov | Dec 
2010: Jan | Feb | Mar | Apr | May | Jun | Jul | Aug | Sep | Oct | Nov | Dec 
2009: Jan | Feb | Mar | Apr | May | Jun | Jul | Aug | Sep | Oct | Nov | Dec 
2008: Jan | Feb | Mar | Apr | May | Jun | Jul | Aug | Sep | Oct | Nov | Dec 
2007: Jan | Feb | Mar | Apr | May | Jun | Jul | Aug | Sep | Oct | Nov | Dec 
2006: Jan | Feb | Mar | Apr | May | Jun | Jul | Aug | Sep | Oct | Nov | Dec 
2005: Jan | Feb | Mar | Apr | May | Jun | Jul | Aug | Sep | Oct | Nov | Dec 
2004: Jan | Feb | Mar | Apr | May | Jun | Jul | Aug | Sep | Oct | Nov | Dec 

Report for 2004 02
MONTHLY CLIMATOLOGICAL SUMMARY for FEB. 2004 NAME: KCASARAT1 CITY: Saratoga STATE: CA ELEV: 375 ft LAT: 37 16' 28" N LONG: 22 01' 23" W TEMPERATURE (F), RAIN (in), WIND SPEED (mph) HEAT COOL AVG MEAN DEG DEG WIND DOM DAY TEMP HIGH TIME LOW TIME DAYS DAYS RAIN SPEED HIGH TIME DIR ------------------------------------------------------------------------------------ 1 2 3 4 5 6 7 46.1 52.3 5:55p 43.6 10:25p 5.1 0.0 0.00 0.0 2.0 11:35p WNW 8 49.9 61.9 2:45p 39.8 6:05a 15.1 0.0 0.00 1.2 13.0 10:20a NW 9 48.8 62.1 3:10p 39.4 5:40a 16.2 0.0 0.00 1.8 17.0 12:15p NW 10 48.9 64.3 3:25p 36.6 6:35a 16.1 0.0 0.00 0.5 8.0 9:30a WSW 11 48.3 63.7 2:25p 35.6 6:10a 16.7 0.0 0.00 0.5 10.0 4:15p NE 12 50.5 68.6 1:20p 36.3 7:15a 14.8 0.3 0.00 1.0 16.0 7:10p S 13 53.3 64.0 12:25p 41.3 2:30a 11.7 0.0 0.00 2.3 25.0 1:05p S 14 53.0 64.8 1:30p 42.2 5:40a 12.0 0.0 0.00 0.4 11.0 12:10a NW 15 54.9 67.9 11:50a 43.1 7:05a 10.2 0.1 0.00 1.7 20.0 11:20p S 16 55.5 59.8 7:15p 49.5 3:45a 9.5 0.0 0.30 4.6 34.0 1:10p E 17 59.4 64.2 1:40p 55.7 12:00m 5.6 0.0 0.76 9.8 47.0 2:20p SSW 18 53.2 60.2 1:05p 42.9 10:50p 11.8 0.0 0.14 2.7 21.0 2:30a NW 19 48.2 56.5 2:20p 39.6 3:50a 16.8 0.0 0.00 0.6 10.0 2:35p W 20 48.0 54.8 12:35p 41.8 11:40p 17.0 0.0 0.07 0.2 6.0 1:05p W 21 48.4 55.1 3:10p 41.3 12:20a 16.6 0.0 0.06 0.4 8.0 4:30p E 22 50.7 58.0 2:10p 43.2 11:55p 14.3 0.0 0.06 0.4 10.0 2:40p SW 23 50.4 61.8 1:35p 40.3 5:10a 14.6 0.0 0.00 1.0 11.0 11:05p S 24 53.9 61.6 1:20p 48.2 5:50a 11.1 0.0 0.08 3.0 21.0 8:15p ESE 25 54.1 57.5 2:50p 49.9 12:00m 10.9 0.0 2.43 5.6 31.0 8:45a S 26 48.3 56.3 3:35p 42.6 8:35p 16.7 0.0 0.42 1.3 21.0 1:05a SW 27 47.5 57.3 2:35p 41.9 10:50p 17.5 0.0 0.11 1.3 14.0 3:40p NW 28 48.5 60.2 1:50p 37.6 6:15a 16.5 0.0 0.00 1.5 13.0 2:30p W 29 48.9 58.3 12:30p 39.1 4:35a 16.1 0.0 0.00 0.8 11.0 3:55p WNW ------------------------------------------------------------------------------------- 50.8 68.6 12 35.6 11 312.9 0.4 4.43 1.9 47.0 17 NW Max >= 90.0: 0 Max <= 32.0: 0 Min <= 32.0: 0 Min <= 0.0: 0 Max Rain: 2.43 ON 02/25/04 Days of Rain: 10 (>.01 in) 6 (>.1 in) 1 (>1 in) Heat Base: 65.0 Cool Base: 65.0 Method: Integration

These reports are produced by WeatherLink V6.0.3.

deformed-offering