deformed-offering

NOAA-style climate reports

2018: Jan | Feb | Mar | Apr | May | Jun | Jul | Aug | Sep | Oct | Nov | Dec 
2017: Jan | Feb | Mar | Apr | May | Jun | Jul | Aug | Sep | Oct | Nov | Dec 
2016: Jan | Feb | Mar | Apr | May | Jun | Jul | Aug | Sep | Oct | Nov | Dec 
2015: Jan | Feb | Mar | Apr | May | Jun | Jul | Aug | Sep | Oct | Nov | Dec 
2014: Jan | Feb | Mar | Apr | May | Jun | Jul | Aug | Sep | Oct | Nov | Dec 
2013: Jan | Feb | Mar | Apr | May | Jun | Jul | Aug | Sep | Oct | Nov | Dec 
2012: Jan | Feb | Mar | Apr | May | Jun | Jul | Aug | Sep | Oct | Nov | Dec 
2011: Jan | Feb | Mar | Apr | May | Jun | Jul | Aug | Sep | Oct | Nov | Dec 
2010: Jan | Feb | Mar | Apr | May | Jun | Jul | Aug | Sep | Oct | Nov | Dec 
2009: Jan | Feb | Mar | Apr | May | Jun | Jul | Aug | Sep | Oct | Nov | Dec 
2008: Jan | Feb | Mar | Apr | May | Jun | Jul | Aug | Sep | Oct | Nov | Dec 
2007: Jan | Feb | Mar | Apr | May | Jun | Jul | Aug | Sep | Oct | Nov | Dec 
2006: Jan | Feb | Mar | Apr | May | Jun | Jul | Aug | Sep | Oct | Nov | Dec 
2005: Jan | Feb | Mar | Apr | May | Jun | Jul | Aug | Sep | Oct | Nov | Dec 
2004: Jan | Feb | Mar | Apr | May | Jun | Jul | Aug | Sep | Oct | Nov | Dec 

Report for 2004
ANNUAL CLIMATOLOGICAL SUMMARY NAME: KCASARAT1 CITY: Saratoga STATE: CA ELEV: 375 ft LAT: 37 16' 28" N LONG: 22 01' 23" W TEMPERATURE (F), HEAT BASE 65.0, COOL BASE 65.0 DEP. HEAT COOL MEAN MEAN FROM DEG DEG MAX MAX MIN MIN YR MO MAX MIN MEAN NORM DAYS DAYS HI DATE LOW DATE >=90 <=32 <=32 <=0 ------------------------------------------------------------------------------------ 04 1 04 2 60.5 42.2 50.8 -0.3 313 0 68.6 12 35.6 11 0 0 0 0 04 3 73.9 46.6 59.0 3.6 260 75 84.9 17 39.1 4 0 0 0 0 04 4 74.3 47.1 59.3 3.3 247 78 94.5 26 39.8 18 3 0 0 0 04 5 75.5 48.9 61.1 1.0 197 76 91.4 2 44.1 11 1 0 0 0 04 6 79.6 52.4 64.9 -0.1 124 121 98.5 15 46.2 8 1 0 0 0 04 7 82.4 56.5 67.6 0.3 77 158 91.4 21 50.4 15 1 0 0 0 04 8 83.1 57.3 68.5 1.2 66 175 98.0 28 51.4 6 5 0 0 0 04 9 83.5 53.8 67.3 0.8 111 180 98.7 8 44.9 20 6 0 0 0 04 10 71.6 48.7 58.8 -1.7 243 53 90.7 13 40.3 28 1 0 0 0 04 11 62.4 43.2 51.7 -2.3 402 2 70.4 2 30.7 30 0 0 1 0 04 12 59.3 41.5 49.5 -0.8 482 0 65.9 15 30.7 4 0 0 1 0 ------------------------------------------------------------------------------------ 73.6 49.1 60.1 0.5 2522 918 98.7 SEP 30.7 NOV 18 0 2 0 PRECIPITATION (in) DEP. MAX DAYS OF RAIN FROM OBS. OVER YR MO TOTAL NORM DAY DATE .01 .1 1 -------------------------------------------- 04 1 0.00 -1.60 0.00 1 0 0 0 04 2 4.43 1.13 2.43 25 10 6 1 04 3 0.47 -0.83 0.37 25 2 1 0 04 4 0.08 -1.62 0.03 16 3 0 0 04 5 0.08 -0.42 0.08 28 1 0 0 04 6 0.00 0.00 0.00 1 0 0 0 04 7 0.00 0.00 0.00 1 0 0 0 04 8 0.00 0.00 0.00 1 0 0 0 04 9 0.00 0.00 0.00 1 0 0 0 04 10 2.79 2.79 1.37 19 7 4 1 04 11 0.70 -1.80 0.16 11 7 2 0 04 12 5.92 -3.48 1.54 30 9 9 2 -------------------------------------------- 14.47 -5.83 2.43 FEB 39 22 4 WIND SPEED (mph) DOM YR MO AVG. HI DATE DIR --------------------------------- 04 1 04 2 1.9 47.0 17 NW 04 3 1.4 20.0 2 NW 04 4 1.7 27.0 1 NW 04 5 1.5 21.0 10 NW 04 6 1.5 20.0 8 N 04 7 1.5 21.0 8 N 04 8 1.4 17.0 15 N 04 9 1.1 18.0 17 NW 04 10 0.9 24.0 26 NW 04 11 0.9 22.0 28 NW 04 12 1.1 33.0 7 NW --------------------------------- 1.3 47.0 FEB NW

These reports are produced by WeatherLink V6.0.3.

deformed-offering