deformed-offering

NOAA-style climate reports

2020: Jan | Feb | Mar | Apr | May | Jun | Jul | Aug | Sep | Oct | Nov | Dec 
2019: Jan | Feb | Mar | Apr | May | Jun | Jul | Aug | Sep | Oct | Nov | Dec 
2018: Jan | Feb | Mar | Apr | May | Jun | Jul | Aug | Sep | Oct | Nov | Dec 
2017: Jan | Feb | Mar | Apr | May | Jun | Jul | Aug | Sep | Oct | Nov | Dec 
2016: Jan | Feb | Mar | Apr | May | Jun | Jul | Aug | Sep | Oct | Nov | Dec 
2015: Jan | Feb | Mar | Apr | May | Jun | Jul | Aug | Sep | Oct | Nov | Dec 
2014: Jan | Feb | Mar | Apr | May | Jun | Jul | Aug | Sep | Oct | Nov | Dec 
2013: Jan | Feb | Mar | Apr | May | Jun | Jul | Aug | Sep | Oct | Nov | Dec 
2012: Jan | Feb | Mar | Apr | May | Jun | Jul | Aug | Sep | Oct | Nov | Dec 
2011: Jan | Feb | Mar | Apr | May | Jun | Jul | Aug | Sep | Oct | Nov | Dec 
2010: Jan | Feb | Mar | Apr | May | Jun | Jul | Aug | Sep | Oct | Nov | Dec 
2009: Jan | Feb | Mar | Apr | May | Jun | Jul | Aug | Sep | Oct | Nov | Dec 
2008: Jan | Feb | Mar | Apr | May | Jun | Jul | Aug | Sep | Oct | Nov | Dec 
2007: Jan | Feb | Mar | Apr | May | Jun | Jul | Aug | Sep | Oct | Nov | Dec 
2006: Jan | Feb | Mar | Apr | May | Jun | Jul | Aug | Sep | Oct | Nov | Dec 
2005: Jan | Feb | Mar | Apr | May | Jun | Jul | Aug | Sep | Oct | Nov | Dec 
2004: Jan | Feb | Mar | Apr | May | Jun | Jul | Aug | Sep | Oct | Nov | Dec 

Report for 2020 10
MONTHLY CLIMATOLOGICAL SUMMARY for OCT. 2020 NAME: KCASARAT1 CITY: Saratoga STATE: CA ELEV: 375 ft LAT: 37 16' 28" N LONG: 122 01' 23" W TEMPERATURE (F), RAIN (in), WIND SPEED (mph) HEAT COOL AVG MEAN DEG DEG WIND DOM DAY TEMP HIGH TIME LOW TIME DAYS DAYS RAIN SPEED HIGH TIME DIR ------------------------------------------------------------------------------------ 1 74.6 93.2 3:55p 62.7 7:35a 0.3 9.9 0.00 0.5 10.0 3:40p N 2 74.0 93.6 3:35p 60.5 7:25a 0.8 9.8 0.00 0.6 11.0 4:05p N 3 71.0 91.2 4:40p 57.8 7:25a 2.1 8.2 0.00 0.5 8.0 2:05p NE 4 67.8 84.9 3:50p 55.1 7:10a 3.0 5.8 0.00 0.6 8.0 1:50p N 5 66.6 84.5 4:30p 53.3 5:30a 3.8 5.4 0.00 0.4 8.0 1:45p NNE 6 65.7 80.9 4:10p 53.3 7:15a 3.7 4.4 0.00 0.4 7.0 3:05p NNE 7 61.8 70.1 3:25p 57.0 7:50a 4.1 0.9 0.00 0.5 8.0 1:35p N 8 62.8 71.8 3:05p 58.7 12:05a 3.2 1.0 0.00 0.8 13.0 3:00p NE 9 63.9 72.1 4:10p 58.6 11:55p 2.6 1.5 0.00 0.6 8.0 3:15p NE 10 64.1 74.0 3:40p 55.7 3:45a 3.6 2.7 0.00 1.0 12.0 5:10p N 11 63.6 77.2 4:45p 53.3 7:20a 4.4 3.0 0.00 1.0 14.0 2:10p N 12 65.5 83.2 3:55p 53.3 6:30a 4.7 5.2 0.00 0.8 11.0 12:30p N 13 67.5 86.3 3:50p 53.5 7:15a 3.9 6.4 0.00 0.8 11.0 3:10p N 14 70.4 87.6 4:00p 57.5 7:25a 2.3 7.8 0.00 0.9 13.0 3:35p NNW 15 74.5 88.4 4:30p 63.4 3:10a 0.2 9.7 0.00 1.3 13.0 10:35a W 16 72.7 88.8 3:30p 59.2 7:50a 0.9 8.6 0.00 0.9 14.0 11:15a NNW 17 71.1 90.5 3:35p 57.6 7:35a 1.9 7.9 0.00 0.5 10.0 3:15p N 18 67.9 85.3 3:55p 55.7 7:25a 2.8 5.7 0.00 0.6 11.0 5:55p N 19 65.0 80.5 4:20p 52.8 7:10a 4.2 4.2 0.00 0.4 10.0 12:40p N 20 65.9 85.1 4:25p 52.5 7:25a 4.4 5.3 0.00 0.6 11.0 2:00p N 21 66.2 83.2 3:55p 53.2 7:50a 4.2 5.4 0.00 0.5 8.0 12:50p N 22 63.4 77.9 3:35p 52.6 7:40a 4.9 3.3 0.00 0.7 12.0 2:30p N 23 60.0 71.6 3:20p 51.7 3:30a 6.1 1.1 0.00 0.6 11.0 3:50p N 24 58.9 69.1 3:40p 50.2 7:45a 6.8 0.7 0.00 0.8 10.0 12:25p N 25 57.6 67.1 3:10p 50.5 6:55a 7.7 0.3 0.00 1.0 13.0 1:50p NNW 26 57.8 69.4 4:00p 50.1 8:05a 7.8 0.6 0.00 1.8 13.0 12:10a NW 27 58.6 73.9 2:55p 46.7 4:30a 8.5 2.1 0.00 1.2 16.0 1:25p WSW 28 57.2 73.7 4:25p 46.0 7:35a 9.3 1.5 0.00 0.4 6.0 11:25a N 29 57.6 74.4 4:25p 45.7 7:25a 9.2 1.8 0.00 0.5 8.0 2:20p NNE 30 51.0 66.8 1:30p 45.1 7:30a 7.9 0.0 0.00 0.3 7.0 12:20p N 31 ------------------------------------------------------------------------------------- 64.8 93.6 2 45.1 30 129.3 130.2 0.00 0.7 16.0 27 N Max >= 90.0: 4 Max <= 32.0: 0 Min <= 32.0: 0 Min <= 0.0: 0 Max Rain: 0.00 ON 10/01/20 Days of Rain: 0 (>.01 in) 0 (>.1 in) 0 (>1 in) Heat Base: 65.0 Cool Base: 65.0 Method: Integration

These reports are produced by WeatherLink V6.0.3.

deformed-offering