deformed-offering

NOAA-style climate reports

2017: Jan | Feb | Mar | Apr | May | Jun | Jul | Aug | Sep | Oct | Nov | Dec 
2016: Jan | Feb | Mar | Apr | May | Jun | Jul | Aug | Sep | Oct | Nov | Dec 
2015: Jan | Feb | Mar | Apr | May | Jun | Jul | Aug | Sep | Oct | Nov | Dec 
2014: Jan | Feb | Mar | Apr | May | Jun | Jul | Aug | Sep | Oct | Nov | Dec 
2013: Jan | Feb | Mar | Apr | May | Jun | Jul | Aug | Sep | Oct | Nov | Dec 
2012: Jan | Feb | Mar | Apr | May | Jun | Jul | Aug | Sep | Oct | Nov | Dec 
2011: Jan | Feb | Mar | Apr | May | Jun | Jul | Aug | Sep | Oct | Nov | Dec 
2010: Jan | Feb | Mar | Apr | May | Jun | Jul | Aug | Sep | Oct | Nov | Dec 
2009: Jan | Feb | Mar | Apr | May | Jun | Jul | Aug | Sep | Oct | Nov | Dec 
2008: Jan | Feb | Mar | Apr | May | Jun | Jul | Aug | Sep | Oct | Nov | Dec 
2007: Jan | Feb | Mar | Apr | May | Jun | Jul | Aug | Sep | Oct | Nov | Dec 
2006: Jan | Feb | Mar | Apr | May | Jun | Jul | Aug | Sep | Oct | Nov | Dec 
2005: Jan | Feb | Mar | Apr | May | Jun | Jul | Aug | Sep | Oct | Nov | Dec 
2004: Jan | Feb | Mar | Apr | May | Jun | Jul | Aug | Sep | Oct | Nov | Dec 

Report for 2017 06
MONTHLY CLIMATOLOGICAL SUMMARY for JUN. 2017 NAME: KCASARAT1 CITY: Saratoga STATE: CA ELEV: 375 ft LAT: 37 16' 28" N LONG: 122 01' 23" W TEMPERATURE (F), RAIN (in), WIND SPEED (mph) HEAT COOL AVG MEAN DEG DEG WIND DOM DAY TEMP HIGH TIME LOW TIME DAYS DAYS RAIN SPEED HIGH TIME DIR ------------------------------------------------------------------------------------ 1 65.2 76.1 3:45p 55.6 11:50p 3.0 3.2 0.00 1.9 14.0 4:10p N 2 64.9 83.0 3:50p 48.5 5:50a 5.0 4.9 0.00 1.6 12.0 1:40p N 3 64.6 79.4 2:40p 53.3 3:55a 4.1 3.8 0.00 1.7 13.0 2:45p N 4 63.3 77.7 1:15p 49.6 5:50a 5.3 3.6 0.00 1.6 14.0 1:55p N 5 63.7 83.4 2:50p 44.6 5:55a 6.4 5.1 0.00 1.5 13.0 3:20p N 6 63.0 76.7 1:20p 49.5 4:30a 5.0 3.0 0.00 1.6 12.0 12:55p N 7 62.8 77.0 2:15p 51.0 2:55a 4.5 2.4 0.00 1.5 12.0 3:00p N 8 63.2 69.1 1:10p 57.6 5:50a 2.6 0.8 0.01 2.6 17.0 11:25a ESE 9 60.5 66.6 5:10p 49.6 11:55p 4.5 0.1 0.11 1.4 14.0 6:40p N 10 58.7 71.5 3:35p 45.8 5:30a 7.5 1.2 0.00 2.9 18.0 11:40a NW 11 56.8 66.4 1:00p 46.2 5:05a 8.3 0.1 0.00 3.1 21.0 9:15a NW 12 58.1 70.8 2:30p 48.0 5:00a 7.7 0.7 0.00 2.0 16.0 4:55p W 13 61.9 79.0 3:35p 45.7 5:45a 6.8 3.7 0.00 1.8 14.0 3:10p N 14 65.8 85.5 3:10p 49.1 6:05a 5.0 5.8 0.00 1.7 14.0 3:45p N 15 67.5 83.4 2:10p 50.4 5:50a 4.0 6.5 0.00 2.0 17.0 6:30p N 16 72.9 89.9 2:00p 57.3 5:35a 1.7 9.6 0.00 1.7 14.0 3:15p N 17 75.6 93.4 4:15p 59.6 6:10a 0.9 11.4 0.00 1.5 11.0 12:25p N 18 82.6 102.0 3:20p 65.3 5:25a 0.0 17.6 0.00 1.3 12.0 4:55p N 19 79.6 97.3 1:10p 66.4 6:00a 0.0 14.6 0.00 1.4 12.0 2:20p N 20 74.0 90.7 1:05p 61.6 5:55a 0.4 9.4 0.00 1.6 12.0 2:10p N 21 74.0 92.9 3:05p 57.6 5:50a 1.7 10.7 0.00 1.3 12.0 4:55p N 22 79.8 99.9 2:50p 66.0 6:00a 0.0 14.8 0.00 1.5 11.0 2:50p N 23 71.7 85.7 2:10p 60.1 6:00a 0.7 7.4 0.00 1.7 11.0 2:25p N 24 68.5 81.6 2:40p 61.6 11:10p 1.0 4.5 0.00 1.9 12.0 3:30p N 25 66.3 75.6 2:55p 58.4 12:00m 1.8 3.2 0.00 1.9 13.0 2:55p N 26 66.0 76.5 3:40p 55.7 2:40a 2.6 3.6 0.00 2.0 14.0 1:35p N 27 66.4 75.4 3:10p 59.5 6:10a 1.6 2.7 0.00 2.3 13.0 1:15p N 28 29 30 ------------------------------------------------------------------------------------- 67.3 102.0 18 44.6 5 92.1 154.4 0.12 1.8 21.0 11 N Max >= 90.0: 6 Max <= 32.0: 0 Min <= 32.0: 0 Min <= 0.0: 0 Max Rain: 0.11 ON 06/09/17 Days of Rain: 1 (>.01 in) 1 (>.1 in) 0 (>1 in) Heat Base: 65.0 Cool Base: 65.0 Method: Integration

These reports are produced by WeatherLink V6.0.3.

deformed-offering