deformed-offering

NOAA-style climate reports

2021: Jan | Feb | Mar | Apr | May | Jun | Jul | Aug | Sep | Oct | Nov | Dec 
2020: Jan | Feb | Mar | Apr | May | Jun | Jul | Aug | Sep | Oct | Nov | Dec 
2019: Jan | Feb | Mar | Apr | May | Jun | Jul | Aug | Sep | Oct | Nov | Dec 
2018: Jan | Feb | Mar | Apr | May | Jun | Jul | Aug | Sep | Oct | Nov | Dec 
2017: Jan | Feb | Mar | Apr | May | Jun | Jul | Aug | Sep | Oct | Nov | Dec 
2016: Jan | Feb | Mar | Apr | May | Jun | Jul | Aug | Sep | Oct | Nov | Dec 
2015: Jan | Feb | Mar | Apr | May | Jun | Jul | Aug | Sep | Oct | Nov | Dec 
2014: Jan | Feb | Mar | Apr | May | Jun | Jul | Aug | Sep | Oct | Nov | Dec 
2013: Jan | Feb | Mar | Apr | May | Jun | Jul | Aug | Sep | Oct | Nov | Dec 
2012: Jan | Feb | Mar | Apr | May | Jun | Jul | Aug | Sep | Oct | Nov | Dec 
2011: Jan | Feb | Mar | Apr | May | Jun | Jul | Aug | Sep | Oct | Nov | Dec 
2010: Jan | Feb | Mar | Apr | May | Jun | Jul | Aug | Sep | Oct | Nov | Dec 
2009: Jan | Feb | Mar | Apr | May | Jun | Jul | Aug | Sep | Oct | Nov | Dec 
2008: Jan | Feb | Mar | Apr | May | Jun | Jul | Aug | Sep | Oct | Nov | Dec 
2007: Jan | Feb | Mar | Apr | May | Jun | Jul | Aug | Sep | Oct | Nov | Dec 
2006: Jan | Feb | Mar | Apr | May | Jun | Jul | Aug | Sep | Oct | Nov | Dec 
2005: Jan | Feb | Mar | Apr | May | Jun | Jul | Aug | Sep | Oct | Nov | Dec 
2004: Jan | Feb | Mar | Apr | May | Jun | Jul | Aug | Sep | Oct | Nov | Dec 

Report for 2021 01
MONTHLY CLIMATOLOGICAL SUMMARY for JAN. 2021 NAME: KCASARAT1 CITY: Saratoga STATE: CA ELEV: 375 ft LAT: 37 16' 28" N LONG: 122 01' 23" W TEMPERATURE (F), RAIN (in), WIND SPEED (mph) HEAT COOL AVG MEAN DEG DEG WIND DOM DAY TEMP HIGH TIME LOW TIME DAYS DAYS RAIN SPEED HIGH TIME DIR ------------------------------------------------------------------------------------ 1 46.2 59.3 3:20p 37.9 7:10a 18.7 0.0 0.00 0.3 7.0 11:50a ENE 2 51.0 57.0 2:55p 44.6 12:05a 13.9 0.0 0.00 0.2 7.0 12:25p ENE 3 50.3 58.0 3:10p 41.8 7:40a 14.7 0.0 0.00 0.3 7.0 2:40p NE 4 53.1 59.8 2:20p 43.9 12:00m 11.9 0.0 0.13 2.2 22.0 10:35a ESE 5 46.5 54.7 1:20p 40.1 11:55p 18.5 0.0 0.01 0.6 11.0 3:05p NNW 6 45.1 56.2 4:35p 36.3 6:20a 19.9 0.0 0.00 0.2 7.0 11:45a N 7 47.2 56.0 3:20p 41.5 3:10a 17.8 0.0 0.01 0.1 6.0 11:40a WNW 8 50.0 60.9 1:45p 43.1 8:00a 15.0 0.0 0.00 0.7 11.0 12:25p N 9 48.4 58.9 3:20p 41.1 11:50p 16.5 0.0 0.00 1.2 13.0 10:50a W 10 48.3 61.3 3:10p 38.0 4:50a 16.7 0.0 0.00 0.4 10.0 3:45p NE 11 49.0 60.1 3:05p 42.5 2:20a 16.0 0.0 0.00 0.5 10.0 12:35p N 12 51.6 61.0 3:25p 44.5 5:10a 13.4 0.0 0.00 0.3 10.0 1:20p NE 13 54.0 67.3 4:00p 44.5 7:45a 11.2 0.2 0.00 0.7 10.0 3:45p N 14 55.3 68.9 2:55p 46.1 7:10a 10.2 0.5 0.00 1.3 12.0 9:25a NNW 15 52.8 68.1 3:10p 42.2 7:25a 12.5 0.3 0.00 0.6 11.0 3:00p N 16 54.9 72.1 3:25p 45.4 5:00a 11.0 0.9 0.00 0.6 10.0 1:55p NNE 17 57.4 73.5 2:35p 47.0 6:20a 9.3 1.7 0.00 1.1 12.0 11:20a W 18 61.8 73.3 2:35p 52.9 1:00a 4.8 1.6 0.00 2.6 19.0 12:00m NW 19 55.9 64.2 2:45p 44.5 11:55p 9.1 0.0 0.00 5.6 36.0 7:00a N 20 49.7 65.5 2:25p 39.5 6:45a 15.3 0.0 0.00 0.9 11.0 12:00p NNW 21 48.0 63.7 1:45p 37.5 7:05a 17.0 0.0 0.00 0.6 10.0 2:25p NE 22 47.4 51.1 1:30p 42.6 12:05a 17.6 0.0 0.31 0.3 20.0 10:40a NNW 23 45.8 53.5 4:30p 39.2 11:55p 19.2 0.0 0.00 0.8 12.0 2:05p NW 24 43.5 50.8 2:05p 36.3 5:10a 21.5 0.0 0.18 0.9 22.0 11:25p WNW 25 45.1 51.6 1:35p 39.9 11:55p 19.9 0.0 0.00 4.7 25.0 3:10p NW 26 41.2 50.7 12:45p 32.2 7:20a 23.8 0.0 1.10 2.9 28.0 11:25p ESE 27 47.3 50.8 12:25p 44.8 12:05a 17.7 0.0 2.29 2.5 30.0 12:30a E 28 50.3 50.5 12:50a 49.9 2:00a 1.2 0.0 0.31 2.3 20.0 12:15a ESE 29 30 31 ------------------------------------------------------------------------------------- 49.9 73.5 17 32.2 26 414.3 5.2 4.34 1.3 36.0 19 NW Max >= 90.0: 0 Max <= 32.0: 0 Min <= 32.0: 0 Min <= 0.0: 0 Max Rain: 2.29 ON 01/27/21 Days of Rain: 6 (>.01 in) 6 (>.1 in) 2 (>1 in) Heat Base: 65.0 Cool Base: 65.0 Method: Integration

These reports are produced by WeatherLink V6.0.3.

deformed-offering