deformed-offering

NOAA-style climate reports

2018: Jan | Feb | Mar | Apr | May | Jun | Jul | Aug | Sep | Oct | Nov | Dec 
2017: Jan | Feb | Mar | Apr | May | Jun | Jul | Aug | Sep | Oct | Nov | Dec 
2016: Jan | Feb | Mar | Apr | May | Jun | Jul | Aug | Sep | Oct | Nov | Dec 
2015: Jan | Feb | Mar | Apr | May | Jun | Jul | Aug | Sep | Oct | Nov | Dec 
2014: Jan | Feb | Mar | Apr | May | Jun | Jul | Aug | Sep | Oct | Nov | Dec 
2013: Jan | Feb | Mar | Apr | May | Jun | Jul | Aug | Sep | Oct | Nov | Dec 
2012: Jan | Feb | Mar | Apr | May | Jun | Jul | Aug | Sep | Oct | Nov | Dec 
2011: Jan | Feb | Mar | Apr | May | Jun | Jul | Aug | Sep | Oct | Nov | Dec 
2010: Jan | Feb | Mar | Apr | May | Jun | Jul | Aug | Sep | Oct | Nov | Dec 
2009: Jan | Feb | Mar | Apr | May | Jun | Jul | Aug | Sep | Oct | Nov | Dec 
2008: Jan | Feb | Mar | Apr | May | Jun | Jul | Aug | Sep | Oct | Nov | Dec 
2007: Jan | Feb | Mar | Apr | May | Jun | Jul | Aug | Sep | Oct | Nov | Dec 
2006: Jan | Feb | Mar | Apr | May | Jun | Jul | Aug | Sep | Oct | Nov | Dec 
2005: Jan | Feb | Mar | Apr | May | Jun | Jul | Aug | Sep | Oct | Nov | Dec 
2004: Jan | Feb | Mar | Apr | May | Jun | Jul | Aug | Sep | Oct | Nov | Dec 

Report for 2018 06
MONTHLY CLIMATOLOGICAL SUMMARY for JUN. 2018 NAME: KCASARAT1 CITY: Saratoga STATE: CA ELEV: 375 ft LAT: 37 16' 28" N LONG: 122 01' 23" W TEMPERATURE (F), RAIN (in), WIND SPEED (mph) HEAT COOL AVG MEAN DEG DEG WIND DOM DAY TEMP HIGH TIME LOW TIME DAYS DAYS RAIN SPEED HIGH TIME DIR ------------------------------------------------------------------------------------ 1 62.5 80.7 3:55p 46.0 6:05a 7.0 4.5 0.00 1.6 16.0 2:55p N 2 72.4 93.4 4:30p 53.6 6:05a 3.3 10.8 0.00 1.3 14.0 4:00p N 3 72.3 90.5 2:55p 57.5 6:20a 1.5 8.8 0.00 1.2 12.0 3:35p N 4 66.1 77.7 3:05p 55.0 6:10a 3.0 4.1 0.00 1.5 13.0 4:40p N 5 61.3 74.6 1:25p 48.6 6:00a 6.2 2.5 0.00 1.4 13.0 2:15p N 6 58.4 68.4 2:55p 49.2 5:55a 7.1 0.5 0.00 2.3 18.0 11:15a NW 7 61.1 72.7 2:45p 48.9 6:00a 6.1 2.2 0.00 1.4 12.0 1:15p N 8 63.5 79.6 4:15p 49.1 5:30a 5.4 3.9 0.00 1.5 14.0 4:15p N 9 62.6 71.5 2:00p 53.9 12:00m 4.0 1.6 0.00 2.1 20.0 1:40p N 10 62.1 76.5 3:30p 48.9 6:25a 6.0 3.1 0.00 2.0 18.0 3:10p N 11 66.4 82.0 4:10p 50.8 6:00a 4.5 5.9 0.00 1.4 12.0 3:05p N 12 71.6 91.8 2:50p 55.4 6:15a 2.6 9.2 0.00 1.2 14.0 3:55p N 13 68.7 86.5 3:10p 53.5 6:10a 3.1 6.7 0.00 1.3 13.0 4:55p N 14 66.7 83.4 2:40p 52.2 6:10a 3.6 5.4 0.00 1.2 13.0 1:00p N 15 64.3 78.5 3:05p 52.2 6:05a 4.3 3.6 0.00 1.8 13.0 3:55p E 16 61.1 73.2 2:35p 50.4 5:55a 5.7 1.8 0.00 1.7 17.0 1:00p ESE 17 62.8 73.5 3:15p 51.4 5:40a 4.7 2.4 0.00 1.8 16.0 9:35a ESE 18 65.5 79.4 2:45p 54.2 6:15a 3.3 3.8 0.00 1.4 13.0 1:40p N 19 64.9 76.8 4:25p 56.5 2:00a 3.3 3.2 0.00 1.5 12.0 1:15p N 20 63.7 74.9 2:55p 56.5 1:35a 3.9 2.6 0.00 1.6 11.0 1:05p N 21 65.4 78.5 4:00p 55.3 6:15a 3.8 4.2 0.00 1.3 12.0 12:40p N 22 70.7 91.0 2:50p 52.8 5:45a 3.5 9.2 0.00 0.9 11.0 4:55p N 23 77.6 98.2 4:05p 57.5 6:10a 1.7 14.3 0.00 1.5 12.0 1:00p N 24 70.9 84.3 2:50p 59.2 6:05a 1.1 7.0 0.00 1.4 12.0 6:10p N 25 63.7 75.6 12:10p 58.0 6:10a 1.4 0.7 0.00 0.9 11.0 9:55a ESE 26 27 28 29 30 ------------------------------------------------------------------------------------- 65.9 98.2 23 46.0 1 100.1 122.0 0.00 1.5 20.0 9 N Max >= 90.0: 5 Max <= 32.0: 0 Min <= 32.0: 0 Min <= 0.0: 0 Max Rain: 0.00 ON 06/01/18 Days of Rain: 0 (>.01 in) 0 (>.1 in) 0 (>1 in) Heat Base: 65.0 Cool Base: 65.0 Method: Integration

These reports are produced by WeatherLink V6.0.3.

deformed-offering