deformed-offering

NOAA-style climate reports

2017: Jan | Feb | Mar | Apr | May | Jun | Jul | Aug | Sep | Oct | Nov | Dec 
2016: Jan | Feb | Mar | Apr | May | Jun | Jul | Aug | Sep | Oct | Nov | Dec 
2015: Jan | Feb | Mar | Apr | May | Jun | Jul | Aug | Sep | Oct | Nov | Dec 
2014: Jan | Feb | Mar | Apr | May | Jun | Jul | Aug | Sep | Oct | Nov | Dec 
2013: Jan | Feb | Mar | Apr | May | Jun | Jul | Aug | Sep | Oct | Nov | Dec 
2012: Jan | Feb | Mar | Apr | May | Jun | Jul | Aug | Sep | Oct | Nov | Dec 
2011: Jan | Feb | Mar | Apr | May | Jun | Jul | Aug | Sep | Oct | Nov | Dec 
2010: Jan | Feb | Mar | Apr | May | Jun | Jul | Aug | Sep | Oct | Nov | Dec 
2009: Jan | Feb | Mar | Apr | May | Jun | Jul | Aug | Sep | Oct | Nov | Dec 
2008: Jan | Feb | Mar | Apr | May | Jun | Jul | Aug | Sep | Oct | Nov | Dec 
2007: Jan | Feb | Mar | Apr | May | Jun | Jul | Aug | Sep | Oct | Nov | Dec 
2006: Jan | Feb | Mar | Apr | May | Jun | Jul | Aug | Sep | Oct | Nov | Dec 
2005: Jan | Feb | Mar | Apr | May | Jun | Jul | Aug | Sep | Oct | Nov | Dec 
2004: Jan | Feb | Mar | Apr | May | Jun | Jul | Aug | Sep | Oct | Nov | Dec 

Report for 2017 04
MONTHLY CLIMATOLOGICAL SUMMARY for APR. 2017 NAME: KCASARAT1 CITY: Saratoga STATE: CA ELEV: 375 ft LAT: 37 16' 28" N LONG: 122 01' 23" W TEMPERATURE (F), RAIN (in), WIND SPEED (mph) HEAT COOL AVG MEAN DEG DEG WIND DOM DAY TEMP HIGH TIME LOW TIME DAYS DAYS RAIN SPEED HIGH TIME DIR ------------------------------------------------------------------------------------ 1 60.8 77.7 4:25p 45.8 4:55a 7.6 3.4 0.00 1.6 13.0 1:45p SSW 2 61.4 77.2 4:40p 48.3 4:50a 6.6 3.0 0.00 1.6 16.0 2:45p N 3 57.4 73.9 3:15p 43.2 6:40a 9.4 1.8 0.00 1.6 14.0 3:15p N 4 58.0 75.3 2:15p 41.1 4:45a 9.2 2.2 0.00 1.3 12.0 3:45p N 5 61.7 78.8 3:35p 49.2 6:55a 6.2 2.9 0.00 1.2 12.0 4:45p S 6 57.1 68.4 3:35p 47.6 9:00p 8.0 0.1 0.68 4.5 39.0 7:05p ESE 7 56.3 63.5 3:35p 50.7 2:45a 8.7 0.0 1.10 3.8 30.0 11:00p S 8 49.3 58.3 3:35p 40.8 11:40p 15.7 0.0 0.35 2.2 19.0 1:15p W 9 49.8 64.3 3:15p 38.3 5:50a 15.2 0.0 0.00 1.5 14.0 3:15p SW 10 54.0 68.9 2:30p 39.1 6:05a 11.4 0.4 0.00 1.5 12.0 4:10p NE 11 58.5 68.4 1:45p 52.5 2:35a 6.7 0.2 0.00 3.1 24.0 3:00p ESE 12 59.1 67.8 4:00p 53.8 11:05p 6.1 0.2 0.24 3.1 24.0 5:10p ESE 13 53.0 61.6 2:45p 43.2 11:40p 12.0 0.0 0.24 2.2 18.0 2:55p W 14 52.0 63.5 4:10p 41.8 7:00a 13.0 0.0 0.00 3.2 17.0 10:05a NW 15 55.3 70.3 4:25p 40.6 6:40a 10.5 0.8 0.00 1.4 10.0 11:55a WSW 16 53.8 58.9 12:10p 48.8 2:05a 11.2 0.0 0.07 3.8 21.0 1:35p E 17 57.1 63.4 12:55p 52.6 3:15a 7.9 0.0 0.11 0.9 14.0 12:40a ESE 18 57.1 68.3 4:20p 47.0 12:00m 8.2 0.3 0.06 1.2 12.0 5:10p WNW 19 56.8 73.2 3:45p 42.2 6:10a 9.4 1.2 0.00 1.8 19.0 4:50p SSW 20 59.1 69.3 4:40p 50.2 12:00m 6.5 0.6 0.06 2.1 16.0 4:40p N 21 61.2 77.6 4:15p 45.8 6:40a 7.1 3.3 0.00 1.9 14.0 10:50a N 22 57.7 70.8 12:35p 44.9 5:50a 8.1 0.8 0.00 1.6 17.0 6:55p N 23 56.0 69.1 2:45p 45.8 6:25a 9.4 0.4 0.00 2.7 19.0 3:25p W 24 56.0 65.5 2:55p 47.4 3:55a 9.0 0.0 0.00 1.8 13.0 1:00p W 25 48.9 49.9 12:05a 48.0 1:25a 1.0 0.0 0.00 0.1 2.0 12:05a W 26 27 28 29 30 ------------------------------------------------------------------------------------- 56.3 78.8 5 38.3 9 224.1 21.6 2.91 2.1 39.0 6 N Max >= 90.0: 0 Max <= 32.0: 0 Min <= 32.0: 0 Min <= 0.0: 0 Max Rain: 1.10 ON 04/07/17 Days of Rain: 9 (>.01 in) 6 (>.1 in) 1 (>1 in) Heat Base: 65.0 Cool Base: 65.0 Method: Integration

These reports are produced by WeatherLink V6.0.3.

deformed-offering